This is the mail archive of the
gcc-testresults@gcc.gnu.org
mailing list for the GCC project.
Results for 3.4 20030627 (experimental) testsuite on i686-suse-linux-gnu
- From: Andreas Jaeger <aj at suse dot de>
- To: gcc-testresults at gcc dot gnu dot org
- Date: Sat, 28 Jun 2003 04:31:09 UT
- Subject: Results for 3.4 20030627 (experimental) testsuite on i686-suse-linux-gnu
Bootstrap and regtesting on i686-suse-linux-gnu.
CVS sources: mainline.
LAST_UPDATED: Fri Jun 27 16:41:55 UTC 2003
Native configuration is i686-suse-linux-gnu
=== g++ tests ===
Running target unix
FAIL: g++.dg/eh/simd-2.C (test for excess errors)
WARNING: g++.dg/eh/simd-2.C compilation failed to produce executable
FAIL: g++.dg/ext/pretty1.C scan-assembler top level
FAIL: g++.dg/ext/pretty2.C (test for excess errors)
WARNING: g++.dg/ext/pretty2.C compilation failed to produce executable
FAIL: g++.dg/init/array10.C (test for excess errors)
WARNING: g++.old-deja/g++.mike/p10769a.C compilation failed to produce executable
WARNING: g++.old-deja/g++.other/enum5.C compilation failed to produce executable
XPASS: g++.old-deja/g++.other/init5.C execution test
WARNING: g++.old-deja/g++.pt/friend44.C compilation failed to produce executable
=== g++ Summary ===
# of expected passes 8655
# of unexpected failures 4
# of unexpected successes 1
# of expected failures 66
# of unsupported tests 15
/builds/gcc/misc/gcc/testsuite/../g++ version 3.4 20030627 (experimental)
=== g77 tests ===
Running target unix
FAIL: g77.f-torture/execute/980520-1.f compilation, -O0
=== g77 Summary ===
# of expected passes 1758
# of unexpected failures 1
# of untested testcases 1
/builds/gcc/misc/gcc/testsuite/../g77 version 3.4 20030627 (experimental)
=== gcc tests ===
Running target unix
XPASS: gcc.dg/cpp/cmdlne-dI-M.c scan-file (^|\\n)cmdlne-dI-M.*:[^\\n]*cmdlne-dI-M.c
XPASS: gcc.dg/cpp/cmdlne-dM-M.c scan-file (^|\\n)cmdlne-dM-M[^\\n]*:[^\\n]*cmdlne-dM-M.c
FAIL: gcc.dg/warn-1.c (test for warnings, line 15)
FAIL: gcc.dg/pch/common-1.c -O3 -fomit-frame-pointer assembly comparison
FAIL: gcc.dg/pch/common-1.c -O3 -g assembly comparison
FAIL: gcc.dg/pch/inline-1.c -O3 -fomit-frame-pointer assembly comparison
FAIL: gcc.dg/pch/inline-1.c -O3 -g assembly comparison
=== gcc Summary ===
# of expected passes 23699
# of unexpected failures 5
# of unexpected successes 2
# of expected failures 73
# of unsupported tests 132
/builds/gcc/misc/gcc/xgcc version 3.4 20030627 (experimental)
=== objc tests ===
Running target unix
=== objc Summary ===
# of expected passes 1156
/builds/gcc/misc/gcc/xgcc version 3.4 20030627 (experimental)
=== treelang tests ===
Running target unix
FAIL: gcc 01 01 rc!=0
=== treelang Summary ===
# of unexpected failures 1
=== libjava tests ===
Running target unix
=== libjava Summary ===
# of expected passes 3055
# of expected failures 16
# of untested testcases 12
=== libstdc++-v3 tests ===
Running target unix
FAIL: 22_locale/messages/members/char/1.cc execution test
FAIL: 22_locale/messages/members/char/2.cc execution test
FAIL: 22_locale/messages/members/char/wrapped_env.cc execution test
FAIL: 22_locale/messages/members/char/wrapped_locale.cc execution test
FAIL: 22_locale/messages_byname/1.cc execution test
XPASS: 26_numerics/c99_classification_macros_c.cc (test for excess errors)
=== libstdc++-v3 Summary ===
# of expected passes 1977
# of unexpected failures 5
# of unexpected successes 1
Compiler version: 3.4 20030627 (experimental)
Platform: i686-suse-linux-gnu
configure flags: --prefix=/opt/gcc/3.4-devel --disable-nls --enable-threads=posix --enable-clocale=gnu --enable-__cxa_atexit --enable-shared --enable-languages=c,c++,ada,treelang,java,f77,objc --enable-checking=misc,tree,rtl,gc,rtlflag --with-system-zlib i686-suse-linux-gnu
Result of check-abi invocation
Makefile:495: warning: overriding commands for target `check-am'
Makefile:408: warning: ignoring old commands for target `check-am'
=== libstdc++-v3 check-abi Summary ===
# of added symbols: 111
# of missing symbols: 173
# of incompatible symbols: 177
using: /cvs/gcc/libstdc++-v3/config/abi/i486-linux-gnu/baseline_symbols.txt