This is the mail archive of the
gcc-testresults@gcc.gnu.org
mailing list for the GCC project.
Results for 3.3.1 20030625 (prerelease) testsuite on sparc-sun-solaris2.7
- From: "Kaveh R. Ghazi" <ghazi at caip dot rutgers dot edu>
- To: gcc-testresults at gcc dot gnu dot org
- Date: Wed, 25 Jun 2003 22:39:27 -0400 (EDT)
- Subject: Results for 3.3.1 20030625 (prerelease) testsuite on sparc-sun-solaris2.7
LAST_UPDATED:
Native configuration is sparc-sun-solaris2.7
=== g++ tests ===
Running target unix
=== g++ Summary ===
# of expected passes 7961
# of expected failures 100
# of untested testcases 21
# of unsupported tests 16
/teal/tmpdisk/ghazi/gcc-testing/33/build/gcc/testsuite/../g++ version 3.3.1 20030625 (prerelease)
=== g77 tests ===
Running target unix
=== g77 Summary ===
# of expected passes 1686
# of unsupported tests 8
/teal/tmpdisk/ghazi/gcc-testing/33/build/gcc/testsuite/../g77 version 3.3.1 20030625 (prerelease)
=== gcc tests ===
Running target unix
WARNING: gcc.dg/20021014-1.c compilation failed to produce executable
FAIL: gcc.dg/duff-2.c (test for excess errors)
=== gcc Summary ===
# of expected passes 20849
# of unexpected failures 1
# of expected failures 67
# of unsupported tests 163
/teal/tmpdisk/ghazi/gcc-testing/33/build/gcc/xgcc version 3.3.1 20030625 (prerelease)
=== objc tests ===
Running target unix
=== objc Summary ===
# of expected passes 1153
/teal/tmpdisk/ghazi/gcc-testing/33/build/gcc/xgcc version 3.3.1 20030625 (prerelease)
=== libstdc++-v3 tests ===
Running target unix
WARNING: program timed out.
FAIL: thread/pthread4.cc execution test
=== libstdc++-v3 Summary ===
# of expected passes 428
# of unexpected failures 1
# of expected failures 18
Compiler version: 3.3.1 20030625 (prerelease)
Platform: sparc-sun-solaris2.7
configure flags: --host=sparc-sun-solaris2.7 --verbose --enable-languages=c,objc,c++,f77