This is the mail archive of the
gcc-testresults@gcc.gnu.org
mailing list for the GCC project.
Results for 3.4 20030624 (experimental) testsuite on i686-suse8-linux-gnu
- From: Manfred Hollstein <manfred dot h at gmx dot net>
- To: gcc-testresults at gcc dot gnu dot org
- Date: Tue, 24 Jun 2003 17:25:53 +0200
- Subject: Results for 3.4 20030624 (experimental) testsuite on i686-suse8-linux-gnu
- Reply-to: Manfred Hollstein <manfred dot h at gmx dot net>
Compiler version: 3.4 20030624 (experimental)
Platform: i686-suse8-linux-gnu
Sources: HEAD as of 2003/06/24 14:21:52 +0200
LAST_UPDATED: Tue Jun 24 12:21:52 UTC 2003
Patches: [1] `PATCH: Fix to successfully build libjava as a shared library'
<http://gcc.gnu.org/ml/gcc-patches/2001-09/msg00714.html>
Environment: - autoconf-2.13 (FSF release)
- automake-1.7.2-32
- binutils-2.14 (FSF release)
- dejagnu-1.4.3-91
- expect-5.38-28
- SuSE Linux 8.2 + recommended updates as of today
- Linux version 2.4.20-4GB (root@Pentium.suse.de) (gcc version 3.3 20030226 (prerelease) (SuSE Linux)) #1 Wed Jun 18 07:45:45 UTC 2003
- glibc-2.3.2-6
Remarks: None.
configure flags: --host=i686-suse8-linux-gnu --target=i686-suse8-linux-gnu --build=i686-suse8-linux-gnu --srcdir=../gcc-20030624 --prefix=/opt/gnu --exec-prefix=/opt/gnu/H-ia32-linux --with-gnu-as --with-gnu-ld --enable-__cxa_atexit --disable-checking --enable-clocale=gnu --enable-interpreter --enable-shared --enable-threads=posix --with-system-zlib --with-local-prefix=/opt/gnu --enable-nls --verbose
BOOT_CC: gcc (GCC) 3.3
BOOT_CFLAGS: -O2 -g
CFLAGS: -O2 -g
CXXFLAGS: -O2 -g
GCJFLAGS: -O2 -g
Native configuration is i686-suse8-linux-gnu
=== g++ tests ===
Running target unix
FAIL: g++.dg/eh/simd-2.C (test for excess errors)
WARNING: g++.dg/eh/simd-2.C compilation failed to produce executable
FAIL: g++.dg/ext/pretty1.C scan-assembler top level
FAIL: g++.dg/ext/pretty2.C (test for excess errors)
WARNING: g++.dg/ext/pretty2.C compilation failed to produce executable
FAIL: g++.dg/init/array10.C (test for excess errors)
WARNING: g++.old-deja/g++.mike/p10769a.C compilation failed to produce executable
WARNING: g++.old-deja/g++.other/enum5.C compilation failed to produce executable
XPASS: g++.old-deja/g++.other/init5.C execution test
WARNING: g++.old-deja/g++.pt/friend44.C compilation failed to produce executable
=== g++ Summary ===
# of expected passes 8650
# of unexpected failures 4
# of unexpected successes 1
# of expected failures 67
# of unsupported tests 15
/home/gnu/work/GNU/gcc-20030624-i686-suse8-linux-gnu/gcc/testsuite/../g++ version 3.4 20030624 (experimental)
=== g77 tests ===
Running target unix
FAIL: g77.f-torture/compile/20010321-1.f, -O0
FAIL: g77.f-torture/compile/20010321-1.f, -O1
FAIL: g77.f-torture/compile/20010321-1.f, -O2
FAIL: g77.f-torture/compile/20010321-1.f, -O3 -fomit-frame-pointer
FAIL: g77.f-torture/compile/20010321-1.f, -O3 -g
FAIL: g77.f-torture/compile/20010321-1.f, -Os
FAIL: g77.f-torture/execute/980520-1.f compilation, -O0
=== g77 Summary ===
# of expected passes 1752
# of unexpected failures 7
# of untested testcases 1
/home/gnu/work/GNU/gcc-20030624-i686-suse8-linux-gnu/gcc/testsuite/../g77 version 3.4 20030624 (experimental)
=== gcc tests ===
Running target unix
FAIL: gcc.dg/attr-used.c scan-assembler function_declaration_after
FAIL: gcc.dg/warn-1.c (test for warnings, line 15)
FAIL: gcc.dg/pch/inline-1.c -O3 -fomit-frame-pointer assembly comparison
FAIL: gcc.dg/pch/inline-1.c -O3 -g assembly comparison
=== gcc Summary ===
# of expected passes 23406
# of unexpected failures 4
# of expected failures 75
# of unsupported tests 132
/home/gnu/work/GNU/gcc-20030624-i686-suse8-linux-gnu/gcc/xgcc version 3.4 20030624 (experimental)
=== objc tests ===
Running target unix
=== objc Summary ===
# of expected passes 1156
/home/gnu/work/GNU/gcc-20030624-i686-suse8-linux-gnu/gcc/xgcc version 3.4 20030624 (experimental)
=== libjava tests ===
Running target unix
FAIL: cxxtest output
=== libjava Summary ===
# of expected passes 3054
# of unexpected failures 1
# of expected failures 16
# of untested testcases 12
=== libstdc++-v3 tests ===
Running target unix
XPASS: 26_numerics/c99_classification_macros_c.cc (test for excess errors)
=== libstdc++-v3 Summary ===
# of expected passes 1970
# of unexpected successes 1
Counting all warnings,
there are 16 warnings in stage3 of this bootstrap.
Number of warnings per file:
4 insn-conditions.c
3 gcc/gcc.c
2 gcc/objc/lang-specs.h
2 gcc/f/sta.c
2 gcc/crtstuff.c
1 gcc/java/jvspec.c
1 gcc/config/i386/i386.md
1 gcc/ada/tracebak.c
Number of warning types:
10 string length `???' is greater than the length `???' ISO C89 compilers are required to support
2 passing arg ??? of `???' discards qualifiers from pointer target type
2 dereferencing type-punned pointer will break strict-aliasing rules
1 operand 1 missing mode?
1 comparison of unsigned expression < 0 is always false