This is the mail archive of the
gcc-testresults@gcc.gnu.org
mailing list for the GCC project.
Results for 3.4 20030620 (experimental) testsuite on sparc64-sun-solaris2.7
- From: "Kaveh R. Ghazi" <ghazi at caip dot rutgers dot edu>
- To: gcc-testresults at gcc dot gnu dot org
- Date: Sat, 21 Jun 2003 00:10:32 -0400 (EDT)
- Subject: Results for 3.4 20030620 (experimental) testsuite on sparc64-sun-solaris2.7
LAST_UPDATED:
Native configuration is sparc64-sun-solaris2.7
=== g++ tests ===
Running target unix
FAIL: g++.dg/eh/simd-1.C (test for excess errors)
WARNING: g++.dg/eh/simd-1.C compilation failed to produce executable
FAIL: g++.dg/eh/simd-2.C (test for excess errors)
WARNING: g++.dg/eh/simd-2.C compilation failed to produce executable
FAIL: g++.dg/ext/pretty1.C scan-assembler top level
FAIL: g++.dg/ext/pretty2.C (test for excess errors)
WARNING: g++.dg/ext/pretty2.C compilation failed to produce executable
FAIL: g++.dg/init/array10.C (test for excess errors)
FAIL: g++.dg/parse/stack1.C (test for excess errors)
FAIL: g++.dg/special/conpr-4.C execution test
WARNING: g++.old-deja/g++.mike/p10769a.C compilation failed to produce executable
FAIL: g++.old-deja/g++.other/comdat1.C (test for excess errors)
WARNING: g++.old-deja/g++.other/comdat1.C compilation failed to produce executable
FAIL: g++.old-deja/g++.other/comdat2.C (test for excess errors)
WARNING: g++.old-deja/g++.other/comdat2.C compilation failed to produce executable
FAIL: g++.old-deja/g++.other/comdat3.C (test for excess errors)
WARNING: g++.old-deja/g++.other/comdat3.C compilation failed to produce executable
FAIL: g++.old-deja/g++.other/crash34.C (test for excess errors)
FAIL: g++.old-deja/g++.other/ctor1.C (test for excess errors)
WARNING: g++.old-deja/g++.other/ctor1.C compilation failed to produce executable
WARNING: g++.old-deja/g++.other/enum5.C compilation failed to produce executable
WARNING: g++.old-deja/g++.pt/friend44.C compilation failed to produce executable
FAIL: g++.old-deja/g++.pt/instantiate5.C (test for excess errors)
=== g++ Summary ===
# of expected passes 8555
# of unexpected failures 13
# of expected failures 71
# of unsupported tests 44
/teal/tmpdisk/ghazi/gcc-testing/v9-34/build/gcc/testsuite/../g++ version 3.4 20030620 (experimental)
=== g77 tests ===
Running target unix
FAIL: g77.f-torture/compile/20010321-1.f, -O0
FAIL: g77.f-torture/compile/20010321-1.f, -O1
FAIL: g77.f-torture/compile/20010321-1.f, -O2
FAIL: g77.f-torture/compile/20010321-1.f, -O3 -fomit-frame-pointer
FAIL: g77.f-torture/compile/20010321-1.f, -O3 -g
FAIL: g77.f-torture/compile/20010321-1.f, -Os
FAIL: g77.f-torture/execute/980520-1.f compilation, -O0
=== g77 Summary ===
# of expected passes 1740
# of unexpected failures 7
# of untested testcases 1
# of unsupported tests 6
/teal/tmpdisk/ghazi/gcc-testing/v9-34/build/gcc/testsuite/../g77 version 3.4 20030620 (experimental)
=== gcc tests ===
Running target unix
FAIL: gcc.c-torture/compile/simd-5.c (test for excess errors)
FAIL: gcc.c-torture/compile/simd-5.c (test for excess errors)
FAIL: gcc.c-torture/compile/simd-5.c (test for excess errors)
FAIL: gcc.c-torture/compile/simd-5.c (test for excess errors)
FAIL: gcc.c-torture/compile/simd-5.c (test for excess errors)
FAIL: gcc.c-torture/compile/simd-5.c (test for excess errors)
FAIL: gcc.c-torture/execute/simd-4.c compilation, -O0
UNRESOLVED: gcc.c-torture/execute/simd-4.c execution, -O0
FAIL: gcc.c-torture/execute/simd-4.c compilation, -O1
UNRESOLVED: gcc.c-torture/execute/simd-4.c execution, -O1
FAIL: gcc.c-torture/execute/simd-4.c compilation, -O2
UNRESOLVED: gcc.c-torture/execute/simd-4.c execution, -O2
FAIL: gcc.c-torture/execute/simd-4.c compilation, -Os
UNRESOLVED: gcc.c-torture/execute/simd-4.c execution, -Os
FAIL: gcc.dg/compat/scalar-by-value-3 c_compat_x_tst.o-c_compat_y_tst.o execute
FAIL: gcc.dg/compat/scalar-return-3 c_compat_x_tst.o-c_compat_y_tst.o execute
FAIL: gcc.dg/cpp/19990228-1.c scan-file-not [^\\n]#
FAIL: gcc.dg/cpp/_Pragma4.c scan-file (^|\\n)#pragma bar(\$|\\n)
FAIL: gcc.dg/cpp/avoidpaste2.c scan-file (^|\\n): : : - > - >
FAIL: gcc.dg/cpp/avoidpaste2.c scan-file (^|\\n):2: :22 22:
FAIL: gcc.dg/cpp/cmdlne-dD-dM.c scan-file (^|\\n)#define foo bar(\$|\\n)
FAIL: gcc.dg/cpp/cmdlne-dM-M.c scan-file (^|\\n)#define foo bar(\$|\\n)
FAIL: gcc.dg/cpp/cmdlne-dM-dD.c scan-file (^|\\n)#define foo bar(\$|\\n)
FAIL: gcc.dg/cpp/maccom1.c scan-file (^|\\n)passed
FAIL: gcc.dg/debug/debug-1.c scan-assembler xyzzy
FAIL: gcc.dg/debug/debug-1.c scan-assembler xyzzy
FAIL: gcc.dg/debug/debug-1.c scan-assembler xyzzy
FAIL: gcc.dg/debug/debug-1.c scan-assembler xyzzy
FAIL: gcc.dg/debug/debug-1.c scan-assembler xyzzy
FAIL: gcc.dg/debug/debug-1.c scan-assembler xyzzy
FAIL: gcc.dg/debug/debug-2.c scan-assembler xyzzy
FAIL: gcc.dg/debug/debug-2.c scan-assembler xyzzy
FAIL: gcc.dg/debug/debug-2.c scan-assembler xyzzy
FAIL: gcc.dg/debug/debug-2.c scan-assembler xyzzy
FAIL: gcc.dg/debug/debug-2.c scan-assembler xyzzy
FAIL: gcc.dg/debug/debug-2.c scan-assembler xyzzy
WARNING: gcc.dg/20021014-1.c compilation failed to produce executable
FAIL: gcc.dg/builtins-18.c (test for excess errors)
FAIL: gcc.dg/builtins-20.c (test for excess errors)
ERROR: gcc.dg/const-elim-2.c: error executing dg-final: bad switch "-inline": must be -indices, -nocase, or --
UNRESOLVED: gcc.dg/const-elim-2.c: error executing dg-final: bad switch "-inline": must be -indices, -nocase, or --
XPASS: gcc.dg/uninit-4.c uninitialized variable warning (test for bogus messages, line 26)
FAIL: gcc.dg/warn-1.c (test for warnings, line 15)
UNRESOLVED: gcc.dg/special/20000419-2.c
UNRESOLVED: gcc.dg/special/alias-1.c
UNRESOLVED: gcc.dg/special/alias-2.c
UNRESOLVED: gcc.dg/special/wkali-1.c
=== gcc Summary ===
# of expected passes 22372
# of unexpected failures 35
# of unexpected successes 1
# of expected failures 76
# of unresolved testcases 9
# of unsupported tests 241
/teal/tmpdisk/ghazi/gcc-testing/v9-34/build/gcc/xgcc version 3.4 20030620 (experimental)
=== objc tests ===
Running target unix
=== objc Summary ===
# of expected passes 1156
/teal/tmpdisk/ghazi/gcc-testing/v9-34/build/gcc/xgcc version 3.4 20030620 (experimental)
=== libstdc++-v3 tests ===
Running target unix
FAIL: 27_io/basic_istringstream/rdbuf/char/2832.cc (test for excess errors)
WARNING: 27_io/basic_istringstream/rdbuf/char/2832.cc compilation failed to produce executable
=== libstdc++-v3 Summary ===
# of expected passes 1496
# of unexpected failures 1
# of expected failures 1
Compiler version: 3.4 20030620 (experimental)
Platform: sparc64-sun-solaris2.7
configure flags: --verbose --enable-languages=c,objc,c++,f77 sparc64-sun-solaris2.7