This is the mail archive of the
gcc-testresults@gcc.gnu.org
mailing list for the GCC project.
Results for 3.3.1 20030618 (prerelease) testsuite on sparc-sun-solaris2.7
- From: "Kaveh R. Ghazi" <ghazi at caip dot rutgers dot edu>
- To: gcc-testresults at gcc dot gnu dot org
- Date: Thu, 19 Jun 2003 01:51:41 -0400 (EDT)
- Subject: Results for 3.3.1 20030618 (prerelease) testsuite on sparc-sun-solaris2.7
LAST_UPDATED:
Native configuration is sparc-sun-solaris2.7
=== g++ tests ===
Running target unix/-m64
=== g++ Summary for unix/-m64 ===
# of expected passes 7941
# of expected failures 101
# of untested testcases 21
# of unsupported tests 16
Running target unix/-fPIC
=== g++ Summary for unix/-fPIC ===
# of expected passes 7942
# of expected failures 100
# of untested testcases 21
# of unsupported tests 16
Running target unix/-fpic
=== g++ Summary for unix/-fpic ===
# of expected passes 7942
# of expected failures 100
# of untested testcases 21
# of unsupported tests 16
Running target unix
=== g++ Summary for unix ===
# of expected passes 7942
# of expected failures 100
# of untested testcases 21
# of unsupported tests 16
=== g++ Summary ===
# of expected passes 31767
# of expected failures 401
# of untested testcases 84
# of unsupported tests 64
/teal/tmpdisk/ghazi/gcc-testing/33/build/gcc/testsuite/../g++ version 3.3.1 20030618 (prerelease)
=== g77 tests ===
Running target unix/-m64
=== g77 Summary for unix/-m64 ===
# of expected passes 1686
# of unsupported tests 8
Running target unix/-fPIC
=== g77 Summary for unix/-fPIC ===
# of expected passes 1686
# of unsupported tests 8
Running target unix/-fpic
=== g77 Summary for unix/-fpic ===
# of expected passes 1686
# of unsupported tests 8
Running target unix
=== g77 Summary for unix ===
# of expected passes 1686
# of unsupported tests 8
=== g77 Summary ===
# of expected passes 6744
# of unsupported tests 32
/teal/tmpdisk/ghazi/gcc-testing/33/build/gcc/testsuite/../g77 version 3.3.1 20030618 (prerelease)
=== gcc tests ===
Running target unix/-m64
WARNING: gcc.dg/20021014-1.c compilation failed to produce executable
FAIL: gcc.dg/duff-2.c (test for excess errors)
FAIL: gcc.dg/sparc-ret.c (test for excess errors)
ERROR: gcc.dg/sparc-ret.c: error executing dg-final: couldn't open "sparc-ret.s": no such file or directory
UNRESOLVED: gcc.dg/sparc-ret.c: error executing dg-final: couldn't open "sparc-ret.s": no such file or directory
=== gcc Summary for unix/-m64 ===
# of expected passes 20820
# of unexpected failures 2
# of expected failures 77
# of unresolved testcases 1
# of unsupported tests 163
Running target unix/-fPIC
FAIL: gcc.dg/20020312-2.c (test for excess errors)
WARNING: gcc.dg/20020312-2.c compilation failed to produce executable
WARNING: gcc.dg/20021014-1.c compilation failed to produce executable
FAIL: gcc.dg/duff-2.c (test for excess errors)
=== gcc Summary for unix/-fPIC ===
# of expected passes 20831
# of unexpected failures 2
# of expected failures 67
# of unsupported tests 163
Running target unix/-fpic
FAIL: gcc.dg/20020312-2.c (test for excess errors)
WARNING: gcc.dg/20020312-2.c compilation failed to produce executable
WARNING: gcc.dg/20021014-1.c compilation failed to produce executable
FAIL: gcc.dg/duff-2.c (test for excess errors)
=== gcc Summary for unix/-fpic ===
# of expected passes 20831
# of unexpected failures 2
# of expected failures 67
# of unsupported tests 163
Running target unix
WARNING: gcc.dg/20021014-1.c compilation failed to produce executable
FAIL: gcc.dg/duff-2.c (test for excess errors)
=== gcc Summary for unix ===
# of expected passes 20833
# of unexpected failures 1
# of expected failures 67
# of unsupported tests 163
=== gcc Summary ===
# of expected passes 83315
# of unexpected failures 7
# of expected failures 278
# of unresolved testcases 1
# of unsupported tests 652
/teal/tmpdisk/ghazi/gcc-testing/33/build/gcc/xgcc version 3.3.1 20030618 (prerelease)
=== objc tests ===
Running target unix/-m64
=== objc Summary for unix/-m64 ===
# of expected passes 1153
Running target unix/-fPIC
=== objc Summary for unix/-fPIC ===
# of expected passes 1153
Running target unix/-fpic
=== objc Summary for unix/-fpic ===
# of expected passes 1153
Running target unix
=== objc Summary for unix ===
# of expected passes 1153
=== objc Summary ===
# of expected passes 4612
/teal/tmpdisk/ghazi/gcc-testing/33/build/gcc/xgcc version 3.3.1 20030618 (prerelease)
=== libstdc++-v3 tests ===
Running target unix/-m64
=== libstdc++-v3 Summary for unix/-m64 ===
# of expected passes 429
# of expected failures 18
Running target unix/-fPIC
WARNING: program timed out.
FAIL: thread/pthread4.cc execution test
=== libstdc++-v3 Summary for unix/-fPIC ===
# of expected passes 428
# of unexpected failures 1
# of expected failures 18
Running target unix/-fpic
WARNING: program timed out.
FAIL: thread/pthread4.cc execution test
=== libstdc++-v3 Summary for unix/-fpic ===
# of expected passes 428
# of unexpected failures 1
# of expected failures 18
Running target unix
WARNING: program timed out.
FAIL: thread/pthread4.cc execution test
=== libstdc++-v3 Summary for unix ===
# of expected passes 428
# of unexpected failures 1
# of expected failures 18
=== libstdc++-v3 Summary ===
# of expected passes 1713
# of unexpected failures 3
# of expected failures 72
Compiler version: 3.3.1 20030618 (prerelease)
Platform: sparc-sun-solaris2.7
configure flags: --host=sparc-sun-solaris2.7 --verbose --enable-languages=c,objc,c++,f77