This is the mail archive of the
gcc-testresults@gcc.gnu.org
mailing list for the GCC project.
Results for 3.4 20030616 (experimental) testsuite on x86_64-suse-linux-gnu
- From: aj at suse dot de (Andreas Jaeger)
- To: gcc-testresults at gcc dot gnu dot org
- Date: Mon, 16 Jun 2003 20:43:24 UT
- Subject: Results for 3.4 20030616 (experimental) testsuite on x86_64-suse-linux-gnu
Bootstrap and regtesting on x86_64-suse-linux-gnu.
CVS sources: mainline.
LAST_UPDATED: Mon Jun 16 16:53:58 UTC 2003
Native configuration is x86_64-suse-linux-gnu
=== g++ tests ===
Running target unix/-m32
FAIL: g++.dg/eh/simd-2.C (test for excess errors)
WARNING: g++.dg/eh/simd-2.C compilation failed to produce executable
FAIL: g++.dg/ext/pretty1.C scan-assembler top level
FAIL: g++.dg/ext/pretty2.C (test for excess errors)
WARNING: g++.dg/ext/pretty2.C compilation failed to produce executable
FAIL: g++.dg/init/array10.C (test for excess errors)
WARNING: g++.old-deja/g++.mike/p10769a.C compilation failed to produce executable
WARNING: g++.old-deja/g++.other/enum5.C compilation failed to produce executable
XPASS: g++.old-deja/g++.other/init5.C execution test
WARNING: g++.old-deja/g++.pt/friend44.C compilation failed to produce executable
=== g++ Summary for unix/-m32 ===
# of expected passes 8575
# of unexpected failures 4
# of unexpected successes 1
# of expected failures 67
# of unsupported tests 44
Running target unix
FAIL: g++.dg/ext/pretty1.C scan-assembler top level
FAIL: g++.dg/ext/pretty2.C (test for excess errors)
WARNING: g++.dg/ext/pretty2.C compilation failed to produce executable
FAIL: g++.dg/init/array10.C (test for excess errors)
FAIL: g++.dg/tls/init-1.C (test for excess errors)
WARNING: g++.old-deja/g++.mike/p10769a.C compilation failed to produce executable
WARNING: g++.old-deja/g++.other/enum5.C compilation failed to produce executable
XPASS: g++.old-deja/g++.other/init5.C execution test
WARNING: g++.old-deja/g++.pt/friend44.C compilation failed to produce executable
FAIL: g++.old-deja/g++.robertl/eb132.C (test for excess errors)
=== g++ Summary for unix ===
# of expected passes 8575
# of unexpected failures 5
# of unexpected successes 1
# of expected failures 67
# of unsupported tests 44
=== g++ Summary ===
# of expected passes 17150
# of unexpected failures 9
# of unexpected successes 2
# of expected failures 134
# of unsupported tests 88
/usr/src/aj/build/gcc/misc/gcc/testsuite/../g++ version 3.4 20030616 (experimental)
=== g77 tests ===
Running target unix/-m32
FAIL: g77.f-torture/compile/20010321-1.f, -O0
FAIL: g77.f-torture/compile/20010321-1.f, -O1
FAIL: g77.f-torture/compile/20010321-1.f, -O2
FAIL: g77.f-torture/compile/20010321-1.f, -O3 -fomit-frame-pointer
FAIL: g77.f-torture/compile/20010321-1.f, -O3 -g
FAIL: g77.f-torture/compile/20010321-1.f, -Os
FAIL: g77.f-torture/execute/980520-1.f compilation, -O0
=== g77 Summary for unix/-m32 ===
# of expected passes 1740
# of unexpected failures 7
# of untested testcases 1
# of unsupported tests 6
Running target unix
ERROR: tcl error sourcing /usr/src/aj/cvs/gcc/gcc/testsuite/g77.dg/dg.exp.
ERROR: couldn't compile regular expression pattern: parentheses () not balanced
FAIL: g77.f-torture/compile/20010321-1.f, -O0
FAIL: g77.f-torture/compile/20010321-1.f, -O1
FAIL: g77.f-torture/compile/20010321-1.f, -O2
FAIL: g77.f-torture/compile/20010321-1.f, -O3 -fomit-frame-pointer
FAIL: g77.f-torture/compile/20010321-1.f, -O3 -g
FAIL: g77.f-torture/compile/20010321-1.f, -Os
FAIL: g77.f-torture/execute/980520-1.f compilation, -O0
=== g77 Summary for unix ===
# of expected passes 1238
# of unexpected failures 7
# of untested testcases 1
=== g77 Summary ===
# of expected passes 2978
# of unexpected failures 14
# of untested testcases 2
# of unsupported tests 6
/usr/src/aj/build/gcc/misc/gcc/testsuite/../g77 version 3.4 20030616 (experimental)
=== gcc tests ===
Running target unix/-m32
XPASS: gcc.c-torture/execute/20020227-1.c execution, -O0
XPASS: gcc.c-torture/execute/20020227-1.c execution, -O1
XPASS: gcc.c-torture/execute/20020227-1.c execution, -O2
XPASS: gcc.c-torture/execute/20020227-1.c execution, -O3 -fomit-frame-pointer
XPASS: gcc.c-torture/execute/20020227-1.c execution, -O3 -g
XPASS: gcc.c-torture/execute/20020227-1.c execution, -Os
XPASS: gcc.c-torture/execute/20020720-1.c compilation, -O1
XPASS: gcc.c-torture/execute/20020720-1.c compilation, -O2
XPASS: gcc.c-torture/execute/20020720-1.c compilation, -O3 -fomit-frame-pointer
XPASS: gcc.c-torture/execute/20020720-1.c compilation, -O3 -g
XPASS: gcc.c-torture/execute/20020720-1.c compilation, -Os
FAIL: gcc.c-torture/execute/loop-2e.c execution, -Os
FAIL: gcc.c-torture/execute/ieee/20010114-2.c execution, -O1
FAIL: gcc.c-torture/execute/ieee/20010114-2.c execution, -O2
FAIL: gcc.c-torture/execute/ieee/20010114-2.c execution, -Os
FAIL: gcc.c-torture/execute/ieee/20030331-1.c execution, -O1
FAIL: gcc.c-torture/execute/ieee/20030331-1.c execution, -O2
FAIL: gcc.c-torture/execute/ieee/20030331-1.c execution, -O3 -fomit-frame-pointer
FAIL: gcc.c-torture/execute/ieee/20030331-1.c execution, -O3 -g
FAIL: gcc.c-torture/execute/ieee/20030331-1.c execution, -Os
FAIL: gcc.c-torture/execute/ieee/980619-1.c execution, -O1
FAIL: gcc.c-torture/execute/ieee/980619-1.c execution, -O2
FAIL: gcc.c-torture/execute/ieee/980619-1.c execution, -O3 -fomit-frame-pointer
FAIL: gcc.c-torture/execute/ieee/980619-1.c execution, -O3 -fomit-frame-pointer -funroll-loops
FAIL: gcc.c-torture/execute/ieee/980619-1.c execution, -O3 -fomit-frame-pointer -funroll-all-loops -finline-functions
FAIL: gcc.c-torture/execute/ieee/980619-1.c execution, -O3 -g
FAIL: gcc.c-torture/execute/ieee/980619-1.c execution, -Os
FAIL: gcc.c-torture/execute/ieee/20010114-2.c execution, -O1
FAIL: gcc.c-torture/execute/ieee/20010114-2.c execution, -O2
FAIL: gcc.c-torture/execute/ieee/20010114-2.c execution, -Os
FAIL: gcc.c-torture/execute/ieee/20030331-1.c execution, -O1
FAIL: gcc.c-torture/execute/ieee/20030331-1.c execution, -O2
FAIL: gcc.c-torture/execute/ieee/20030331-1.c execution, -O3 -fomit-frame-pointer
FAIL: gcc.c-torture/execute/ieee/20030331-1.c execution, -O3 -g
FAIL: gcc.c-torture/execute/ieee/20030331-1.c execution, -Os
FAIL: gcc.c-torture/execute/ieee/980619-1.c execution, -O1
FAIL: gcc.c-torture/execute/ieee/980619-1.c execution, -O2
FAIL: gcc.c-torture/execute/ieee/980619-1.c execution, -O3 -fomit-frame-pointer
FAIL: gcc.c-torture/execute/ieee/980619-1.c execution, -O3 -fomit-frame-pointer -funroll-loops
FAIL: gcc.c-torture/execute/ieee/980619-1.c execution, -O3 -fomit-frame-pointer -funroll-all-loops -finline-functions
FAIL: gcc.c-torture/execute/ieee/980619-1.c execution, -O3 -g
FAIL: gcc.c-torture/execute/ieee/980619-1.c execution, -Os
FAIL: gcc.dg/warn-1.c (test for warnings, line 15)
FAIL: linkage.c
=== gcc Summary for unix/-m32 ===
# of expected passes 23372
# of unexpected failures 33
# of unexpected successes 11
# of expected failures 74
# of unsupported tests 214
Running target unix
FAIL: gcc.c-torture/compile/simd-3.c (test for excess errors)
XPASS: gcc.c-torture/execute/20020227-1.c execution, -O0
XPASS: gcc.c-torture/execute/20020227-1.c execution, -O1
XPASS: gcc.c-torture/execute/20020227-1.c execution, -O2
XPASS: gcc.c-torture/execute/20020227-1.c execution, -O3 -fomit-frame-pointer
XPASS: gcc.c-torture/execute/20020227-1.c execution, -O3 -g
XPASS: gcc.c-torture/execute/20020227-1.c execution, -Os
XPASS: gcc.c-torture/execute/20020720-1.c compilation, -O1
XPASS: gcc.c-torture/execute/20020720-1.c compilation, -O2
XPASS: gcc.c-torture/execute/20020720-1.c compilation, -O3 -fomit-frame-pointer
XPASS: gcc.c-torture/execute/20020720-1.c compilation, -O3 -g
XPASS: gcc.c-torture/execute/20020720-1.c compilation, -Os
FAIL: gcc.dg/compat/scalar-by-value-3 c_compat_x_tst.o-c_compat_y_tst.o execute
FAIL: gcc.dg/compat/scalar-by-value-3 c_compat_x_tst.o-c_compat_y_alt.o execute
FAIL: gcc.dg/compat/scalar-by-value-3 c_compat_x_alt.o-c_compat_y_tst.o execute
FAIL: gcc.dg/compat/scalar-by-value-3 c_compat_x_alt.o-c_compat_y_alt.o execute
FAIL: gcc.dg/compat/scalar-return-3 c_compat_x_tst.o-c_compat_y_tst.o execute
FAIL: gcc.dg/compat/scalar-return-3 c_compat_x_tst.o-c_compat_y_alt.o execute
FAIL: gcc.dg/compat/scalar-return-3 c_compat_x_alt.o-c_compat_y_tst.o execute
FAIL: gcc.dg/compat/scalar-return-3 c_compat_x_alt.o-c_compat_y_alt.o execute
FAIL: gcc.dg/compat/struct-by-value-10 c_compat_x_tst.o-c_compat_y_tst.o execute
FAIL: gcc.dg/compat/struct-by-value-10 c_compat_x_tst.o-c_compat_y_alt.o execute
FAIL: gcc.dg/compat/struct-by-value-10 c_compat_x_alt.o-c_compat_y_tst.o execute
FAIL: gcc.dg/compat/struct-by-value-10 c_compat_x_alt.o-c_compat_y_alt.o execute
FAIL: gcc.dg/compat/struct-by-value-16 c_compat_x_tst.o-c_compat_y_tst.o execute
FAIL: gcc.dg/compat/struct-by-value-16 c_compat_x_tst.o-c_compat_y_alt.o execute
FAIL: gcc.dg/compat/struct-by-value-16 c_compat_x_alt.o-c_compat_y_tst.o execute
FAIL: gcc.dg/compat/struct-by-value-16 c_compat_x_alt.o-c_compat_y_alt.o execute
FAIL: gcc.dg/compat/struct-by-value-17 c_compat_x_tst.o-c_compat_y_tst.o execute
FAIL: gcc.dg/compat/struct-by-value-17 c_compat_x_tst.o-c_compat_y_alt.o execute
FAIL: gcc.dg/compat/struct-by-value-17 c_compat_x_alt.o-c_compat_y_tst.o execute
FAIL: gcc.dg/compat/struct-by-value-17 c_compat_x_alt.o-c_compat_y_alt.o execute
FAIL: gcc.dg/compat/struct-by-value-5 c_compat_x_tst.o-c_compat_y_tst.o execute
FAIL: gcc.dg/compat/struct-by-value-5 c_compat_x_tst.o-c_compat_y_alt.o execute
FAIL: gcc.dg/compat/struct-by-value-5 c_compat_x_alt.o-c_compat_y_tst.o execute
FAIL: gcc.dg/compat/struct-by-value-5 c_compat_x_alt.o-c_compat_y_alt.o execute
FAIL: gcc.dg/compat/struct-by-value-6 c_compat_x_tst.o-c_compat_y_tst.o execute
FAIL: gcc.dg/compat/struct-by-value-6 c_compat_x_tst.o-c_compat_y_alt.o execute
FAIL: gcc.dg/compat/struct-by-value-6 c_compat_x_alt.o-c_compat_y_tst.o execute
FAIL: gcc.dg/compat/struct-by-value-6 c_compat_x_alt.o-c_compat_y_alt.o execute
FAIL: gcc.dg/compat/struct-return-10 c_compat_x_tst.o-c_compat_y_tst.o execute
FAIL: gcc.dg/compat/struct-return-10 c_compat_x_tst.o-c_compat_y_alt.o execute
FAIL: gcc.dg/compat/struct-return-10 c_compat_x_alt.o-c_compat_y_tst.o execute
FAIL: gcc.dg/compat/struct-return-10 c_compat_x_alt.o-c_compat_y_alt.o execute
FAIL: gcc.dg/20020103-1.c scan-assembler-not LC
FAIL: gcc.dg/builtins-10.c (test for excess errors)
FAIL: gcc.dg/builtins-11.c (test for excess errors)
FAIL: gcc.dg/builtins-15.c (test for excess errors)
FAIL: gcc.dg/builtins-2.c (test for excess errors)
FAIL: gcc.dg/builtins-21.c (test for excess errors)
FAIL: gcc.dg/builtins-22.c (test for excess errors)
FAIL: gcc.dg/builtins-9.c (test for excess errors)
FAIL: gcc.dg/i386-local.c scan-assembler magic[^\\n]*eax
FAIL: gcc.dg/warn-1.c (test for warnings, line 15)
FAIL: gcc.dg/tls/nonpic-1.c (test for excess errors)
FAIL: gcc.dg/tls/pic-1.c (test for excess errors)
=== gcc Summary for unix ===
# of expected passes 23360
# of unexpected failures 45
# of unexpected successes 11
# of expected failures 74
# of unsupported tests 214
=== gcc Summary ===
# of expected passes 46732
# of unexpected failures 78
# of unexpected successes 22
# of expected failures 148
# of unsupported tests 428
/usr/src/aj/build/gcc/misc/gcc/xgcc version 3.4 20030616 (experimental)
=== objc tests ===
Running target unix/-m32
=== objc Summary for unix/-m32 ===
# of expected passes 1156
Running target unix
=== objc Summary for unix ===
# of expected passes 1156
=== objc Summary ===
# of expected passes 2312
/usr/src/aj/build/gcc/misc/gcc/xgcc version 3.4 20030616 (experimental)
=== treelang tests ===
Running target unix/-m32
FAIL: gcc 01 01 rc!=0
=== treelang Summary for unix/-m32 ===
# of unexpected failures 1
Running target unix
=== treelang Summary for unix ===
=== treelang Summary ===
# of unexpected failures 1
=== libjava tests ===
Running target unix/-m32
FAIL: Throw_2 execution - source compiled test
FAIL: Throw_2 execution - gij test
FAIL: Throw_2 execution - bytecode->native test
FAIL: Throw_2 -O execution - source compiled test
FAIL: Throw_2 execution - gij test
FAIL: Throw_2 -O execution - bytecode->native test
=== libjava Summary for unix/-m32 ===
# of expected passes 3043
# of unexpected failures 6
# of expected failures 16
# of untested testcases 18
Running target unix
WARNING: program timed out.
FAIL: SyncTest execution - bytecode->native test
=== libjava Summary for unix ===
# of expected passes 3053
# of unexpected failures 1
# of expected failures 16
# of untested testcases 13
=== libjava Summary ===
# of expected passes 6096
# of unexpected failures 7
# of expected failures 32
# of untested testcases 31
=== libstdc++-v3 tests ===
Running target unix/-m32
FAIL: 22_locale/codecvt/in/wchar_t/2.cc execution test
FAIL: 22_locale/codecvt/out/wchar_t/2.cc execution test
FAIL: 22_locale/codecvt/out/wchar_t/7.cc execution test
FAIL: 22_locale/messages/members/char/1.cc execution test
FAIL: 22_locale/messages/members/char/2.cc execution test
FAIL: 22_locale/messages/members/char/wrapped_env.cc execution test
FAIL: 22_locale/messages/members/char/wrapped_locale.cc execution test
FAIL: 22_locale/messages_byname/1.cc execution test
XPASS: 26_numerics/c99_classification_macros_c.cc (test for excess errors)
=== libstdc++-v3 Summary for unix/-m32 ===
# of expected passes 1952
# of unexpected failures 8
# of unexpected successes 1
Running target unix
FAIL: 22_locale/codecvt/in/wchar_t/2.cc execution test
FAIL: 22_locale/codecvt/out/wchar_t/2.cc execution test
FAIL: 22_locale/codecvt/out/wchar_t/7.cc execution test
FAIL: 22_locale/messages/members/char/1.cc execution test
FAIL: 22_locale/messages/members/char/2.cc execution test
FAIL: 22_locale/messages/members/char/wrapped_env.cc execution test
FAIL: 22_locale/messages/members/char/wrapped_locale.cc execution test
FAIL: 22_locale/messages_byname/1.cc execution test
XPASS: 26_numerics/c99_classification_macros_c.cc (test for excess errors)
=== libstdc++-v3 Summary for unix ===
# of expected passes 1952
# of unexpected failures 8
# of unexpected successes 1
=== libstdc++-v3 Summary ===
# of expected passes 3904
# of unexpected failures 16
# of unexpected successes 2
Compiler version: 3.4 20030616 (experimental)
Platform: x86_64-suse-linux-gnu
configure flags: --prefix=/opt/gcc/3.4-devel --disable-nls --enable-threads=posix --enable-clocale=gnu --enable-__cxa_atexit --enable-shared --enable-languages=c,c++,ada,treelang,java,f77,objc --enable-checking=misc,tree,rtl,gc,rtlflag --with-system-zlib x86_64-suse-linux-gnu
Result of check-abi invocation
79 added symbols
__gnu_cxx::__pool_alloc<true, 0>::deallocate(void*, unsigned long)
_ZN9__gnu_cxx12__pool_allocILb1ELi0EE10deallocateEPvm
GLIBCPP_3.4
__gnu_cxx::__pool_alloc<true, 0>::allocate(unsigned long)
_ZN9__gnu_cxx12__pool_allocILb1ELi0EE8allocateEm
GLIBCPP_3.4
std::istream::sentry::operator bool() const
_ZNKSi6sentrycvbEv
GLIBCPP_3.4
std::ostream::sentry::operator bool() const
_ZNKSo6sentrycvbEv
GLIBCPP_3.4
std::basic_istream<wchar_t, std::char_traits<wchar_t> >::sentry::operator bool() const
_ZNKSt13basic_istreamIwSt11char_traitsIwEE6sentrycvbEv
GLIBCPP_3.4
std::basic_ostream<wchar_t, std::char_traits<wchar_t> >::sentry::operator bool() const
_ZNKSt13basic_ostreamIwSt11char_traitsIwEE6sentrycvbEv
GLIBCPP_3.4
std::codecvt<char, char, __mbstate_t>::do_length(__mbstate_t&, char const*, char const*, unsigned long) const
_ZNKSt7codecvtIcc11__mbstate_tE9do_lengthERS0_PKcS4_m
GLIBCPP_3.4
std::codecvt<wchar_t, char, __mbstate_t>::do_length(__mbstate_t&, char const*, char const*, unsigned long) const
_ZNKSt7codecvtIwc11__mbstate_tE9do_lengthERS0_PKcS4_m
GLIBCPP_3.4
std::num_put<char, std::ostreambuf_iterator<char, std::char_traits<char> > >::_M_group_int(std::string const&, char, std::ios_base&, char*, char*, int&) const
_ZNKSt7num_putIcSt19ostreambuf_iteratorIcSt11char_traitsIcEEE12_M_group_intERKSscRSt8ios_basePcS9_Ri
GLIBCPP_3.4
std::ostreambuf_iterator<char, std::char_traits<char> > std::num_put<char, std::ostreambuf_iterator<char, std::char_traits<char> > >::_M_convert_int<long>(std::ostreambuf_iterator<char, std::char_traits<char> >, std::ios_base&, char, long) const
_ZNKSt7num_putIcSt19ostreambuf_iteratorIcSt11char_traitsIcEEE14_M_convert_intIlEES3_S3_RSt8ios_basecT_
GLIBCPP_3.4
std::ostreambuf_iterator<char, std::char_traits<char> > std::num_put<char, std::ostreambuf_iterator<char, std::char_traits<char> > >::_M_convert_int<unsigned long>(std::ostreambuf_iterator<char, std::char_traits<char> >, std::ios_base&, char, unsigned long) const
_ZNKSt7num_putIcSt19ostreambuf_iteratorIcSt11char_traitsIcEEE14_M_convert_intImEES3_S3_RSt8ios_basecT_
GLIBCPP_3.4
std::ostreambuf_iterator<char, std::char_traits<char> > std::num_put<char, std::ostreambuf_iterator<char, std::char_traits<char> > >::_M_convert_int<long long>(std::ostreambuf_iterator<char, std::char_traits<char> >, std::ios_base&, char, long long) const
_ZNKSt7num_putIcSt19ostreambuf_iteratorIcSt11char_traitsIcEEE14_M_convert_intIxEES3_S3_RSt8ios_basecT_
GLIBCPP_3.4
std::ostreambuf_iterator<char, std::char_traits<char> > std::num_put<char, std::ostreambuf_iterator<char, std::char_traits<char> > >::_M_convert_int<unsigned long long>(std::ostreambuf_iterator<char, std::char_traits<char> >, std::ios_base&, char, unsigned long long) const
_ZNKSt7num_putIcSt19ostreambuf_iteratorIcSt11char_traitsIcEEE14_M_convert_intIyEES3_S3_RSt8ios_basecT_
GLIBCPP_3.4
std::num_put<char, std::ostreambuf_iterator<char, std::char_traits<char> > >::_M_group_float(std::string const&, char, char const*, char*, char*, int&) const
_ZNKSt7num_putIcSt19ostreambuf_iteratorIcSt11char_traitsIcEEE14_M_group_floatERKSscPKcPcS9_Ri
GLIBCPP_3.4
std::num_put<char, std::ostreambuf_iterator<char, std::char_traits<char> > >::_M_pad(char, long, std::ios_base&, char*, char const*, int&) const
_ZNKSt7num_putIcSt19ostreambuf_iteratorIcSt11char_traitsIcEEE6_M_padEclRSt8ios_basePcPKcRi
GLIBCPP_3.4
std::num_put<wchar_t, std::ostreambuf_iterator<wchar_t, std::char_traits<wchar_t> > >::_M_group_int(std::string const&, wchar_t, std::ios_base&, wchar_t*, wchar_t*, int&) const
_ZNKSt7num_putIwSt19ostreambuf_iteratorIwSt11char_traitsIwEEE12_M_group_intERKSswRSt8ios_basePwS9_Ri
GLIBCPP_3.4
std::ostreambuf_iterator<wchar_t, std::char_traits<wchar_t> > std::num_put<wchar_t, std::ostreambuf_iterator<wchar_t, std::char_traits<wchar_t> > >::_M_convert_int<long>(std::ostreambuf_iterator<wchar_t, std::char_traits<wchar_t> >, std::ios_base&, wchar_t, long) const
_ZNKSt7num_putIwSt19ostreambuf_iteratorIwSt11char_traitsIwEEE14_M_convert_intIlEES3_S3_RSt8ios_basewT_
GLIBCPP_3.4
std::ostreambuf_iterator<wchar_t, std::char_traits<wchar_t> > std::num_put<wchar_t, std::ostreambuf_iterator<wchar_t, std::char_traits<wchar_t> > >::_M_convert_int<unsigned long>(std::ostreambuf_iterator<wchar_t, std::char_traits<wchar_t> >, std::ios_base&, wchar_t, unsigned long) const
_ZNKSt7num_putIwSt19ostreambuf_iteratorIwSt11char_traitsIwEEE14_M_convert_intImEES3_S3_RSt8ios_basewT_
GLIBCPP_3.4
std::ostreambuf_iterator<wchar_t, std::char_traits<wchar_t> > std::num_put<wchar_t, std::ostreambuf_iterator<wchar_t, std::char_traits<wchar_t> > >::_M_convert_int<long long>(std::ostreambuf_iterator<wchar_t, std::char_traits<wchar_t> >, std::ios_base&, wchar_t, long long) const
_ZNKSt7num_putIwSt19ostreambuf_iteratorIwSt11char_traitsIwEEE14_M_convert_intIxEES3_S3_RSt8ios_basewT_
GLIBCPP_3.4
std::ostreambuf_iterator<wchar_t, std::char_traits<wchar_t> > std::num_put<wchar_t, std::ostreambuf_iterator<wchar_t, std::char_traits<wchar_t> > >::_M_convert_int<unsigned long long>(std::ostreambuf_iterator<wchar_t, std::char_traits<wchar_t> >, std::ios_base&, wchar_t, unsigned long long) const
_ZNKSt7num_putIwSt19ostreambuf_iteratorIwSt11char_traitsIwEEE14_M_convert_intIyEES3_S3_RSt8ios_basewT_
GLIBCPP_3.4
std::num_put<wchar_t, std::ostreambuf_iterator<wchar_t, std::char_traits<wchar_t> > >::_M_group_float(std::string const&, wchar_t, wchar_t const*, wchar_t*, wchar_t*, int&) const
_ZNKSt7num_putIwSt19ostreambuf_iteratorIwSt11char_traitsIwEEE14_M_group_floatERKSswPKwPwS9_Ri
GLIBCPP_3.4
std::num_put<wchar_t, std::ostreambuf_iterator<wchar_t, std::char_traits<wchar_t> > >::_M_pad(wchar_t, long, std::ios_base&, wchar_t*, wchar_t const*, int&) const
_ZNKSt7num_putIwSt19ostreambuf_iteratorIwSt11char_traitsIwEEE6_M_padEwlRSt8ios_basePwPKwRi
GLIBCPP_3.4
std::basic_string<wchar_t, std::char_traits<wchar_t>, std::allocator<wchar_t> >::_Rep::_S_empty_rep()
_ZNSbIwSt11char_traitsIwESaIwEE4_Rep12_S_empty_repEv
GLIBCPP_3.4
std::iostream::iostream()
_ZNSdC1Ev
GLIBCPP_3.4
std::iostream::iostream()
_ZNSdC2Ev
GLIBCPP_3.4
std::istream::istream()
_ZNSiC1Ev
GLIBCPP_3.4
std::istream::istream()
_ZNSiC2Ev
GLIBCPP_3.4
std::ostream::_M_write(char const*, long)
_ZNSo8_M_writeEPKcl
GLIBCPP_3.4
std::ostream::ostream()
_ZNSoC1Ev
GLIBCPP_3.4
std::ostream::ostream()
_ZNSoC2Ev
GLIBCPP_3.4
std::string::_Rep::_S_empty_rep()
_ZNSs4_Rep12_S_empty_repEv
GLIBCPP_3.4
std::__num_base::_S_format_float(std::ios_base const&, char*, char)
_ZNSt10__num_base15_S_format_floatERKSt8ios_basePcc
GLIBCPP_3.4
std::__basic_file<char>::showmanyc()
_ZNSt12__basic_fileIcE9showmanycEv
GLIBCPP_3.4
std::basic_filebuf<char, std::char_traits<char> >::_M_underflow(bool)
_ZNSt13basic_filebufIcSt11char_traitsIcEE12_M_underflowEb
GLIBCPP_3.4
std::basic_filebuf<char, std::char_traits<char> >::_M_set_buffer(long)
_ZNSt13basic_filebufIcSt11char_traitsIcEE13_M_set_bufferEl
GLIBCPP_3.4
std::basic_filebuf<char, std::char_traits<char> >::_M_create_pback()
_ZNSt13basic_filebufIcSt11char_traitsIcEE15_M_create_pbackEv
GLIBCPP_3.4
std::basic_filebuf<char, std::char_traits<char> >::_M_destroy_pback()
_ZNSt13basic_filebufIcSt11char_traitsIcEE16_M_destroy_pbackEv
GLIBCPP_3.4
std::basic_filebuf<char, std::char_traits<char> >::_M_convert_to_external(char*, long)
_ZNSt13basic_filebufIcSt11char_traitsIcEE22_M_convert_to_externalEPcl
GLIBCPP_3.4
std::basic_filebuf<wchar_t, std::char_traits<wchar_t> >::_M_underflow(bool)
_ZNSt13basic_filebufIwSt11char_traitsIwEE12_M_underflowEb
GLIBCPP_3.4
std::basic_filebuf<wchar_t, std::char_traits<wchar_t> >::_M_set_buffer(long)
_ZNSt13basic_filebufIwSt11char_traitsIwEE13_M_set_bufferEl
GLIBCPP_3.4
std::basic_filebuf<wchar_t, std::char_traits<wchar_t> >::_M_create_pback()
_ZNSt13basic_filebufIwSt11char_traitsIwEE15_M_create_pbackEv
GLIBCPP_3.4
std::basic_filebuf<wchar_t, std::char_traits<wchar_t> >::_M_destroy_pback()
_ZNSt13basic_filebufIwSt11char_traitsIwEE16_M_destroy_pbackEv
GLIBCPP_3.4
std::basic_filebuf<wchar_t, std::char_traits<wchar_t> >::_M_convert_to_external(wchar_t*, long)
_ZNSt13basic_filebufIwSt11char_traitsIwEE22_M_convert_to_externalEPwl
GLIBCPP_3.4
std::basic_istream<wchar_t, std::char_traits<wchar_t> >::basic_istream()
_ZNSt13basic_istreamIwSt11char_traitsIwEEC1Ev
GLIBCPP_3.4
std::basic_istream<wchar_t, std::char_traits<wchar_t> >::basic_istream()
_ZNSt13basic_istreamIwSt11char_traitsIwEEC2Ev
GLIBCPP_3.4
std::basic_ostream<wchar_t, std::char_traits<wchar_t> >::_M_write(wchar_t const*, long)
_ZNSt13basic_ostreamIwSt11char_traitsIwEE8_M_writeEPKwl
GLIBCPP_3.4
std::basic_ostream<wchar_t, std::char_traits<wchar_t> >::basic_ostream()
_ZNSt13basic_ostreamIwSt11char_traitsIwEEC1Ev
GLIBCPP_3.4
std::basic_ostream<wchar_t, std::char_traits<wchar_t> >::basic_ostream()
_ZNSt13basic_ostreamIwSt11char_traitsIwEEC2Ev
GLIBCPP_3.4
std::basic_iostream<wchar_t, std::char_traits<wchar_t> >::basic_iostream()
_ZNSt14basic_iostreamIwSt11char_traitsIwEEC1Ev
GLIBCPP_3.4
std::basic_iostream<wchar_t, std::char_traits<wchar_t> >::basic_iostream()
_ZNSt14basic_iostreamIwSt11char_traitsIwEEC2Ev
GLIBCPP_3.4
std::basic_streambuf<char, std::char_traits<char> >::_M_move_in_cur(long)
_ZNSt15basic_streambufIcSt11char_traitsIcEE14_M_move_in_curEl
GLIBCPP_3.4
std::basic_streambuf<char, std::char_traits<char> >::_M_move_out_cur(long)
_ZNSt15basic_streambufIcSt11char_traitsIcEE15_M_move_out_curEl
GLIBCPP_3.4
std::basic_streambuf<wchar_t, std::char_traits<wchar_t> >::_M_move_in_cur(long)
_ZNSt15basic_streambufIwSt11char_traitsIwEE14_M_move_in_curEl
GLIBCPP_3.4
std::basic_streambuf<wchar_t, std::char_traits<wchar_t> >::_M_move_out_cur(long)
_ZNSt15basic_streambufIwSt11char_traitsIwEE15_M_move_out_curEl
GLIBCPP_3.4
std::basic_stringbuf<char, std::char_traits<char>, std::allocator<char> >::_M_sync(char*, unsigned long, unsigned long)
_ZNSt15basic_stringbufIcSt11char_traitsIcESaIcEE7_M_syncEPcmm
GLIBCPP_3.4
std::basic_stringbuf<wchar_t, std::char_traits<wchar_t>, std::allocator<wchar_t> >::_M_sync(wchar_t*, unsigned long, unsigned long)
_ZNSt15basic_stringbufIwSt11char_traitsIwESaIwEE7_M_syncEPwmm
GLIBCPP_3.4
std::locale::_Impl::_M_install_facet(std::locale::id const*, std::locale::facet const*)
_ZNSt6locale5_Impl16_M_install_facetEPKNS_2idEPKNS_5facetE
GLIBCPP_3.4
std::vector<__gnu_cxx::demangler::substitution_st, std::allocator<char> >::_M_insert_aux(__gnu_cxx::__normal_iterator<__gnu_cxx::demangler::substitution_st*, std::vector<__gnu_cxx::demangler::substitution_st, std::allocator<char> > >, __gnu_cxx::demangler::substitution_st const&)
_ZNSt6vectorIN9__gnu_cxx9demangler15substitution_stESaIcEE13_M_insert_auxENS0_17__normal_iteratorIPS2_S4_EERKS2_
GLIBCPP_3.4
std::vector<__gnu_cxx::demangler::qualifier<std::allocator<char> >, std::allocator<char> >::_M_insert_aux(__gnu_cxx::__normal_iterator<__gnu_cxx::demangler::qualifier<std::allocator<char> >*, std::vector<__gnu_cxx::demangler::qualifier<std::allocator<char> >, std::allocator<char> > >, __gnu_cxx::demangler::qualifier<std::allocator<char> > const&)
_ZNSt6vectorIN9__gnu_cxx9demangler9qualifierISaIcEEES3_E13_M_insert_auxENS0_17__normal_iteratorIPS4_S5_EERKS4_
GLIBCPP_3.4
std::vector<int, std::allocator<char> >::_M_insert_aux(__gnu_cxx::__normal_iterator<int*, std::vector<int, std::allocator<char> > >, int const&)
_ZNSt6vectorIiSaIcEE13_M_insert_auxEN9__gnu_cxx17__normal_iteratorIPiS1_EERKi
GLIBCPP_3.4
std::ios_base::~ios_base()
_ZNSt8ios_baseD0Ev
GLIBCPP_3.4
std::basic_ios<char, std::char_traits<char> >::_M_setstate(std::_Ios_Iostate)
_ZNSt9basic_iosIcSt11char_traitsIcEE11_M_setstateESt12_Ios_Iostate
GLIBCPP_3.4
std::basic_ios<char, std::char_traits<char> >::_M_cache_locale(std::locale const&)
_ZNSt9basic_iosIcSt11char_traitsIcEE15_M_cache_localeERKSt6locale
GLIBCPP_3.4
std::basic_ios<wchar_t, std::char_traits<wchar_t> >::_M_setstate(std::_Ios_Iostate)
_ZNSt9basic_iosIwSt11char_traitsIwEE11_M_setstateESt12_Ios_Iostate
GLIBCPP_3.4
std::basic_ios<wchar_t, std::char_traits<wchar_t> >::_M_cache_locale(std::locale const&)
_ZNSt9basic_iosIwSt11char_traitsIwEE15_M_cache_localeERKSt6locale
GLIBCPP_3.4
std::basic_string<char, std::char_traits<char>, std::allocator<char> > std::operator+<char, std::char_traits<char>, std::allocator<char> >(std::basic_string<char, std::char_traits<char>, std::allocator<char> > const&, std::basic_string<char, std::char_traits<char>, std::allocator<char> > const&)
_ZStplIcSt11char_traitsIcESaIcEESbIT_T0_T1_ERKS6_S8_
GLIBCPP_3.4
std::basic_string<wchar_t, std::char_traits<wchar_t>, std::allocator<wchar_t> > std::operator+<wchar_t, std::char_traits<wchar_t>, std::allocator<wchar_t> >(std::basic_string<wchar_t, std::char_traits<wchar_t>, std::allocator<wchar_t> > const&, std::basic_string<wchar_t, std::char_traits<wchar_t>, std::allocator<wchar_t> > const&)
_ZStplIwSt11char_traitsIwESaIwEESbIT_T0_T1_ERKS6_S8_
GLIBCPP_3.4
__cxa_guard_abort
__cxa_guard_abort
CXXABI_1.3
__cxa_guard_acquire
__cxa_guard_acquire
CXXABI_1.3
__cxa_guard_release
__cxa_guard_release
CXXABI_1.3
CXXABI_1.3
CXXABI_1.3
GLIBCPP_3.4
GLIBCPP_3.4
vtable for __gnu_cxx::stdio_sync_filebuf<char, std::char_traits<char> >
_ZTVN9__gnu_cxx18stdio_sync_filebufIcSt11char_traitsIcEEE
GLIBCPP_3.4
vtable for __gnu_cxx::stdio_sync_filebuf<wchar_t, std::char_traits<wchar_t> >
_ZTVN9__gnu_cxx18stdio_sync_filebufIwSt11char_traitsIwEEE
GLIBCPP_3.4
std::basic_string<wchar_t, std::char_traits<wchar_t>, std::allocator<wchar_t> >::_Rep::_S_empty_rep_storage
_ZNSbIwSt11char_traitsIwESaIwEE4_Rep20_S_empty_rep_storageE
GLIBCPP_3.4
std::string::_Rep::_S_empty_rep_storage
_ZNSs4_Rep20_S_empty_rep_storageE
GLIBCPP_3.4
vtable for std::ios_base
_ZTVSt8ios_base
GLIBCPP_3.4
std::__num_base::_S_atoms_in
_ZNSt10__num_base11_S_atoms_inE
GLIBCPP_3.4
std::__num_base::_S_atoms_out
_ZNSt10__num_base12_S_atoms_outE
GLIBCPP_3.4
162 missing symbols
std::codecvt<char, char, __mbstate_t>::do_length(__mbstate_t const&, char const*, char const*, unsigned long) const
_ZNKSt7codecvtIcc11__mbstate_tE9do_lengthERKS0_PKcS5_m
GLIBCPP_3.2
std::codecvt<wchar_t, char, __mbstate_t>::do_length(__mbstate_t const&, char const*, char const*, unsigned long) const
_ZNKSt7codecvtIwc11__mbstate_tE9do_lengthERKS0_PKcS5_m
GLIBCPP_3.2
std::num_put<char, std::ostreambuf_iterator<char, std::char_traits<char> > >::_M_widen_int(std::ostreambuf_iterator<char, std::char_traits<char> >, std::ios_base&, char, char*, int) const
_ZNKSt7num_putIcSt19ostreambuf_iteratorIcSt11char_traitsIcEEE12_M_widen_intES3_RSt8ios_basecPci
GLIBCPP_3.2
std::ostreambuf_iterator<char, std::char_traits<char> > std::num_put<char, std::ostreambuf_iterator<char, std::char_traits<char> > >::_M_convert_int<long>(std::ostreambuf_iterator<char, std::char_traits<char> >, std::ios_base&, char, char, char, long) const
_ZNKSt7num_putIcSt19ostreambuf_iteratorIcSt11char_traitsIcEEE14_M_convert_intIlEES3_S3_RSt8ios_basecccT_
GLIBCPP_3.2
std::ostreambuf_iterator<char, std::char_traits<char> > std::num_put<char, std::ostreambuf_iterator<char, std::char_traits<char> > >::_M_convert_int<unsigned long>(std::ostreambuf_iterator<char, std::char_traits<char> >, std::ios_base&, char, char, char, unsigned long) const
_ZNKSt7num_putIcSt19ostreambuf_iteratorIcSt11char_traitsIcEEE14_M_convert_intImEES3_S3_RSt8ios_basecccT_
GLIBCPP_3.2
std::ostreambuf_iterator<char, std::char_traits<char> > std::num_put<char, std::ostreambuf_iterator<char, std::char_traits<char> > >::_M_convert_int<long long>(std::ostreambuf_iterator<char, std::char_traits<char> >, std::ios_base&, char, char, char, long long) const
_ZNKSt7num_putIcSt19ostreambuf_iteratorIcSt11char_traitsIcEEE14_M_convert_intIxEES3_S3_RSt8ios_basecccT_
GLIBCPP_3.2
std::ostreambuf_iterator<char, std::char_traits<char> > std::num_put<char, std::ostreambuf_iterator<char, std::char_traits<char> > >::_M_convert_int<unsigned long long>(std::ostreambuf_iterator<char, std::char_traits<char> >, std::ios_base&, char, char, char, unsigned long long) const
_ZNKSt7num_putIcSt19ostreambuf_iteratorIcSt11char_traitsIcEEE14_M_convert_intIyEES3_S3_RSt8ios_basecccT_
GLIBCPP_3.2
std::num_put<char, std::ostreambuf_iterator<char, std::char_traits<char> > >::_M_widen_float(std::ostreambuf_iterator<char, std::char_traits<char> >, std::ios_base&, char, char*, int) const
_ZNKSt7num_putIcSt19ostreambuf_iteratorIcSt11char_traitsIcEEE14_M_widen_floatES3_RSt8ios_basecPci
GLIBCPP_3.2
std::num_put<char, std::ostreambuf_iterator<char, std::char_traits<char> > >::_M_insert(std::ostreambuf_iterator<char, std::char_traits<char> >, std::ios_base&, char, char const*, int) const
_ZNKSt7num_putIcSt19ostreambuf_iteratorIcSt11char_traitsIcEEE9_M_insertES3_RSt8ios_basecPKci
GLIBCPP_3.2
std::num_put<wchar_t, std::ostreambuf_iterator<wchar_t, std::char_traits<wchar_t> > >::_M_widen_int(std::ostreambuf_iterator<wchar_t, std::char_traits<wchar_t> >, std::ios_base&, wchar_t, char*, int) const
_ZNKSt7num_putIwSt19ostreambuf_iteratorIwSt11char_traitsIwEEE12_M_widen_intES3_RSt8ios_basewPci
GLIBCPP_3.2
std::ostreambuf_iterator<wchar_t, std::char_traits<wchar_t> > std::num_put<wchar_t, std::ostreambuf_iterator<wchar_t, std::char_traits<wchar_t> > >::_M_convert_int<long>(std::ostreambuf_iterator<wchar_t, std::char_traits<wchar_t> >, std::ios_base&, wchar_t, char, char, long) const
_ZNKSt7num_putIwSt19ostreambuf_iteratorIwSt11char_traitsIwEEE14_M_convert_intIlEES3_S3_RSt8ios_basewccT_
GLIBCPP_3.2
std::ostreambuf_iterator<wchar_t, std::char_traits<wchar_t> > std::num_put<wchar_t, std::ostreambuf_iterator<wchar_t, std::char_traits<wchar_t> > >::_M_convert_int<unsigned long>(std::ostreambuf_iterator<wchar_t, std::char_traits<wchar_t> >, std::ios_base&, wchar_t, char, char, unsigned long) const
_ZNKSt7num_putIwSt19ostreambuf_iteratorIwSt11char_traitsIwEEE14_M_convert_intImEES3_S3_RSt8ios_basewccT_
GLIBCPP_3.2
std::ostreambuf_iterator<wchar_t, std::char_traits<wchar_t> > std::num_put<wchar_t, std::ostreambuf_iterator<wchar_t, std::char_traits<wchar_t> > >::_M_convert_int<long long>(std::ostreambuf_iterator<wchar_t, std::char_traits<wchar_t> >, std::ios_base&, wchar_t, char, char, long long) const
_ZNKSt7num_putIwSt19ostreambuf_iteratorIwSt11char_traitsIwEEE14_M_convert_intIxEES3_S3_RSt8ios_basewccT_
GLIBCPP_3.2
std::ostreambuf_iterator<wchar_t, std::char_traits<wchar_t> > std::num_put<wchar_t, std::ostreambuf_iterator<wchar_t, std::char_traits<wchar_t> > >::_M_convert_int<unsigned long long>(std::ostreambuf_iterator<wchar_t, std::char_traits<wchar_t> >, std::ios_base&, wchar_t, char, char, unsigned long long) const
_ZNKSt7num_putIwSt19ostreambuf_iteratorIwSt11char_traitsIwEEE14_M_convert_intIyEES3_S3_RSt8ios_basewccT_
GLIBCPP_3.2
std::num_put<wchar_t, std::ostreambuf_iterator<wchar_t, std::char_traits<wchar_t> > >::_M_widen_float(std::ostreambuf_iterator<wchar_t, std::char_traits<wchar_t> >, std::ios_base&, wchar_t, char*, int) const
_ZNKSt7num_putIwSt19ostreambuf_iteratorIwSt11char_traitsIwEEE14_M_widen_floatES3_RSt8ios_basewPci
GLIBCPP_3.2
std::num_put<wchar_t, std::ostreambuf_iterator<wchar_t, std::char_traits<wchar_t> > >::_M_insert(std::ostreambuf_iterator<wchar_t, std::char_traits<wchar_t> >, std::ios_base&, wchar_t, wchar_t const*, int) const
_ZNKSt7num_putIwSt19ostreambuf_iteratorIwSt11char_traitsIwEEE9_M_insertES3_RSt8ios_basewPKwi
GLIBCPP_3.2
std::basic_ios<char, std::char_traits<char> >::_M_check_facet(std::locale::facet const*) const
_ZNKSt9basic_iosIcSt11char_traitsIcEE14_M_check_facetEPKNSt6locale5facetE
GLIBCPP_3.2
std::basic_ios<wchar_t, std::char_traits<wchar_t> >::_M_check_facet(std::locale::facet const*) const
_ZNKSt9basic_iosIwSt11char_traitsIwEE14_M_check_facetEPKNSt6locale5facetE
GLIBCPP_3.2
std::istream::sentry::operator bool()
_ZNSi6sentrycvbEv
GLIBCPP_3.2
std::ostream::sentry::operator bool()
_ZNSo6sentrycvbEv
GLIBCPP_3.2
std::__num_base::_S_format_int(std::ios_base const&, char*, char, char)
_ZNSt10__num_base13_S_format_intERKSt8ios_basePccc
GLIBCPP_3.2
std::__num_base::_S_format_float(std::ios_base const&, char*, char, long)
_ZNSt10__num_base15_S_format_floatERKSt8ios_basePccl
GLIBCPP_3.2
std::basic_filebuf<char, std::char_traits<char> >::_M_really_overflow(int)
_ZNSt13basic_filebufIcSt11char_traitsIcEE18_M_really_overflowEi
GLIBCPP_3.2
std::basic_filebuf<char, std::char_traits<char> >::_M_set_determinate(long)
_ZNSt13basic_filebufIcSt11char_traitsIcEE18_M_set_determinateEl
GLIBCPP_3.2
std::basic_filebuf<char, std::char_traits<char> >::_M_is_indeterminate()
_ZNSt13basic_filebufIcSt11char_traitsIcEE19_M_is_indeterminateEv
GLIBCPP_3.2
std::basic_filebuf<char, std::char_traits<char> >::_M_underflow_common(bool)
_ZNSt13basic_filebufIcSt11char_traitsIcEE19_M_underflow_commonEb
GLIBCPP_3.2
std::basic_filebuf<char, std::char_traits<char> >::_M_set_indeterminate()
_ZNSt13basic_filebufIcSt11char_traitsIcEE20_M_set_indeterminateEv
GLIBCPP_3.2
std::basic_filebuf<char, std::char_traits<char> >::_M_convert_to_external(char*, long, long&, long&)
_ZNSt13basic_filebufIcSt11char_traitsIcEE22_M_convert_to_externalEPclRlS4_
GLIBCPP_3.2
std::basic_filebuf<wchar_t, std::char_traits<wchar_t> >::_M_really_overflow(unsigned int)
_ZNSt13basic_filebufIwSt11char_traitsIwEE18_M_really_overflowEj
GLIBCPP_3.2
std::basic_filebuf<wchar_t, std::char_traits<wchar_t> >::_M_set_determinate(long)
_ZNSt13basic_filebufIwSt11char_traitsIwEE18_M_set_determinateEl
GLIBCPP_3.2
std::basic_filebuf<wchar_t, std::char_traits<wchar_t> >::_M_is_indeterminate()
_ZNSt13basic_filebufIwSt11char_traitsIwEE19_M_is_indeterminateEv
GLIBCPP_3.2
std::basic_filebuf<wchar_t, std::char_traits<wchar_t> >::_M_underflow_common(bool)
_ZNSt13basic_filebufIwSt11char_traitsIwEE19_M_underflow_commonEb
GLIBCPP_3.2
std::basic_filebuf<wchar_t, std::char_traits<wchar_t> >::_M_set_indeterminate()
_ZNSt13basic_filebufIwSt11char_traitsIwEE20_M_set_indeterminateEv
GLIBCPP_3.2
std::basic_filebuf<wchar_t, std::char_traits<wchar_t> >::_M_convert_to_external(wchar_t*, long, long&, long&)
_ZNSt13basic_filebufIwSt11char_traitsIwEE22_M_convert_to_externalEPwlRlS4_
GLIBCPP_3.2
std::basic_istream<wchar_t, std::char_traits<wchar_t> >::sentry::operator bool()
_ZNSt13basic_istreamIwSt11char_traitsIwEE6sentrycvbEv
GLIBCPP_3.2
std::basic_ostream<wchar_t, std::char_traits<wchar_t> >::sentry::operator bool()
_ZNSt13basic_ostreamIwSt11char_traitsIwEE6sentrycvbEv
GLIBCPP_3.2
std::basic_streambuf<char, std::char_traits<char> >::_M_in_cur_move(long)
_ZNSt15basic_streambufIcSt11char_traitsIcEE14_M_in_cur_moveEl
GLIBCPP_3.2
std::basic_streambuf<char, std::char_traits<char> >::_M_out_buf_size()
_ZNSt15basic_streambufIcSt11char_traitsIcEE15_M_out_buf_sizeEv
GLIBCPP_3.2
std::basic_streambuf<char, std::char_traits<char> >::_M_out_cur_move(long)
_ZNSt15basic_streambufIcSt11char_traitsIcEE15_M_out_cur_moveEl
GLIBCPP_3.2
std::basic_streambuf<char, std::char_traits<char> >::_M_pback_create()
_ZNSt15basic_streambufIcSt11char_traitsIcEE15_M_pback_createEv
GLIBCPP_3.2
std::basic_streambuf<char, std::char_traits<char> >::_M_pback_destroy()
_ZNSt15basic_streambufIcSt11char_traitsIcEE16_M_pback_destroyEv
GLIBCPP_3.2
std::basic_streambuf<wchar_t, std::char_traits<wchar_t> >::_M_in_cur_move(long)
_ZNSt15basic_streambufIwSt11char_traitsIwEE14_M_in_cur_moveEl
GLIBCPP_3.2
std::basic_streambuf<wchar_t, std::char_traits<wchar_t> >::_M_out_buf_size()
_ZNSt15basic_streambufIwSt11char_traitsIwEE15_M_out_buf_sizeEv
GLIBCPP_3.2
std::basic_streambuf<wchar_t, std::char_traits<wchar_t> >::_M_out_cur_move(long)
_ZNSt15basic_streambufIwSt11char_traitsIwEE15_M_out_cur_moveEl
GLIBCPP_3.2
std::basic_streambuf<wchar_t, std::char_traits<wchar_t> >::_M_pback_create()
_ZNSt15basic_streambufIwSt11char_traitsIwEE15_M_pback_createEv
GLIBCPP_3.2
std::basic_streambuf<wchar_t, std::char_traits<wchar_t> >::_M_pback_destroy()
_ZNSt15basic_streambufIwSt11char_traitsIwEE16_M_pback_destroyEv
GLIBCPP_3.2
std::basic_stringbuf<char, std::char_traits<char>, std::allocator<char> >::_M_really_sync(unsigned long, unsigned long)
_ZNSt15basic_stringbufIcSt11char_traitsIcESaIcEE14_M_really_syncEmm
GLIBCPP_3.2
std::basic_stringbuf<wchar_t, std::char_traits<wchar_t>, std::allocator<wchar_t> >::_M_really_sync(unsigned long, unsigned long)
_ZNSt15basic_stringbufIwSt11char_traitsIwESaIwEE14_M_really_syncEmm
GLIBCPP_3.2
std::__default_alloc_template<true, 0>::deallocate(void*, unsigned long)
_ZNSt24__default_alloc_templateILb1ELi0EE10deallocateEPvm
GLIBCPP_3.2
std::__default_alloc_template<true, 0>::_S_round_up(unsigned long)
_ZNSt24__default_alloc_templateILb1ELi0EE11_S_round_upEm
GLIBCPP_3.2
std::__default_alloc_template<true, 0>::_S_chunk_alloc(unsigned long, int&)
_ZNSt24__default_alloc_templateILb1ELi0EE14_S_chunk_allocEmRi
GLIBCPP_3.2
std::__default_alloc_template<true, 0>::_S_freelist_index(unsigned long)
_ZNSt24__default_alloc_templateILb1ELi0EE17_S_freelist_indexEm
GLIBCPP_3.2
std::__default_alloc_template<true, 0>::_Lock::_Lock()
_ZNSt24__default_alloc_templateILb1ELi0EE5_LockC1Ev
GLIBCPP_3.2
std::__default_alloc_template<true, 0>::_Lock::_Lock()
_ZNSt24__default_alloc_templateILb1ELi0EE5_LockC2Ev
GLIBCPP_3.2
std::__default_alloc_template<true, 0>::_Lock::~_Lock()
_ZNSt24__default_alloc_templateILb1ELi0EE5_LockD1Ev
GLIBCPP_3.2
std::__default_alloc_template<true, 0>::_Lock::~_Lock()
_ZNSt24__default_alloc_templateILb1ELi0EE5_LockD2Ev
GLIBCPP_3.2
std::__default_alloc_template<true, 0>::allocate(unsigned long)
_ZNSt24__default_alloc_templateILb1ELi0EE8allocateEm
GLIBCPP_3.2
std::__default_alloc_template<true, 0>::_S_refill(unsigned long)
_ZNSt24__default_alloc_templateILb1ELi0EE9_S_refillEm
GLIBCPP_3.2
std::locale::_Impl::_M_install_facet(std::locale::id const*, std::locale::facet*)
_ZNSt6locale5_Impl16_M_install_facetEPKNS_2idEPNS_5facetE
GLIBCPP_3.2
std::locale::facet::_M_add_reference()
_ZNSt6locale5facet16_M_add_referenceEv
GLIBCPP_3.2
std::locale::facet::_M_remove_reference()
_ZNSt6locale5facet19_M_remove_referenceEv
GLIBCPP_3.2
std::ios_base::Init::_S_ios_create(bool)
_ZNSt8ios_base4Init13_S_ios_createEb
GLIBCPP_3.2
std::ios_base::Init::_S_ios_destroy()
_ZNSt8ios_base4Init14_S_ios_destroyEv
GLIBCPP_3.2
std::basic_ios<char, std::char_traits<char> >::_M_cache_facets(std::locale const&)
_ZNSt9basic_iosIcSt11char_traitsIcEE15_M_cache_facetsERKSt6locale
GLIBCPP_3.2
std::basic_ios<wchar_t, std::char_traits<wchar_t> >::_M_cache_facets(std::locale const&)
_ZNSt9basic_iosIwSt11char_traitsIwEE15_M_cache_facetsERKSt6locale
GLIBCPP_3.2
std::string* std::__uninitialized_copy_aux<__gnu_cxx::__normal_iterator<std::string const*, std::vector<std::string, std::allocator<std::string> > >, std::string*>(__gnu_cxx::__normal_iterator<std::string const*, std::vector<std::string, std::allocator<std::string> > >, __gnu_cxx::__normal_iterator<std::string const*, std::vector<std::string, std::allocator<std::string> > >, std::string*, __false_type)
_ZSt24__uninitialized_copy_auxIN9__gnu_cxx17__normal_iteratorIPKSsSt6vectorISsSaISsEEEEPSsET0_T_SA_S9_12__false_type
GLIBCPP_3.2
std::string* std::__uninitialized_fill_n_aux<std::string*, unsigned long, std::string>(std::string*, unsigned long, std::string const&, __false_type)
_ZSt26__uninitialized_fill_n_auxIPSsmSsET_S1_T0_RKT1_12__false_type
GLIBCPP_3.2
__cxa_dyn_string_append
__cxa_dyn_string_append
CXXABI_1.2
__cxa_dyn_string_append_char
__cxa_dyn_string_append_char
CXXABI_1.2
__cxa_dyn_string_append_cstr
__cxa_dyn_string_append_cstr
CXXABI_1.2
__cxa_dyn_string_clear
__cxa_dyn_string_clear
CXXABI_1.2
__cxa_dyn_string_copy
__cxa_dyn_string_copy
CXXABI_1.2
__cxa_dyn_string_copy_cstr
__cxa_dyn_string_copy_cstr
CXXABI_1.2
__cxa_dyn_string_delete
__cxa_dyn_string_delete
CXXABI_1.2
__cxa_dyn_string_eq
__cxa_dyn_string_eq
CXXABI_1.2
__cxa_dyn_string_init
__cxa_dyn_string_init
CXXABI_1.2
__cxa_dyn_string_insert
__cxa_dyn_string_insert
CXXABI_1.2
__cxa_dyn_string_insert_char
__cxa_dyn_string_insert_char
CXXABI_1.2
__cxa_dyn_string_insert_cstr
__cxa_dyn_string_insert_cstr
CXXABI_1.2
__cxa_dyn_string_new
__cxa_dyn_string_new
CXXABI_1.2
__cxa_dyn_string_prepend
__cxa_dyn_string_prepend
CXXABI_1.2
__cxa_dyn_string_prepend_cstr
__cxa_dyn_string_prepend_cstr
CXXABI_1.2
__cxa_dyn_string_release
__cxa_dyn_string_release
CXXABI_1.2
__cxa_dyn_string_resize
__cxa_dyn_string_resize
CXXABI_1.2
__cxa_dyn_string_substring
__cxa_dyn_string_substring
CXXABI_1.2
CXXABI_1.2
CXXABI_1.2
GLIBCPP_3.2
GLIBCPP_3.2
std::__default_alloc_template<true, 0>::_S_free_list
_ZNSt24__default_alloc_templateILb1ELi0EE12_S_free_listE
GLIBCPP_3.2
vtable for __gnu_cxx::stdio_filebuf<char, std::char_traits<char> >
_ZTVN9__gnu_cxx13stdio_filebufIcSt11char_traitsIcEEE
GLIBCPP_3.2
vtable for __gnu_cxx::stdio_filebuf<wchar_t, std::char_traits<wchar_t> >
_ZTVN9__gnu_cxx13stdio_filebufIwSt11char_traitsIwEEE
GLIBCPP_3.2
std::time_get_c
_ZSt10time_get_c
GLIBCPP_3.2
std::time_get_w
_ZSt10time_get_w
GLIBCPP_3.2
std::time_put_c
_ZSt10time_put_c
GLIBCPP_3.2
std::time_put_w
_ZSt10time_put_w
GLIBCPP_3.2
std::money_get_c
_ZSt11money_get_c
GLIBCPP_3.2
std::money_get_w
_ZSt11money_get_w
GLIBCPP_3.2
std::money_put_c
_ZSt11money_put_c
GLIBCPP_3.2
std::money_put_w
_ZSt11money_put_w
GLIBCPP_3.2
std::num_get_c
_ZSt9num_get_c
GLIBCPP_3.2
std::num_get_w
_ZSt9num_get_w
GLIBCPP_3.2
std::num_put_c
_ZSt9num_put_c
GLIBCPP_3.2
std::num_put_w
_ZSt9num_put_w
GLIBCPP_3.2
std::facet_vec
_ZSt9facet_vec
GLIBCPP_3.2
std::__num_base::_S_atoms
_ZNSt10__num_base8_S_atomsE
GLIBCPP_3.2
std::buf_cin
_ZSt7buf_cin
GLIBCPP_3.2
std::buf_cerr
_ZSt8buf_cerr
GLIBCPP_3.2
std::buf_cout
_ZSt8buf_cout
GLIBCPP_3.2
std::locale::_Impl::_S_id_collate
_ZNSt6locale5_Impl13_S_id_collateE
GLIBCPP_3.2
std::locale::_Impl::_S_id_messages
_ZNSt6locale5_Impl14_S_id_messagesE
GLIBCPP_3.2
std::ctype_w
_ZSt7ctype_w
GLIBCPP_3.2
std::codecvt_c
_ZSt9codecvt_c
GLIBCPP_3.2
std::codecvt_w
_ZSt9codecvt_w
GLIBCPP_3.2
std::collate_c
_ZSt9collate_c
GLIBCPP_3.2
std::collate_w
_ZSt9collate_w
GLIBCPP_3.2
typeinfo for __gnu_cxx::stdio_filebuf<char, std::char_traits<char> >
_ZTIN9__gnu_cxx13stdio_filebufIcSt11char_traitsIcEEE
GLIBCPP_3.2
typeinfo for __gnu_cxx::stdio_filebuf<wchar_t, std::char_traits<wchar_t> >
_ZTIN9__gnu_cxx13stdio_filebufIwSt11char_traitsIwEEE
GLIBCPP_3.2
std::_S_bit_count
_ZSt12_S_bit_count
GLIBCPP_3.2
std::_S_first_one
_ZSt12_S_first_one
GLIBCPP_3.2
std::buf_wcin
_ZSt8buf_wcin
GLIBCPP_3.2
std::buf_wcerr
_ZSt9buf_wcerr
GLIBCPP_3.2
std::buf_wcout
_ZSt9buf_wcout
GLIBCPP_3.2
std::basic_string<wchar_t, std::char_traits<wchar_t>, std::allocator<wchar_t> >::_S_empty_rep_storage
_ZNSbIwSt11char_traitsIwESaIwEE20_S_empty_rep_storageE
GLIBCPP_3.2
std::string::_S_empty_rep_storage
_ZNSs20_S_empty_rep_storageE
GLIBCPP_3.2
std::messages_c
_ZSt10messages_c
GLIBCPP_3.2
std::messages_w
_ZSt10messages_w
GLIBCPP_3.2
typeinfo name for __cxxabiv1::__enum_type_info
_ZTSN10__cxxabiv116__enum_type_infoE
GLIBCPP_3.2
typeinfo name for __cxxabiv1::__array_type_info
_ZTSN10__cxxabiv117__array_type_infoE
GLIBCPP_3.2
typeinfo name for __cxxabiv1::__class_type_info
_ZTSN10__cxxabiv117__class_type_infoE
GLIBCPP_3.2
typeinfo name for __cxxabiv1::__pbase_type_info
_ZTSN10__cxxabiv117__pbase_type_infoE
GLIBCPP_3.2
typeinfo name for __cxxabiv1::__pointer_type_info
_ZTSN10__cxxabiv119__pointer_type_infoE
GLIBCPP_3.2
typeinfo name for __cxxabiv1::__function_type_info
_ZTSN10__cxxabiv120__function_type_infoE
GLIBCPP_3.2
typeinfo name for __cxxabiv1::__si_class_type_info
_ZTSN10__cxxabiv120__si_class_type_infoE
GLIBCPP_3.2
typeinfo name for __cxxabiv1::__vmi_class_type_info
_ZTSN10__cxxabiv121__vmi_class_type_infoE
GLIBCPP_3.2
std::timepunct_c
_ZSt11timepunct_c
GLIBCPP_3.2
std::timepunct_w
_ZSt11timepunct_w
GLIBCPP_3.2
std::__default_alloc_template<true, 0>::_S_node_allocator_lock
_ZNSt24__default_alloc_templateILb1ELi0EE22_S_node_allocator_lockE
GLIBCPP_3.2
std::locale::_Impl::_S_id_ctype
_ZNSt6locale5_Impl11_S_id_ctypeE
GLIBCPP_3.2
std::numpunct_c
_ZSt10numpunct_c
GLIBCPP_3.2
typeinfo name for __cxxabiv1::__fundamental_type_info
_ZTSN10__cxxabiv123__fundamental_type_infoE
GLIBCPP_3.2
typeinfo name for __cxxabiv1::__pointer_to_member_type_info
_ZTSN10__cxxabiv129__pointer_to_member_type_infoE
GLIBCPP_3.2
std::numpunct_w
_ZSt10numpunct_w
GLIBCPP_3.2
typeinfo name for __gnu_cxx::stdio_filebuf<char, std::char_traits<char> >
_ZTSN9__gnu_cxx13stdio_filebufIcSt11char_traitsIcEEE
GLIBCPP_3.2
typeinfo name for __gnu_cxx::stdio_filebuf<wchar_t, std::char_traits<wchar_t> >
_ZTSN9__gnu_cxx13stdio_filebufIwSt11char_traitsIwEEE
GLIBCPP_3.2
std::locale::_Impl::_S_id_time
_ZNSt6locale5_Impl10_S_id_timeE
GLIBCPP_3.2
std::locale::_Impl::_S_id_numeric
_ZNSt6locale5_Impl13_S_id_numericE
GLIBCPP_3.2
std::locale::_Impl::_S_facet_categories
_ZNSt6locale5_Impl19_S_facet_categoriesE
GLIBCPP_3.2
std::ctype_c
_ZSt7ctype_c
GLIBCPP_3.2
std::locale::_Impl::_S_id_monetary
_ZNSt6locale5_Impl14_S_id_monetaryE
GLIBCPP_3.2
std::c_locale_impl
_ZSt13c_locale_impl
GLIBCPP_3.2
std::moneypunct_fc
_ZSt13moneypunct_fc
GLIBCPP_3.2
std::moneypunct_fw
_ZSt13moneypunct_fw
GLIBCPP_3.2
std::moneypunct_tc
_ZSt13moneypunct_tc
GLIBCPP_3.2
std::moneypunct_tw
_ZSt13moneypunct_tw
GLIBCPP_3.2
std::basic_streambuf<char, std::char_traits<char> >::_S_pback_size
_ZNSt15basic_streambufIcSt11char_traitsIcEE13_S_pback_sizeE
GLIBCPP_3.2
std::basic_streambuf<wchar_t, std::char_traits<wchar_t> >::_S_pback_size
_ZNSt15basic_streambufIwSt11char_traitsIwEE13_S_pback_sizeE
GLIBCPP_3.2
std::__default_alloc_template<true, 0>::_S_end_free
_ZNSt24__default_alloc_templateILb1ELi0EE11_S_end_freeE
GLIBCPP_3.2
std::__default_alloc_template<true, 0>::_S_heap_size
_ZNSt24__default_alloc_templateILb1ELi0EE12_S_heap_sizeE
GLIBCPP_3.2
std::__default_alloc_template<true, 0>::_S_start_free
_ZNSt24__default_alloc_templateILb1ELi0EE13_S_start_freeE
GLIBCPP_3.2
std::locale::_S_classic
_ZNSt6locale10_S_classicE
GLIBCPP_3.2
std::locale::_S_num_categories
_ZNSt6locale17_S_num_categoriesE
GLIBCPP_3.2
std::locale::_S_global
_ZNSt6locale9_S_globalE
GLIBCPP_3.2
std::c_locale
_ZSt8c_locale
GLIBCPP_3.2
172 incompatible symbols
std::codecvt<char, char, __mbstate_t>::do_length(__mbstate_t const&, char const*, char const*, unsigned long) const
_ZNKSt7codecvtIcc11__mbstate_tE9do_lengthERKS0_PKcS5_m
GLIBCPP_3.2
std::codecvt<wchar_t, char, __mbstate_t>::do_length(__mbstate_t const&, char const*, char const*, unsigned long) const
_ZNKSt7codecvtIwc11__mbstate_tE9do_lengthERKS0_PKcS5_m
GLIBCPP_3.2
std::num_put<char, std::ostreambuf_iterator<char, std::char_traits<char> > >::_M_widen_int(std::ostreambuf_iterator<char, std::char_traits<char> >, std::ios_base&, char, char*, int) const
_ZNKSt7num_putIcSt19ostreambuf_iteratorIcSt11char_traitsIcEEE12_M_widen_intES3_RSt8ios_basecPci
GLIBCPP_3.2
std::ostreambuf_iterator<char, std::char_traits<char> > std::num_put<char, std::ostreambuf_iterator<char, std::char_traits<char> > >::_M_convert_int<long>(std::ostreambuf_iterator<char, std::char_traits<char> >, std::ios_base&, char, char, char, long) const
_ZNKSt7num_putIcSt19ostreambuf_iteratorIcSt11char_traitsIcEEE14_M_convert_intIlEES3_S3_RSt8ios_basecccT_
GLIBCPP_3.2
std::ostreambuf_iterator<char, std::char_traits<char> > std::num_put<char, std::ostreambuf_iterator<char, std::char_traits<char> > >::_M_convert_int<unsigned long>(std::ostreambuf_iterator<char, std::char_traits<char> >, std::ios_base&, char, char, char, unsigned long) const
_ZNKSt7num_putIcSt19ostreambuf_iteratorIcSt11char_traitsIcEEE14_M_convert_intImEES3_S3_RSt8ios_basecccT_
GLIBCPP_3.2
std::ostreambuf_iterator<char, std::char_traits<char> > std::num_put<char, std::ostreambuf_iterator<char, std::char_traits<char> > >::_M_convert_int<long long>(std::ostreambuf_iterator<char, std::char_traits<char> >, std::ios_base&, char, char, char, long long) const
_ZNKSt7num_putIcSt19ostreambuf_iteratorIcSt11char_traitsIcEEE14_M_convert_intIxEES3_S3_RSt8ios_basecccT_
GLIBCPP_3.2
std::ostreambuf_iterator<char, std::char_traits<char> > std::num_put<char, std::ostreambuf_iterator<char, std::char_traits<char> > >::_M_convert_int<unsigned long long>(std::ostreambuf_iterator<char, std::char_traits<char> >, std::ios_base&, char, char, char, unsigned long long) const
_ZNKSt7num_putIcSt19ostreambuf_iteratorIcSt11char_traitsIcEEE14_M_convert_intIyEES3_S3_RSt8ios_basecccT_
GLIBCPP_3.2
std::num_put<char, std::ostreambuf_iterator<char, std::char_traits<char> > >::_M_widen_float(std::ostreambuf_iterator<char, std::char_traits<char> >, std::ios_base&, char, char*, int) const
_ZNKSt7num_putIcSt19ostreambuf_iteratorIcSt11char_traitsIcEEE14_M_widen_floatES3_RSt8ios_basecPci
GLIBCPP_3.2
std::num_put<char, std::ostreambuf_iterator<char, std::char_traits<char> > >::_M_insert(std::ostreambuf_iterator<char, std::char_traits<char> >, std::ios_base&, char, char const*, int) const
_ZNKSt7num_putIcSt19ostreambuf_iteratorIcSt11char_traitsIcEEE9_M_insertES3_RSt8ios_basecPKci
GLIBCPP_3.2
std::num_put<wchar_t, std::ostreambuf_iterator<wchar_t, std::char_traits<wchar_t> > >::_M_widen_int(std::ostreambuf_iterator<wchar_t, std::char_traits<wchar_t> >, std::ios_base&, wchar_t, char*, int) const
_ZNKSt7num_putIwSt19ostreambuf_iteratorIwSt11char_traitsIwEEE12_M_widen_intES3_RSt8ios_basewPci
GLIBCPP_3.2
std::ostreambuf_iterator<wchar_t, std::char_traits<wchar_t> > std::num_put<wchar_t, std::ostreambuf_iterator<wchar_t, std::char_traits<wchar_t> > >::_M_convert_int<long>(std::ostreambuf_iterator<wchar_t, std::char_traits<wchar_t> >, std::ios_base&, wchar_t, char, char, long) const
_ZNKSt7num_putIwSt19ostreambuf_iteratorIwSt11char_traitsIwEEE14_M_convert_intIlEES3_S3_RSt8ios_basewccT_
GLIBCPP_3.2
std::ostreambuf_iterator<wchar_t, std::char_traits<wchar_t> > std::num_put<wchar_t, std::ostreambuf_iterator<wchar_t, std::char_traits<wchar_t> > >::_M_convert_int<unsigned long>(std::ostreambuf_iterator<wchar_t, std::char_traits<wchar_t> >, std::ios_base&, wchar_t, char, char, unsigned long) const
_ZNKSt7num_putIwSt19ostreambuf_iteratorIwSt11char_traitsIwEEE14_M_convert_intImEES3_S3_RSt8ios_basewccT_
GLIBCPP_3.2
std::ostreambuf_iterator<wchar_t, std::char_traits<wchar_t> > std::num_put<wchar_t, std::ostreambuf_iterator<wchar_t, std::char_traits<wchar_t> > >::_M_convert_int<long long>(std::ostreambuf_iterator<wchar_t, std::char_traits<wchar_t> >, std::ios_base&, wchar_t, char, char, long long) const
_ZNKSt7num_putIwSt19ostreambuf_iteratorIwSt11char_traitsIwEEE14_M_convert_intIxEES3_S3_RSt8ios_basewccT_
GLIBCPP_3.2
std::ostreambuf_iterator<wchar_t, std::char_traits<wchar_t> > std::num_put<wchar_t, std::ostreambuf_iterator<wchar_t, std::char_traits<wchar_t> > >::_M_convert_int<unsigned long long>(std::ostreambuf_iterator<wchar_t, std::char_traits<wchar_t> >, std::ios_base&, wchar_t, char, char, unsigned long long) const
_ZNKSt7num_putIwSt19ostreambuf_iteratorIwSt11char_traitsIwEEE14_M_convert_intIyEES3_S3_RSt8ios_basewccT_
GLIBCPP_3.2
std::num_put<wchar_t, std::ostreambuf_iterator<wchar_t, std::char_traits<wchar_t> > >::_M_widen_float(std::ostreambuf_iterator<wchar_t, std::char_traits<wchar_t> >, std::ios_base&, wchar_t, char*, int) const
_ZNKSt7num_putIwSt19ostreambuf_iteratorIwSt11char_traitsIwEEE14_M_widen_floatES3_RSt8ios_basewPci
GLIBCPP_3.2
std::num_put<wchar_t, std::ostreambuf_iterator<wchar_t, std::char_traits<wchar_t> > >::_M_insert(std::ostreambuf_iterator<wchar_t, std::char_traits<wchar_t> >, std::ios_base&, wchar_t, wchar_t const*, int) const
_ZNKSt7num_putIwSt19ostreambuf_iteratorIwSt11char_traitsIwEEE9_M_insertES3_RSt8ios_basewPKwi
GLIBCPP_3.2
std::basic_ios<char, std::char_traits<char> >::_M_check_facet(std::locale::facet const*) const
_ZNKSt9basic_iosIcSt11char_traitsIcEE14_M_check_facetEPKNSt6locale5facetE
GLIBCPP_3.2
std::basic_ios<wchar_t, std::char_traits<wchar_t> >::_M_check_facet(std::locale::facet const*) const
_ZNKSt9basic_iosIwSt11char_traitsIwEE14_M_check_facetEPKNSt6locale5facetE
GLIBCPP_3.2
std::istream::sentry::operator bool()
_ZNSi6sentrycvbEv
GLIBCPP_3.2
std::ostream::sentry::operator bool()
_ZNSo6sentrycvbEv
GLIBCPP_3.2
std::__num_base::_S_format_int(std::ios_base const&, char*, char, char)
_ZNSt10__num_base13_S_format_intERKSt8ios_basePccc
GLIBCPP_3.2
std::__num_base::_S_format_float(std::ios_base const&, char*, char, long)
_ZNSt10__num_base15_S_format_floatERKSt8ios_basePccl
GLIBCPP_3.2
std::basic_filebuf<char, std::char_traits<char> >::_M_really_overflow(int)
_ZNSt13basic_filebufIcSt11char_traitsIcEE18_M_really_overflowEi
GLIBCPP_3.2
std::basic_filebuf<char, std::char_traits<char> >::_M_set_determinate(long)
_ZNSt13basic_filebufIcSt11char_traitsIcEE18_M_set_determinateEl
GLIBCPP_3.2
std::basic_filebuf<char, std::char_traits<char> >::_M_is_indeterminate()
_ZNSt13basic_filebufIcSt11char_traitsIcEE19_M_is_indeterminateEv
GLIBCPP_3.2
std::basic_filebuf<char, std::char_traits<char> >::_M_underflow_common(bool)
_ZNSt13basic_filebufIcSt11char_traitsIcEE19_M_underflow_commonEb
GLIBCPP_3.2
std::basic_filebuf<char, std::char_traits<char> >::_M_set_indeterminate()
_ZNSt13basic_filebufIcSt11char_traitsIcEE20_M_set_indeterminateEv
GLIBCPP_3.2
std::basic_filebuf<char, std::char_traits<char> >::_M_convert_to_external(char*, long, long&, long&)
_ZNSt13basic_filebufIcSt11char_traitsIcEE22_M_convert_to_externalEPclRlS4_
GLIBCPP_3.2
std::basic_filebuf<wchar_t, std::char_traits<wchar_t> >::_M_really_overflow(unsigned int)
_ZNSt13basic_filebufIwSt11char_traitsIwEE18_M_really_overflowEj
GLIBCPP_3.2
std::basic_filebuf<wchar_t, std::char_traits<wchar_t> >::_M_set_determinate(long)
_ZNSt13basic_filebufIwSt11char_traitsIwEE18_M_set_determinateEl
GLIBCPP_3.2
std::basic_filebuf<wchar_t, std::char_traits<wchar_t> >::_M_is_indeterminate()
_ZNSt13basic_filebufIwSt11char_traitsIwEE19_M_is_indeterminateEv
GLIBCPP_3.2
std::basic_filebuf<wchar_t, std::char_traits<wchar_t> >::_M_underflow_common(bool)
_ZNSt13basic_filebufIwSt11char_traitsIwEE19_M_underflow_commonEb
GLIBCPP_3.2
std::basic_filebuf<wchar_t, std::char_traits<wchar_t> >::_M_set_indeterminate()
_ZNSt13basic_filebufIwSt11char_traitsIwEE20_M_set_indeterminateEv
GLIBCPP_3.2
std::basic_filebuf<wchar_t, std::char_traits<wchar_t> >::_M_convert_to_external(wchar_t*, long, long&, long&)
_ZNSt13basic_filebufIwSt11char_traitsIwEE22_M_convert_to_externalEPwlRlS4_
GLIBCPP_3.2
std::basic_istream<wchar_t, std::char_traits<wchar_t> >::sentry::operator bool()
_ZNSt13basic_istreamIwSt11char_traitsIwEE6sentrycvbEv
GLIBCPP_3.2
std::basic_ostream<wchar_t, std::char_traits<wchar_t> >::sentry::operator bool()
_ZNSt13basic_ostreamIwSt11char_traitsIwEE6sentrycvbEv
GLIBCPP_3.2
std::basic_streambuf<char, std::char_traits<char> >::_M_in_cur_move(long)
_ZNSt15basic_streambufIcSt11char_traitsIcEE14_M_in_cur_moveEl
GLIBCPP_3.2
std::basic_streambuf<char, std::char_traits<char> >::_M_out_buf_size()
_ZNSt15basic_streambufIcSt11char_traitsIcEE15_M_out_buf_sizeEv
GLIBCPP_3.2
std::basic_streambuf<char, std::char_traits<char> >::_M_out_cur_move(long)
_ZNSt15basic_streambufIcSt11char_traitsIcEE15_M_out_cur_moveEl
GLIBCPP_3.2
std::basic_streambuf<char, std::char_traits<char> >::_M_pback_create()
_ZNSt15basic_streambufIcSt11char_traitsIcEE15_M_pback_createEv
GLIBCPP_3.2
std::basic_streambuf<char, std::char_traits<char> >::_M_pback_destroy()
_ZNSt15basic_streambufIcSt11char_traitsIcEE16_M_pback_destroyEv
GLIBCPP_3.2
std::basic_streambuf<wchar_t, std::char_traits<wchar_t> >::_M_in_cur_move(long)
_ZNSt15basic_streambufIwSt11char_traitsIwEE14_M_in_cur_moveEl
GLIBCPP_3.2
std::basic_streambuf<wchar_t, std::char_traits<wchar_t> >::_M_out_buf_size()
_ZNSt15basic_streambufIwSt11char_traitsIwEE15_M_out_buf_sizeEv
GLIBCPP_3.2
std::basic_streambuf<wchar_t, std::char_traits<wchar_t> >::_M_out_cur_move(long)
_ZNSt15basic_streambufIwSt11char_traitsIwEE15_M_out_cur_moveEl
GLIBCPP_3.2
std::basic_streambuf<wchar_t, std::char_traits<wchar_t> >::_M_pback_create()
_ZNSt15basic_streambufIwSt11char_traitsIwEE15_M_pback_createEv
GLIBCPP_3.2
std::basic_streambuf<wchar_t, std::char_traits<wchar_t> >::_M_pback_destroy()
_ZNSt15basic_streambufIwSt11char_traitsIwEE16_M_pback_destroyEv
GLIBCPP_3.2
std::basic_stringbuf<char, std::char_traits<char>, std::allocator<char> >::_M_really_sync(unsigned long, unsigned long)
_ZNSt15basic_stringbufIcSt11char_traitsIcESaIcEE14_M_really_syncEmm
GLIBCPP_3.2
std::basic_stringbuf<wchar_t, std::char_traits<wchar_t>, std::allocator<wchar_t> >::_M_really_sync(unsigned long, unsigned long)
_ZNSt15basic_stringbufIwSt11char_traitsIwESaIwEE14_M_really_syncEmm
GLIBCPP_3.2
std::__default_alloc_template<true, 0>::deallocate(void*, unsigned long)
_ZNSt24__default_alloc_templateILb1ELi0EE10deallocateEPvm
GLIBCPP_3.2
std::__default_alloc_template<true, 0>::_S_round_up(unsigned long)
_ZNSt24__default_alloc_templateILb1ELi0EE11_S_round_upEm
GLIBCPP_3.2
std::__default_alloc_template<true, 0>::_S_chunk_alloc(unsigned long, int&)
_ZNSt24__default_alloc_templateILb1ELi0EE14_S_chunk_allocEmRi
GLIBCPP_3.2
std::__default_alloc_template<true, 0>::_S_freelist_index(unsigned long)
_ZNSt24__default_alloc_templateILb1ELi0EE17_S_freelist_indexEm
GLIBCPP_3.2
std::__default_alloc_template<true, 0>::_Lock::_Lock()
_ZNSt24__default_alloc_templateILb1ELi0EE5_LockC1Ev
GLIBCPP_3.2
std::__default_alloc_template<true, 0>::_Lock::_Lock()
_ZNSt24__default_alloc_templateILb1ELi0EE5_LockC2Ev
GLIBCPP_3.2
std::__default_alloc_template<true, 0>::_Lock::~_Lock()
_ZNSt24__default_alloc_templateILb1ELi0EE5_LockD1Ev
GLIBCPP_3.2
std::__default_alloc_template<true, 0>::_Lock::~_Lock()
_ZNSt24__default_alloc_templateILb1ELi0EE5_LockD2Ev
GLIBCPP_3.2
std::__default_alloc_template<true, 0>::allocate(unsigned long)
_ZNSt24__default_alloc_templateILb1ELi0EE8allocateEm
GLIBCPP_3.2
std::__default_alloc_template<true, 0>::_S_refill(unsigned long)
_ZNSt24__default_alloc_templateILb1ELi0EE9_S_refillEm
GLIBCPP_3.2
std::locale::_Impl::_M_install_facet(std::locale::id const*, std::locale::facet*)
_ZNSt6locale5_Impl16_M_install_facetEPKNS_2idEPNS_5facetE
GLIBCPP_3.2
std::locale::facet::_M_add_reference()
_ZNSt6locale5facet16_M_add_referenceEv
GLIBCPP_3.2
std::locale::facet::_M_remove_reference()
_ZNSt6locale5facet19_M_remove_referenceEv
GLIBCPP_3.2
std::ios_base::Init::_S_ios_create(bool)
_ZNSt8ios_base4Init13_S_ios_createEb
GLIBCPP_3.2
std::ios_base::Init::_S_ios_destroy()
_ZNSt8ios_base4Init14_S_ios_destroyEv
GLIBCPP_3.2
std::basic_ios<char, std::char_traits<char> >::_M_cache_facets(std::locale const&)
_ZNSt9basic_iosIcSt11char_traitsIcEE15_M_cache_facetsERKSt6locale
GLIBCPP_3.2
std::basic_ios<wchar_t, std::char_traits<wchar_t> >::_M_cache_facets(std::locale const&)
_ZNSt9basic_iosIwSt11char_traitsIwEE15_M_cache_facetsERKSt6locale
GLIBCPP_3.2
std::string* std::__uninitialized_copy_aux<__gnu_cxx::__normal_iterator<std::string const*, std::vector<std::string, std::allocator<std::string> > >, std::string*>(__gnu_cxx::__normal_iterator<std::string const*, std::vector<std::string, std::allocator<std::string> > >, __gnu_cxx::__normal_iterator<std::string const*, std::vector<std::string, std::allocator<std::string> > >, std::string*, __false_type)
_ZSt24__uninitialized_copy_auxIN9__gnu_cxx17__normal_iteratorIPKSsSt6vectorISsSaISsEEEEPSsET0_T_SA_S9_12__false_type
GLIBCPP_3.2
std::string* std::__uninitialized_fill_n_aux<std::string*, unsigned long, std::string>(std::string*, unsigned long, std::string const&, __false_type)
_ZSt26__uninitialized_fill_n_auxIPSsmSsET_S1_T0_RKT1_12__false_type
GLIBCPP_3.2
__cxa_dyn_string_append
__cxa_dyn_string_append
CXXABI_1.2
__cxa_dyn_string_append_char
__cxa_dyn_string_append_char
CXXABI_1.2
__cxa_dyn_string_append_cstr
__cxa_dyn_string_append_cstr
CXXABI_1.2
__cxa_dyn_string_clear
__cxa_dyn_string_clear
CXXABI_1.2
__cxa_dyn_string_copy
__cxa_dyn_string_copy
CXXABI_1.2
__cxa_dyn_string_copy_cstr
__cxa_dyn_string_copy_cstr
CXXABI_1.2
__cxa_dyn_string_delete
__cxa_dyn_string_delete
CXXABI_1.2
__cxa_dyn_string_eq
__cxa_dyn_string_eq
CXXABI_1.2
__cxa_dyn_string_init
__cxa_dyn_string_init
CXXABI_1.2
__cxa_dyn_string_insert
__cxa_dyn_string_insert
CXXABI_1.2
__cxa_dyn_string_insert_char
__cxa_dyn_string_insert_char
CXXABI_1.2
__cxa_dyn_string_insert_cstr
__cxa_dyn_string_insert_cstr
CXXABI_1.2
__cxa_dyn_string_new
__cxa_dyn_string_new
CXXABI_1.2
__cxa_dyn_string_prepend
__cxa_dyn_string_prepend
CXXABI_1.2
__cxa_dyn_string_prepend_cstr
__cxa_dyn_string_prepend_cstr
CXXABI_1.2
__cxa_dyn_string_release
__cxa_dyn_string_release
CXXABI_1.2
__cxa_dyn_string_resize
__cxa_dyn_string_resize
CXXABI_1.2
__cxa_dyn_string_substring
__cxa_dyn_string_substring
CXXABI_1.2
CXXABI_1.2
CXXABI_1.2
GLIBCPP_3.2
GLIBCPP_3.2
std::__default_alloc_template<true, 0>::_S_free_list
_ZNSt24__default_alloc_templateILb1ELi0EE12_S_free_listE
GLIBCPP_3.2
vtable for __gnu_cxx::stdio_filebuf<char, std::char_traits<char> >
_ZTVN9__gnu_cxx13stdio_filebufIcSt11char_traitsIcEEE
GLIBCPP_3.2
vtable for __gnu_cxx::stdio_filebuf<wchar_t, std::char_traits<wchar_t> >
_ZTVN9__gnu_cxx13stdio_filebufIwSt11char_traitsIwEEE
GLIBCPP_3.2
std::time_get_c
_ZSt10time_get_c
GLIBCPP_3.2
std::time_get_w
_ZSt10time_get_w
GLIBCPP_3.2
std::time_put_c
_ZSt10time_put_c
GLIBCPP_3.2
std::time_put_w
_ZSt10time_put_w
GLIBCPP_3.2
std::money_get_c
_ZSt11money_get_c
GLIBCPP_3.2
std::money_get_w
_ZSt11money_get_w
GLIBCPP_3.2
std::money_put_c
_ZSt11money_put_c
GLIBCPP_3.2
std::money_put_w
_ZSt11money_put_w
GLIBCPP_3.2
std::num_get_c
_ZSt9num_get_c
GLIBCPP_3.2
std::num_get_w
_ZSt9num_get_w
GLIBCPP_3.2
std::num_put_c
_ZSt9num_put_c
GLIBCPP_3.2
std::num_put_w
_ZSt9num_put_w
GLIBCPP_3.2
std::facet_vec
_ZSt9facet_vec
GLIBCPP_3.2
std::__num_base::_S_atoms
_ZNSt10__num_base8_S_atomsE
GLIBCPP_3.2
std::buf_cin
_ZSt7buf_cin
GLIBCPP_3.2
std::buf_cerr
_ZSt8buf_cerr
GLIBCPP_3.2
std::buf_cout
_ZSt8buf_cout
GLIBCPP_3.2
std::locale::_Impl::_S_id_collate
_ZNSt6locale5_Impl13_S_id_collateE
GLIBCPP_3.2
std::locale::_Impl::_S_id_messages
_ZNSt6locale5_Impl14_S_id_messagesE
GLIBCPP_3.2
std::ctype_w
_ZSt7ctype_w
GLIBCPP_3.2
std::codecvt_c
_ZSt9codecvt_c
GLIBCPP_3.2
std::codecvt_w
_ZSt9codecvt_w
GLIBCPP_3.2
std::collate_c
_ZSt9collate_c
GLIBCPP_3.2
std::collate_w
_ZSt9collate_w
GLIBCPP_3.2
typeinfo for __gnu_cxx::stdio_filebuf<char, std::char_traits<char> >
_ZTIN9__gnu_cxx13stdio_filebufIcSt11char_traitsIcEEE
GLIBCPP_3.2
typeinfo for __gnu_cxx::stdio_filebuf<wchar_t, std::char_traits<wchar_t> >
_ZTIN9__gnu_cxx13stdio_filebufIwSt11char_traitsIwEEE
GLIBCPP_3.2
std::_S_bit_count
_ZSt12_S_bit_count
GLIBCPP_3.2
std::_S_first_one
_ZSt12_S_first_one
GLIBCPP_3.2
std::buf_wcin
_ZSt8buf_wcin
GLIBCPP_3.2
std::buf_wcerr
_ZSt9buf_wcerr
GLIBCPP_3.2
std::buf_wcout
_ZSt9buf_wcout
GLIBCPP_3.2
std::basic_string<wchar_t, std::char_traits<wchar_t>, std::allocator<wchar_t> >::_S_empty_rep_storage
_ZNSbIwSt11char_traitsIwESaIwEE20_S_empty_rep_storageE
GLIBCPP_3.2
std::string::_S_empty_rep_storage
_ZNSs20_S_empty_rep_storageE
GLIBCPP_3.2
std::messages_c
_ZSt10messages_c
GLIBCPP_3.2
std::messages_w
_ZSt10messages_w
GLIBCPP_3.2
typeinfo name for __cxxabiv1::__enum_type_info
_ZTSN10__cxxabiv116__enum_type_infoE
GLIBCPP_3.2
typeinfo name for __cxxabiv1::__array_type_info
_ZTSN10__cxxabiv117__array_type_infoE
GLIBCPP_3.2
typeinfo name for __cxxabiv1::__class_type_info
_ZTSN10__cxxabiv117__class_type_infoE
GLIBCPP_3.2
typeinfo name for __cxxabiv1::__pbase_type_info
_ZTSN10__cxxabiv117__pbase_type_infoE
GLIBCPP_3.2
typeinfo name for __cxxabiv1::__pointer_type_info
_ZTSN10__cxxabiv119__pointer_type_infoE
GLIBCPP_3.2
typeinfo name for __cxxabiv1::__function_type_info
_ZTSN10__cxxabiv120__function_type_infoE
GLIBCPP_3.2
typeinfo name for __cxxabiv1::__si_class_type_info
_ZTSN10__cxxabiv120__si_class_type_infoE
GLIBCPP_3.2
typeinfo name for __cxxabiv1::__vmi_class_type_info
_ZTSN10__cxxabiv121__vmi_class_type_infoE
GLIBCPP_3.2
std::timepunct_c
_ZSt11timepunct_c
GLIBCPP_3.2
std::timepunct_w
_ZSt11timepunct_w
GLIBCPP_3.2
std::__default_alloc_template<true, 0>::_S_node_allocator_lock
_ZNSt24__default_alloc_templateILb1ELi0EE22_S_node_allocator_lockE
GLIBCPP_3.2
std::locale::_Impl::_S_id_ctype
_ZNSt6locale5_Impl11_S_id_ctypeE
GLIBCPP_3.2
std::numpunct_c
_ZSt10numpunct_c
GLIBCPP_3.2
typeinfo name for __cxxabiv1::__fundamental_type_info
_ZTSN10__cxxabiv123__fundamental_type_infoE
GLIBCPP_3.2
typeinfo name for __cxxabiv1::__pointer_to_member_type_info
_ZTSN10__cxxabiv129__pointer_to_member_type_infoE
GLIBCPP_3.2
std::numpunct_w
_ZSt10numpunct_w
GLIBCPP_3.2
typeinfo name for __gnu_cxx::stdio_filebuf<char, std::char_traits<char> >
_ZTSN9__gnu_cxx13stdio_filebufIcSt11char_traitsIcEEE
GLIBCPP_3.2
typeinfo name for __gnu_cxx::stdio_filebuf<wchar_t, std::char_traits<wchar_t> >
_ZTSN9__gnu_cxx13stdio_filebufIwSt11char_traitsIwEEE
GLIBCPP_3.2
std::locale::_Impl::_S_id_time
_ZNSt6locale5_Impl10_S_id_timeE
GLIBCPP_3.2
std::locale::_Impl::_S_id_numeric
_ZNSt6locale5_Impl13_S_id_numericE
GLIBCPP_3.2
std::locale::_Impl::_S_facet_categories
_ZNSt6locale5_Impl19_S_facet_categoriesE
GLIBCPP_3.2
std::ctype_c
_ZSt7ctype_c
GLIBCPP_3.2
std::locale::_Impl::_S_id_monetary
_ZNSt6locale5_Impl14_S_id_monetaryE
GLIBCPP_3.2
std::c_locale_impl
_ZSt13c_locale_impl
GLIBCPP_3.2
std::moneypunct_fc
_ZSt13moneypunct_fc
GLIBCPP_3.2
std::moneypunct_fw
_ZSt13moneypunct_fw
GLIBCPP_3.2
std::moneypunct_tc
_ZSt13moneypunct_tc
GLIBCPP_3.2
std::moneypunct_tw
_ZSt13moneypunct_tw
GLIBCPP_3.2
std::basic_streambuf<char, std::char_traits<char> >::_S_pback_size
_ZNSt15basic_streambufIcSt11char_traitsIcEE13_S_pback_sizeE
GLIBCPP_3.2
std::basic_streambuf<wchar_t, std::char_traits<wchar_t> >::_S_pback_size
_ZNSt15basic_streambufIwSt11char_traitsIwEE13_S_pback_sizeE
GLIBCPP_3.2
std::__default_alloc_template<true, 0>::_S_end_free
_ZNSt24__default_alloc_templateILb1ELi0EE11_S_end_freeE
GLIBCPP_3.2
std::__default_alloc_template<true, 0>::_S_heap_size
_ZNSt24__default_alloc_templateILb1ELi0EE12_S_heap_sizeE
GLIBCPP_3.2
std::__default_alloc_template<true, 0>::_S_start_free
_ZNSt24__default_alloc_templateILb1ELi0EE13_S_start_freeE
GLIBCPP_3.2
std::locale::_S_classic
_ZNSt6locale10_S_classicE
GLIBCPP_3.2
std::locale::_S_num_categories
_ZNSt6locale17_S_num_categoriesE
GLIBCPP_3.2
std::locale::_S_global
_ZNSt6locale9_S_globalE
GLIBCPP_3.2
std::c_locale
_ZSt8c_locale
GLIBCPP_3.2
std::cerr
_ZSt4cerr
GLIBCPP_3.4
incompatible sizes
272
280
std::clog
_ZSt4clog
GLIBCPP_3.4
incompatible sizes
272
280
std::cout
_ZSt4cout
GLIBCPP_3.4
incompatible sizes
272
280
std::wcerr
_ZSt5wcerr
GLIBCPP_3.4
incompatible sizes
272
280
std::wclog
_ZSt5wclog
GLIBCPP_3.4
incompatible sizes
272
280
std::wcout
_ZSt5wcout
GLIBCPP_3.4
incompatible sizes
272
280
std::cin
_ZSt3cin
GLIBCPP_3.4
incompatible sizes
280
288
std::wcin
_ZSt4wcin
GLIBCPP_3.4
incompatible sizes
280
288
typeinfo for std::basic_ios<char, std::char_traits<char> >
_ZTISt9basic_iosIcSt11char_traitsIcEE
GLIBCPP_3.4
incompatible sizes
56
24
typeinfo for std::basic_ios<wchar_t, std::char_traits<wchar_t> >
_ZTISt9basic_iosIwSt11char_traitsIwEE
GLIBCPP_3.4
incompatible sizes
56
24
=== libstdc++-v3 check-abi Summary ===
79 added symbols
162 missing symbols
172 incompatible symbols