This is the mail archive of the
gcc-testresults@gcc.gnu.org
mailing list for the GCC project.
Results for [3.3] gcc libstdc++-v3 testsuite on i686-pc-linux-gnu
- From: "Autocrasher" <autocrasher at devphil dot com>
- To: gcc-testresults at gcc dot gnu dot org
- Date: 11 Jun 2003 21:36:02 -0000
- Subject: Results for [3.3] gcc libstdc++-v3 testsuite on i686-pc-linux-gnu
The configure/build/test log and libstdc++-v3 regression plots can be
found at http://www.devphil.com/build/
Host was specified as athlon_mp-pc-linux-gnu.
This particular run used standard (previously installed) binutils.
- The Autocrasher (Phil's Builder Bot, version 2.0)
LAST_UPDATED: Mon Feb 3 09:16:15 UTC 2003
Native configuration is i686-pc-linux-gnu
=== libstdc++-v3 tests ===
Running target unix
XPASS: 22_locale/ctype_is_wchar_t.cc execution test
WARNING: program timed out.
FAIL: thread/pthread4.cc execution test
=== libstdc++-v3 Summary ===
# of expected passes 452
# of unexpected failures 1
# of unexpected successes 1
# of expected failures 27
Compiler version: gcc libstdc++-v3
Platform: i686-pc-linux-gnu
configure flags: --prefix=/mnt/build/install-2003-06-11-3.3 --host=athlon_mp-pc-linux-gnu --enable-threads=posix --enable-__cxa_atexit --enable-languages=c++ --with-dwarf2 --enable-cxx-flags=-march=athlon-mp