This is the mail archive of the
gcc-testresults@gcc.gnu.org
mailing list for the GCC project.
Results for 3.4 20030610 (experimental) testsuite on i386-unknown-freebsd5.1
- From: Loren James Rittle <ljrittle at FreeBSD dot org>
- To: gcc-testresults at gcc dot gnu dot org, ljrittle at FreeBSD dot org,obrien at freebsd dot org
- Date: Tue, 10 Jun 2003 22:37:50 -0700 (PDT)
- Subject: Results for 3.4 20030610 (experimental) testsuite on i386-unknown-freebsd5.1
Using gmake with objdir configuration on ref5 (see key)
LAST_UPDATED: Tue Jun 10 20:51:07 GMT 2003
Native configuration is i386-unknown-freebsd5.1
=== g++ tests ===
Running target unix/-pthread
FAIL: g++.dg/eh/simd-2.C (test for excess errors)
WARNING: g++.dg/eh/simd-2.C compilation failed to produce executable
FAIL: g++.dg/ext/pretty1.C scan-assembler top level
FAIL: g++.dg/ext/pretty2.C (test for excess errors)
WARNING: g++.dg/ext/pretty2.C compilation failed to produce executable
FAIL: g++.dg/init/array10.C (test for excess errors)
FAIL: g++.old-deja/g++.eh/badalloc1.C execution test
FAIL: g++.old-deja/g++.law/profile1.C (test for excess errors)
WARNING: g++.old-deja/g++.law/profile1.C compilation failed to produce executable
WARNING: g++.old-deja/g++.mike/p10769a.C compilation failed to produce executable
WARNING: g++.old-deja/g++.other/enum5.C compilation failed to produce executable
WARNING: g++.old-deja/g++.pt/friend44.C compilation failed to produce executable
=== g++ Summary ===
# of expected passes 8617
# of unexpected failures 6
# of expected failures 68
# of unsupported tests 19
/local0/scratch/ljrittle/gcc-build-ref5-0610/gcc/testsuite/../g++ version 3.4 20030610 (experimental)
=== g77 tests ===
Running target unix/-pthread
FAIL: g77.f-torture/compile/20010321-1.f, -O0
FAIL: g77.f-torture/compile/20010321-1.f, -O1
FAIL: g77.f-torture/compile/20010321-1.f, -O2
FAIL: g77.f-torture/compile/20010321-1.f, -O3 -fomit-frame-pointer
FAIL: g77.f-torture/compile/20010321-1.f, -O3 -g
FAIL: g77.f-torture/compile/20010321-1.f, -Os
FAIL: g77.f-torture/execute/980520-1.f compilation, -O0
=== g77 Summary ===
# of expected passes 1740
# of unexpected failures 7
# of untested testcases 1
# of unsupported tests 6
/local0/scratch/ljrittle/gcc-build-ref5-0610/gcc/testsuite/../g77 version 3.4 20030610 (experimental)
=== gcc tests ===
Running target unix/-pthread
WARNING: program timed out.
FAIL: gcc.c-torture/compile/20001226-1.c, -O2
WARNING: program timed out.
FAIL: gcc.c-torture/compile/20001226-1.c, -O3 -fomit-frame-pointer
WARNING: program timed out.
FAIL: gcc.c-torture/compile/20001226-1.c, -O3 -g
WARNING: program timed out.
FAIL: gcc.c-torture/compile/20001226-1.c, -Os
FAIL: gcc.c-torture/execute/conversion.c execution, -O0
FAIL: gcc.c-torture/execute/conversion.c execution, -O1
FAIL: gcc.c-torture/execute/conversion.c execution, -O2
FAIL: gcc.c-torture/execute/conversion.c execution, -Os
FAIL: gcc.dg/cpp/trad/maccom4.c (test for excess errors)
ERROR: gcc.dg/cpp/trad/maccom4.c: error executing dg-final: couldn't open "maccom4.i": no such file or directory
UNRESOLVED: gcc.dg/cpp/trad/maccom4.c: error executing dg-final: couldn't open "maccom4.i": no such file or directory
FAIL: gcc.dg/cpp/trad/maccom6.c (test for excess errors)
ERROR: gcc.dg/cpp/trad/maccom6.c: error executing dg-final: couldn't open "maccom6.i": no such file or directory
UNRESOLVED: gcc.dg/cpp/trad/maccom6.c: error executing dg-final: couldn't open "maccom6.i": no such file or directory
FAIL: gcc.dg/cpp/trad/maccom4.c (test for excess errors)
ERROR: gcc.dg/cpp/trad/maccom4.c: error executing dg-final: couldn't open "maccom4.i": no such file or directory
UNRESOLVED: gcc.dg/cpp/trad/maccom4.c: error executing dg-final: couldn't open "maccom4.i": no such file or directory
FAIL: gcc.dg/cpp/trad/maccom6.c (test for excess errors)
ERROR: gcc.dg/cpp/trad/maccom6.c: error executing dg-final: couldn't open "maccom6.i": no such file or directory
UNRESOLVED: gcc.dg/cpp/trad/maccom6.c: error executing dg-final: couldn't open "maccom6.i": no such file or directory
FAIL: gcc.dg/builtins-20.c (test for excess errors)
FAIL: gcc.dg/const-elim-1.c scan-assembler-not LC[^A-Z]
FAIL: gcc.dg/nest.c (test for excess errors)
WARNING: gcc.dg/nest.c compilation failed to produce executable
FAIL: gcc.dg/warn-1.c (test for warnings, line 15)
FAIL: gcc.dg/tls/opt-6.c (test for excess errors)
=== gcc Summary ===
# of expected passes 23216
# of unexpected failures 17
# of expected failures 75
# of unresolved testcases 4
# of unsupported tests 105
/local0/scratch/ljrittle/gcc-build-ref5-0610/gcc/xgcc version 3.4 20030610 (experimental)
=== objc tests ===
Running target unix/-pthread
=== objc Summary ===
# of expected passes 1156
/local0/scratch/ljrittle/gcc-build-ref5-0610/gcc/xgcc version 3.4 20030610 (experimental)
=== libjava tests ===
Running target unix/-pthread
FAIL: SyncGlobal -O execution - bytecode->native test
WARNING: program timed out.
FAIL: SyncTest execution - gij test
WARNING: program timed out.
FAIL: SyncTest execution - bytecode->native test
WARNING: program timed out.
FAIL: SyncTest execution - gij test
WARNING: program timed out.
FAIL: SyncTest -O execution - bytecode->native test
FAIL: Thread_Sleep output - source compiled test
FAIL: Thread_Sleep output - bytecode->native test
FAIL: Thread_Sleep -O output - source compiled test
FAIL: Thread_Sleep -O output - bytecode->native test
FAIL: Throw_2 execution - source compiled test
FAIL: Throw_2 execution - gij test
FAIL: Throw_2 execution - bytecode->native test
FAIL: Throw_2 -O execution - source compiled test
FAIL: Throw_2 execution - gij test
FAIL: Throw_2 -O execution - bytecode->native test
=== libjava Summary ===
# of expected passes 3029
# of unexpected failures 15
# of expected failures 16
# of untested testcases 23
=== libstdc++-v3 tests ===
Running target unix/-pthread
FAIL: 22_locale/ctype/scan/char/1.cc (test for excess errors)
WARNING: 22_locale/ctype/scan/char/1.cc compilation failed to produce executable
XPASS: 26_numerics/c99_classification_macros_c.cc (test for excess errors)
WARNING: program timed out.
FAIL: 27_io/basic_filebuf/open/char/9507.cc execution test
FAIL: 27_io/basic_filebuf/sgetn/char/1-in.cc execution test
FAIL: 27_io/basic_filebuf/sgetn/char/1-io.cc execution test
WARNING: program timed out.
FAIL: 27_io/basic_filebuf/showmanyc/char/9533-1.cc execution test
=== libstdc++-v3 Summary ===
# of expected passes 1950
# of unexpected failures 5
# of unexpected successes 1
Compiler version: 3.4 20030610 (experimental)
Platform: i386-unknown-freebsd5.1
configure flags: --prefix=/home/ljrittle/ref5/tmp/install-ref5 --with-gnu-as --with-as=/usr/bin/as --with-gnu-ld --with-ld=/usr/bin/ld
BOOT_CFLAGS=-g -O2
Key: gmake is GNU make
make is BSD make as shipped on i386-unknown-freebsd5.1
srcdir means in-source configuration was done within the gcc source tree
objdir means out-source configuration was done within a fresh directory
ref4 (3.3) and ref5 (mainline) attempt to build gcc twice daily;
once for srcdir configuration and once for objdir configuration;
odd number days use GNU make; even days use BSD make; missing
reports infer breakage; partial reports are made when bootstap
completes in gcc but fails in a support library.
beast (3.3) builds gcc once daily using gmake with objdir conf.
See http://people.freebsd.org/~ljrittle/daily-gcc-bootstrap-reports
for all related transcript logs and log.sent files (not staged
until after all daily bootstraps for a machine complete).