This is the mail archive of the
gcc-testresults@gcc.gnu.org
mailing list for the GCC project.
Results for 3.4 20030610 (experimental) testsuite on sh-unknown-elf
- From: Joern Rennecke <joern dot rennecke at superh dot com>
- To: gcc-testresults at gcc dot gnu dot org
- Date: Wed, 11 Jun 2003 05:03:06 +0100
- Subject: Results for 3.4 20030610 (experimental) testsuite on sh-unknown-elf
LAST_UPDATED: 2003-06-10 22:00 UTC
Target is sh-unknown-elf
Host is i686-pc-linux-gnu
=== g++ tests ===
Running target sh-hms-sim
FAIL: g++.dg/ext/pretty1.C scan-assembler top level
FAIL: g++.dg/ext/pretty2.C (test for excess errors)
WARNING: g++.dg/ext/pretty2.C compilation failed to produce executable
FAIL: g++.dg/init/array10.C (test for excess errors)
XPASS: g++.old-deja/g++.jason/thunk3.C execution test
WARNING: g++.old-deja/g++.mike/p10769a.C compilation failed to produce executable
WARNING: g++.old-deja/g++.other/enum5.C compilation failed to produce executable
WARNING: g++.old-deja/g++.pt/friend44.C compilation failed to produce executable
=== g++ Summary for sh-hms-sim ===
# of expected passes 8531
# of unexpected failures 3
# of unexpected successes 1
# of expected failures 69
# of unsupported tests 53
Running target sh-hms-sim/-m4/-ml
FAIL: g++.dg/ext/pretty1.C scan-assembler top level
FAIL: g++.dg/ext/pretty2.C (test for excess errors)
WARNING: g++.dg/ext/pretty2.C compilation failed to produce executable
FAIL: g++.dg/init/array10.C (test for excess errors)
XPASS: g++.old-deja/g++.jason/thunk3.C execution test
WARNING: g++.old-deja/g++.mike/p10769a.C compilation failed to produce executable
WARNING: g++.old-deja/g++.other/enum5.C compilation failed to produce executable
WARNING: g++.old-deja/g++.pt/friend44.C compilation failed to produce executable
=== g++ Summary for sh-hms-sim/-m4/-ml ===
# of expected passes 8531
# of unexpected failures 3
# of unexpected successes 1
# of expected failures 69
# of unsupported tests 53
=== g++ Summary ===
# of expected passes 17062
# of unexpected failures 6
# of unexpected successes 2
# of expected failures 138
# of unsupported tests 106
/swbuild/nightly/2003-06-10/sh-elf/gcc/testsuite/../g++ version 3.4 20030610 (experimental)
Host is i686-pc-linux-gnu
=== gcc tests ===
Running target sh-hms-sim
WARNING: program timed out.
FAIL: gcc.c-torture/compile/20001226-1.c, -O3 -g
UNRESOLVED: gcc.c-torture/execute/20020720-1.c execution, -O1
UNRESOLVED: gcc.c-torture/execute/20020720-1.c execution, -O2
UNRESOLVED: gcc.c-torture/execute/20020720-1.c execution, -O3 -fomit-frame-pointer
UNRESOLVED: gcc.c-torture/execute/20020720-1.c execution, -O3 -g
UNRESOLVED: gcc.c-torture/execute/20020720-1.c execution, -Os
FAIL: gcc.dg/asm-names.c (test for excess errors)
FAIL: gcc.dg/builtins-10.c (test for excess errors)
FAIL: gcc.dg/builtins-11.c (test for excess errors)
FAIL: gcc.dg/builtins-18.c (test for excess errors)
FAIL: gcc.dg/builtins-20.c (test for excess errors)
XPASS: gcc.dg/uninit-4.c uninitialized variable warning (test for bogus messages, line 26)
FAIL: gcc.dg/warn-1.c (test for warnings, line 15)
=== gcc Summary for sh-hms-sim ===
# of expected passes 22857
# of unexpected failures 7
# of unexpected successes 1
# of expected failures 77
# of unresolved testcases 5
# of unsupported tests 232
Running target sh-hms-sim/-m4/-ml
WARNING: program timed out.
FAIL: gcc.c-torture/compile/20001226-1.c, -O2
WARNING: program timed out.
FAIL: gcc.c-torture/compile/20001226-1.c, -O3 -fomit-frame-pointer
WARNING: program timed out.
FAIL: gcc.c-torture/compile/20001226-1.c, -O3 -g
WARNING: program timed out.
FAIL: gcc.c-torture/compile/20001226-1.c, -Os
UNRESOLVED: gcc.c-torture/execute/20020720-1.c execution, -O1
UNRESOLVED: gcc.c-torture/execute/20020720-1.c execution, -O2
UNRESOLVED: gcc.c-torture/execute/20020720-1.c execution, -O3 -fomit-frame-pointer
UNRESOLVED: gcc.c-torture/execute/20020720-1.c execution, -O3 -g
UNRESOLVED: gcc.c-torture/execute/20020720-1.c execution, -Os
FAIL: gcc.dg/asm-names.c (test for excess errors)
FAIL: gcc.dg/builtins-18.c (test for excess errors)
FAIL: gcc.dg/builtins-20.c (test for excess errors)
XPASS: gcc.dg/uninit-4.c uninitialized variable warning (test for bogus messages, line 26)
FAIL: gcc.dg/warn-1.c (test for warnings, line 15)
=== gcc Summary for sh-hms-sim/-m4/-ml ===
# of expected passes 22856
# of unexpected failures 8
# of unexpected successes 1
# of expected failures 77
# of unresolved testcases 5
# of unsupported tests 232
=== gcc Summary ===
# of expected passes 45713
# of unexpected failures 15
# of unexpected successes 2
# of expected failures 154
# of unresolved testcases 10
# of unsupported tests 464
/swbuild/nightly/2003-06-10/sh-elf/gcc/xgcc version 3.4 20030610 (experimental)
Host is i686-pc-linux-gnu
=== objc tests ===
Running target sh-hms-sim
=== objc Summary for sh-hms-sim ===
# of expected passes 1156
Running target sh-hms-sim/-m4/-ml
=== objc Summary for sh-hms-sim/-m4/-ml ===
# of expected passes 1156
=== objc Summary ===
# of expected passes 2312
/swbuild/nightly/2003-06-10/sh-elf/gcc/xgcc version 3.4 20030610 (experimental)
Compiler version: 3.4 20030610 (experimental)
Platform: sh-unknown-elf
configure flags: --cache-file=.././config.cache --build=i686-pc-linux-gnu --host=i686-pc-linux-gnu --target=sh-elf --with-gnu-as --with-gnu-ld --with-newlib --with-headers --with-newlib --srcdir=../../srcw/gcc