This is the mail archive of the
gcc-testresults@gcc.gnu.org
mailing list for the GCC project.
Results for 3.4 20030610 (experimental) testsuite on i686-pc-linux-gnu
- From: Greg Schafer <gws at tigers-lfs dot local>
- To: gcc-testresults at gcc dot gnu dot org
- Date: Tue, 10 Jun 2003 17:28:33 +1000
- Subject: Results for 3.4 20030610 (experimental) testsuite on i686-pc-linux-gnu
LAST_UPDATED: Tue Jun 10 05:12:21 UTC 2003
Native configuration is i686-pc-linux-gnu
=== g++ tests ===
Running target unix
FAIL: g++.dg/eh/simd-2.C (test for excess errors)
WARNING: g++.dg/eh/simd-2.C compilation failed to produce executable
FAIL: g++.dg/ext/pretty1.C scan-assembler top level
FAIL: g++.dg/ext/pretty2.C (test for excess errors)
WARNING: g++.dg/ext/pretty2.C compilation failed to produce executable
FAIL: g++.dg/init/array10.C (test for excess errors)
WARNING: g++.old-deja/g++.mike/p10769a.C compilation failed to produce executable
WARNING: g++.old-deja/g++.other/enum5.C compilation failed to produce executable
XPASS: g++.old-deja/g++.other/init5.C execution test
WARNING: g++.old-deja/g++.pt/friend44.C compilation failed to produce executable
=== g++ Summary ===
# of expected passes 8609
# of unexpected failures 4
# of unexpected successes 1
# of expected failures 67
# of unsupported tests 15
/mnt/hdb7/gcc/HEAD/gcc-build/gcc/testsuite/../g++ version 3.4 20030610 (experimental)
=== gcc tests ===
Running target unix
FAIL: gcc.dg/asm-7.c (test for warnings, line 14)
FAIL: gcc.dg/asm-7.c (test for warnings, line 15)
FAIL: gcc.dg/asm-7.c (test for excess errors)
FAIL: gcc.dg/warn-1.c (test for warnings, line 15)
FAIL: gcc.dg/tls/opt-6.c (test for excess errors)
=== gcc Summary ===
# of expected passes 23251
# of unexpected failures 5
# of expected failures 75
# of unsupported tests 103
/mnt/hdb7/gcc/HEAD/gcc-build/gcc/xgcc version 3.4 20030610 (experimental)
=== libstdc++-v3 tests ===
Running target unix
XPASS: 26_numerics/c99_classification_macros_c.cc (test for excess errors)
=== libstdc++-v3 Summary ===
# of expected passes 1954
# of unexpected successes 1
Compiler version: 3.4 20030610 (experimental)
Platform: i686-pc-linux-gnu
configure flags: --prefix=/opt/gcc-3.4 --enable-shared --enable-languages=c,c++ --enable-threads=posix --enable-__cxa_atexit --enable-clocale=gnu