This is the mail archive of the
gcc-testresults@gcc.gnu.org
mailing list for the GCC project.
Results for 3.3 testsuite on i686-pc-linux-gnu
- From: Jörg Reiners <j dot reiners at ies dot de>
- To: gcc-testresults <gcc-testresults at gcc dot gnu dot org>
- Date: Fri, 06 Jun 2003 08:55:40 +0200
- Subject: Results for 3.3 testsuite on i686-pc-linux-gnu
- Organization: IES GmbH
Suse 7.3 System
Dual Pentium III 1.26 Mhz
kernel: 2.4.18
binutils: 2.11.92.0.10-89
glibc: 2.2.4-77
LAST_UPDATED:
Native configuration is i686-pc-linux-gnu
=== g++ tests ===
Running target unix
FAIL: g++.dg/template/spec4.C (test for excess errors)
=== g++ Summary ===
# of expected passes 7975
# of unexpected failures 1
# of expected failures 97
# of untested testcases 9
# of unsupported tests 4
=== g77 tests ===
Running target unix
=== g77 Summary ===
# of expected passes 1702
=== gcc tests ===
Running target unix
FAIL: gcc.c-torture/compile/20000629-1.c, -O3 -fomit-frame-pointer -funroll-loops
FAIL: gcc.dg/cpp/19940712-1.c (test for errors, line 4)
FAIL: gcc.dg/cpp/19940712-1.c (test for errors, line 8)
FAIL: gcc.dg/cpp/tr-warn1.c extension warning (test for warnings, line 22)
FAIL: gcc.dg/cpp/tr-warn1.c extension warning (test for warnings, line 23)
FAIL: gcc.dg/cpp/tr-warn1.c extension warning (test for warnings, line 24)
FAIL: gcc.dg/cpp/tr-warn1.c extension warning (test for warnings, line 25)
FAIL: gcc.dg/cpp/tr-warn1.c (test for excess errors)
FAIL: gcc.dg/cpp/tr-warn3.c extension warning (test for warnings, line 27)
FAIL: gcc.dg/cpp/tr-warn3.c extension warning (test for warnings, line 28)
FAIL: gcc.dg/cpp/tr-warn3.c extension warning (test for warnings, line 29)
FAIL: gcc.dg/cpp/tr-warn3.c extension warning (test for warnings, line 30)
FAIL: gcc.dg/cpp/tr-warn3.c (test for excess errors)
FAIL: gcc.dg/cpp/trad/comment.c (test for warnings, line 5)
FAIL: gcc.dg/cpp/trad/comment.c (test for excess errors)
FAIL: gcc.dg/duff-2.c (test for excess errors)
FAIL: gcc.dg/noreturn-4.c warn for main (test for warnings, line 10)
FAIL: gcc.dg/noreturn-4.c (test for excess errors)
FAIL: gcc.dg/uninit-C.c (test for excess errors)
=== gcc Summary ===
# of expected passes 20972
# of unexpected failures 19
# of expected failures 68
# of unsupported tests 83
=== objc tests ===
Running target unix
=== objc Summary ===
# of expected passes 1153
=== libjava tests ===
Running target unix
FAIL: Thread_Interrupt -O output - source compiled test
=== libjava Summary ===
# of expected passes 2990
# of unexpected failures 1
# of expected failures 16
# of untested testcases 12
=== libstdc++-v3 tests ===
Running target unix
XPASS: 22_locale/ctype_is_wchar_t.cc execution test
XPASS: 22_locale/members.cc execution test
XPASS: 22_locale/money_get_members_wchar_t.cc execution test
XPASS: 22_locale/money_put_members_wchar_t.cc execution test
XPASS: 22_locale/moneypunct_byname.cc execution test
XPASS: 22_locale/moneypunct_members_char.cc execution test
XPASS: 22_locale/moneypunct_members_wchar_t.cc execution test
XPASS: 22_locale/num_get_members_char.cc execution test
XPASS: 22_locale/num_get_members_wchar_t.cc execution test
XPASS: 22_locale/num_put_members_char.cc execution test
XPASS: 22_locale/num_put_members_wchar_t.cc execution test
XPASS: 22_locale/numpunct_byname.cc execution test
XPASS: 22_locale/numpunct_members_char.cc execution test
XPASS: 22_locale/numpunct_members_wchar_t.cc execution test
FAIL: 22_locale/operators.cc execution test
XPASS: 22_locale/time_get_members_wchar_t.cc execution test
XPASS: 22_locale/time_put_members_char.cc execution test
XPASS: 22_locale/time_put_members_wchar_t.cc execution test
=== libstdc++-v3 Summary ===
# of expected passes 452
# of unexpected failures 1
# of unexpected successes 17
# of expected failures 11
Compiler version: gcc
Platform: i686-pc-linux-gnu
configure flags: --host=i686-pc-linux-gnu --prefix=/usr/local/gcc33