This is the mail archive of the
gcc-testresults@gcc.gnu.org
mailing list for the GCC project.
Results for 3.4 20030531 (experimental) testsuite on s390-ibm-linux-gnu
- From: Matthias Klose <doko at auric dot debian dot org>
- To: gcc-testresults at gcc dot gnu dot org
- Cc: debian-gcc at lists dot debian dot org
- Date: Sun, 01 Jun 2003 17:54:57 -0400
- Subject: Results for 3.4 20030531 (experimental) testsuite on s390-ibm-linux-gnu
- Reply-to: Matthias Klose <doko at debian dot org>
LAST_UPDATED: Sat May 31 08:01:13 UTC 2003
Native configuration is s390-ibm-linux-gnu
=== g++ tests ===
Running target unix
FAIL: g++.dg/eh/forced1.C execution test
FAIL: g++.dg/ext/pretty1.C scan-assembler top level
FAIL: g++.dg/ext/pretty2.C (test for excess errors)
WARNING: g++.dg/ext/pretty2.C compilation failed to produce executable
FAIL: g++.old-deja/g++.eh/terminate2.C execution test
WARNING: g++.old-deja/g++.mike/p10769a.C compilation failed to produce executable
FAIL: g++.old-deja/g++.oliva/template1.C (test for excess errors)
WARNING: g++.old-deja/g++.other/enum5.C compilation failed to produce executable
XPASS: g++.old-deja/g++.other/init5.C execution test
WARNING: g++.old-deja/g++.pt/friend44.C compilation failed to produce executable
=== g++ Summary ===
# of expected passes 8541
# of unexpected failures 5
# of unexpected successes 1
# of expected failures 68
# of unsupported tests 45
/build/buildd/gcc-snapshot-20030531/build/gcc/testsuite/../g++ version 3.4 20030531 (experimental)
=== g77 tests ===
Running target unix
FAIL: g77.f-torture/execute/980520-1.f compilation, -O0
=== g77 Summary ===
# of expected passes 1740
# of unexpected failures 1
# of expected failures 6
# of untested testcases 1
# of unsupported tests 6
/build/buildd/gcc-snapshot-20030531/build/gcc/testsuite/../g77 version 3.4 20030531 (experimental)
=== gcc tests ===
Running target unix
FAIL: gcc.dg/const-elim-1.c scan-assembler-not LC[^A-Z]
FAIL: gcc.dg/pch/system-1.c -O0 -g assembly comparison
FAIL: gcc.dg/pch/system-1.c -O3 -g assembly comparison
=== gcc Summary ===
# of expected passes 22707
# of unexpected failures 3
# of expected failures 76
# of unsupported tests 211
/build/buildd/gcc-snapshot-20030531/build/gcc/xgcc version 3.4 20030531 (experimental)
=== objc tests ===
Running target unix
=== objc Summary ===
# of expected passes 1156
/build/buildd/gcc-snapshot-20030531/build/gcc/xgcc version 3.4 20030531 (experimental)
=== treelang tests ===
Running target unix
=== treelang Summary ===
# of expected passes 1
=== libjava tests ===
Running target unix
WARNING: program timed out.
FAIL: SyncTest execution - gij test
WARNING: program timed out.
FAIL: SyncTest execution - bytecode->native test
WARNING: program timed out.
FAIL: SyncTest execution - gij test
WARNING: program timed out.
FAIL: SyncTest -O execution - bytecode->native test
=== libjava Summary ===
# of expected passes 3011
# of unexpected failures 4
# of expected failures 16
# of untested testcases 16
=== libstdc++-v3 tests ===
Running target unix
XPASS: 26_numerics/c99_classification_macros_c.cc (test for excess errors)
=== libstdc++-v3 Summary ===
# of expected passes 1866
# of unexpected successes 1
Compiler version: 3.4 20030531 (experimental)
Platform: s390-ibm-linux-gnu
configure flags: -v --enable-languages=c,c++,java,f77,objc,treelang --prefix=/usr/lib/gcc-snapshot --enable-shared --with-system-zlib --enable-nls --without-included-gettext --enable-debug --enable-__cxa_atexit --enable-clocale=gnu --enable-java-gc=boehm --enable-java-awt=xlib --with-cpp-install-dir=bin s390-linux
BOOT_CFLAGS=-O2
Build Dependencies:
Desired=Unknown/Install/Remove/Purge/Hold
| Status=Not/Installed/Config-files/Unpacked/Failed-config/Half-installed
|/ Err?=(none)/Hold/Reinst-required/X=both-problems (Status,Err: uppercase=bad)
||/ Name Version Description
+++-==============-==============-============================================
ii binutils 2.14.90.0.2-0. The GNU assembler, linker and binary utiliti
ii libc6-dev 2.3.1-17 GNU C Library: Development Libraries and Hea
Patches that Debian applied in this version:
treelang-update:
2003-05-09 Tim Josling <tej@melbpc.org.au>
* treetree.c (c_lex): New.