This is the mail archive of the
gcc-testresults@gcc.gnu.org
mailing list for the GCC project.
Results for 3.3 testsuite on m32r-unkown-elf
- From: Kazuhiro Inaoka <inaoka dot kazuhiro at renesas dot com>
- To: gcc-testresults at gcc dot gnu dot org
- Date: Mon, 26 May 2003 17:23:16 +0900
- Subject: Results for 3.3 testsuite on m32r-unkown-elf
On m32r-elf Test, newlib-1.11.0 needs the following patches
http://sources.redhat.com/ml/newlib/2003/msg00251.html
LAST_UPDATED:
Target is m32r-unknown-elf
Host is i686-pc-linux-gnu
=== g++ tests ===
Running target m32r-sim
FAIL: g++.dg/bprob/g++-bprob-1.C compilation, -g -fprofile-arcs
UNRESOLVED: g++.dg/bprob/g++-bprob-1.C execution, -g -fprofile-arcs
UNRESOLVED: g++.dg/bprob/g++-bprob-1.C
ompilation, -g -fbranch-probabilities
UNRESOLVED: g++.dg/bprob/g++-bprob-1.C
xecution, -g -fbranch-probabilities
FAIL: g++.dg/bprob/g++-bprob-1.C compilation, -O0 -fprofile-arcs
UNRESOLVED: g++.dg/bprob/g++-bprob-1.C execution, -O0 -fprofile-arcs
UNRESOLVED: g++.dg/bprob/g++-bprob-1.C
ompilation, -O0 -fbranch-probabilities
UNRESOLVED: g++.dg/bprob/g++-bprob-1.C
xecution, -O0 -fbranch-probabilities
FAIL: g++.dg/bprob/g++-bprob-1.C compilation, -O1 -fprofile-arcs
UNRESOLVED: g++.dg/bprob/g++-bprob-1.C execution, -O1 -fprofile-arcs
UNRESOLVED: g++.dg/bprob/g++-bprob-1.C
ompilation, -O1 -fbranch-probabilities
UNRESOLVED: g++.dg/bprob/g++-bprob-1.C
xecution, -O1 -fbranch-probabilities
FAIL: g++.dg/bprob/g++-bprob-1.C compilation, -O2 -fprofile-arcs
UNRESOLVED: g++.dg/bprob/g++-bprob-1.C execution, -O2 -fprofile-arcs
UNRESOLVED: g++.dg/bprob/g++-bprob-1.C
ompilation, -O2 -fbranch-probabilities
UNRESOLVED: g++.dg/bprob/g++-bprob-1.C
xecution, -O2 -fbranch-probabilities
FAIL: g++.dg/bprob/g++-bprob-1.C compilation, -O3 -fprofile-arcs
UNRESOLVED: g++.dg/bprob/g++-bprob-1.C execution, -O3 -fprofile-arcs
UNRESOLVED: g++.dg/bprob/g++-bprob-1.C
ompilation, -O3 -fbranch-probabilities
UNRESOLVED: g++.dg/bprob/g++-bprob-1.C
xecution, -O3 -fbranch-probabilities
FAIL: g++.dg/bprob/g++-bprob-1.C compilation, -O3 -g -fprofile-arcs
UNRESOLVED: g++.dg/bprob/g++-bprob-1.C execution, -O3 -g -fprofile-arcs
UNRESOLVED: g++.dg/bprob/g++-bprob-1.C
ompilation, -O3 -g -fbranch-probabilities
UNRESOLVED: g++.dg/bprob/g++-bprob-1.C
xecution, -O3 -g -fbranch-probabilities
FAIL: g++.dg/bprob/g++-bprob-1.C compilation, -Os -fprofile-arcs
UNRESOLVED: g++.dg/bprob/g++-bprob-1.C execution, -Os -fprofile-arcs
UNRESOLVED: g++.dg/bprob/g++-bprob-1.C
ompilation, -Os -fbranch-probabilities
UNRESOLVED: g++.dg/bprob/g++-bprob-1.C
xecution, -Os -fbranch-probabilities
FAIL: g++.dg/abi/empty6.C (test for warnings, line 6)
FAIL: g++.dg/abi/mangle17.C (test for excess errors)
FAIL: g++.dg/init/ctor2.C execution test
FAIL: g++.dg/opt/alias2.C execution test
FAIL: g++.dg/other/packed1.C execution test
FAIL: g++.dg/template/union1.C execution test
FAIL: g++.dg/special/conpr-1.C execution test
FAIL: g++.dg/special/conpr-2.C execution test
FAIL: g++.dg/special/conpr-3.C execution test
FAIL: g++.dg/special/conpr-3.C execution test
FAIL: g++.dg/special/initp1.C execution test
FAIL: g++.abi/vtable3a.C Execution test
FAIL: g++.abi/vtable3b.C Execution test
FAIL: g++.abi/vtable3c.C Execution test
FAIL: g++.abi/vtable3d.C Execution test
FAIL: g++.abi/vtable3e.C Execution test
FAIL: g++.abi/vtable3f.C Execution test
FAIL: g++.abi/vtable3g.C Execution test
FAIL: g++.abi/vtable3h.C Execution test
FAIL: g++.abi/vtable3i.C Execution test
FAIL: g++.abi/vtable3j.C Execution test
FAIL: g++.brendan/dtors3.C Execution test
FAIL: g++.brendan/nest21.C Execution test
FAIL: g++.bugs/900520_06.C Execution test
FAIL: g++.eh/rethrow3.C Execution test
FAIL: g++.jason/static1.C Execution test
FAIL: g++.jason/thunk1.C Execution test
FAIL: g++.jason/thunk3.C (test for excess errors)
FAIL: g++.law/code-gen5.C Execution test
FAIL: g++.law/copy1.C Execution test
FAIL: g++.mike/dyncast5.C Execution test
FAIL: g++.mike/p6610a.C Execution test
FAIL: g++.mike/p6610b.C Execution test
FAIL: g++.mike/temp.C Execution test
FAIL: g++.other/optimize2.C Execution test
FAIL: g++.other/vbase1.C Execution test
FAIL: g++.other/vbase5.C Execution test
FAIL: g++.pt/explicit57.C Execution test
FAIL: g++.pt/explicit65.C Execution test
FAIL: g++.pt/static11.C Execution test
=== g++ Summary ===
# of expected passes 7837
# of unexpected failures 47
# of expected failures 98
# of unresolved testcases 21
# of untested testcases 29
# of unsupported tests 21
/home4/inaoka/work/work_src/build.gcc-3.3/gcc/testsuite/../g++ version 3.3
Host is i686-pc-linux-gnu
=== gcc tests ===
Running target m32r-sim
FAIL: gcc.c-torture/compile/20010605-1.c, -O0
FAIL: gcc.c-torture/compile/20010605-1.c, -O1
FAIL: gcc.c-torture/compile/20010605-1.c, -O2
FAIL: gcc.c-torture/compile/20010605-1.c, -O3 -fomit-frame-pointer
FAIL: gcc.c-torture/compile/20010605-1.c, -O3 -g
FAIL: gcc.c-torture/compile/20010605-1.c, -Os
FAIL: gcc.c-torture/compile/981006-1.c, -O0 -Wuninitialized -Werror -fpic
FAIL: gcc.c-torture/compile/981006-1.c, -O1 -Wuninitialized -Werror -fpic
FAIL: gcc.c-torture/compile/981006-1.c, -O2 -Wuninitialized -Werror -fpic
FAIL:
cc.c-torture/compile/981006-1.c, -O3 -fomit-frame-pointer -Wuninitialized
-Werror -fpic
FAIL:
gcc.c-torture/compile/981006-1.c, -O3 -g -Wuninitialized -Werror -fpic
FAIL: gcc.c-torture/compile/981006-1.c, -Os -Wuninitialized -Werror -fpic
FAIL: gcc.c-torture/execute/20000726-1.c
execution, -O3 -fomit-frame-pointer
FAIL: gcc.c-torture/execute/20000726-1.c execution, -O3 -g
FAIL: gcc.c-torture/execute/20010122-1.c execution, -O0
FAIL: gcc.c-torture/execute/20010122-1.c execution, -O1
FAIL: gcc.c-torture/execute/20010122-1.c execution, -O2
FAIL: gcc.c-torture/execute/20010122-1.c execution, -O3 -g
FAIL: gcc.c-torture/execute/20010122-1.c execution, -Os
FAIL: gcc.c-torture/execute/20020412-1.c execution, -O0
FAIL: gcc.c-torture/execute/20020412-1.c execution, -O1
FAIL: gcc.c-torture/execute/20020412-1.c execution, -O2
FAIL: gcc.c-torture/execute/20020412-1.c
execution, -O3 -fomit-frame-pointer
FAIL: gcc.c-torture/execute/20020412-1.c
execution, -O3 -fomit-frame-pointer -funroll-loops
FAIL: gcc.c-torture/execute/20020412-1.c
execution, -O3 -fomit-frame-pointer -funroll-all-loops -finline-functions
FAIL: gcc.c-torture/execute/20020412-1.c execution, -O3 -g
FAIL: gcc.c-torture/execute/20020412-1.c execution, -Os
FAIL: gcc.c-torture/execute/20020720-1.c compilation, -O1
UNRESOLVED: gcc.c-torture/execute/20020720-1.c execution, -O1
FAIL: gcc.c-torture/execute/20020720-1.c compilation, -O2
UNRESOLVED: gcc.c-torture/execute/20020720-1.c execution, -O2
FAIL: gcc.c-torture/execute/20020720-1.c
compilation, -O3 -fomit-frame-pointer
UNRESOLVED: gcc.c-torture/execute/20020720-1.c
execution, -O3 -fomit-frame-pointer
FAIL: gcc.c-torture/execute/20020720-1.c compilation, -O3 -g
UNRESOLVED: gcc.c-torture/execute/20020720-1.c execution, -O3 -g
FAIL: gcc.c-torture/execute/20020720-1.c compilation, -Os
UNRESOLVED: gcc.c-torture/execute/20020720-1.c execution, -Os
FAIL: gcc.c-torture/execute/20021120-3.c execution, -O0
FAIL: gcc.c-torture/execute/20021120-3.c execution, -O1
FAIL: gcc.c-torture/execute/20021120-3.c execution, -O2
FAIL: gcc.c-torture/execute/20021120-3.c
execution, -O3 -fomit-frame-pointer
FAIL: gcc.c-torture/execute/20021120-3.c execution, -O3 -g
FAIL: gcc.c-torture/execute/20021120-3.c execution, -Os
FAIL: gcc.c-torture/execute/20030120-1.c execution, -O1
FAIL: gcc.c-torture/execute/20030120-1.c execution, -O2
FAIL: gcc.c-torture/execute/20030120-1.c execution, -Os
FAIL: gcc.c-torture/execute/920501-8.c execution, -O0
FAIL: gcc.c-torture/execute/920501-8.c execution, -O1
FAIL: gcc.c-torture/execute/920501-8.c execution, -O2
FAIL: gcc.c-torture/execute/920501-8.c execution, -O3 -fomit-frame-pointer
FAIL: gcc.c-torture/execute/920501-8.c execution, -O3 -g
FAIL: gcc.c-torture/execute/920501-8.c execution, -Os
FAIL: gcc.c-torture/execute/920501-9.c execution, -O0
FAIL: gcc.c-torture/execute/920501-9.c execution, -O1
FAIL: gcc.c-torture/execute/920501-9.c execution, -O2
FAIL: gcc.c-torture/execute/920501-9.c execution, -O3 -fomit-frame-pointer
FAIL: gcc.c-torture/execute/920501-9.c execution, -O3 -g
FAIL: gcc.c-torture/execute/920501-9.c execution, -Os
FAIL: gcc.c-torture/execute/920726-1.c execution, -O0
FAIL: gcc.c-torture/execute/920726-1.c execution, -O1
FAIL: gcc.c-torture/execute/920726-1.c execution, -O2
FAIL: gcc.c-torture/execute/920726-1.c execution, -O3 -fomit-frame-pointer
FAIL: gcc.c-torture/execute/920726-1.c
execution, -O3 -fomit-frame-pointer -funroll-loops
FAIL: gcc.c-torture/execute/920726-1.c
execution, -O3 -fomit-frame-pointer -funroll-all-loops -finline-functions
FAIL: gcc.c-torture/execute/920726-1.c execution, -O3 -g
FAIL: gcc.c-torture/execute/920726-1.c execution, -Os
FAIL: gcc.c-torture/execute/930513-1.c execution, -O0
FAIL: gcc.c-torture/execute/930513-1.c execution, -O1
FAIL: gcc.c-torture/execute/930513-1.c execution, -O2
FAIL: gcc.c-torture/execute/930513-1.c execution, -O3 -fomit-frame-pointer
FAIL: gcc.c-torture/execute/930513-1.c execution, -O3 -g
FAIL: gcc.c-torture/execute/930513-1.c execution, -Os
FAIL: gcc.c-torture/execute/931004-11.c execution, -O3 -fomit-frame-pointer
FAIL: gcc.c-torture/execute/931004-11.c execution, -O3 -g
FAIL: gcc.c-torture/execute/960327-1.c execution, -O0
FAIL: gcc.c-torture/execute/960327-1.c execution, -O1
FAIL: gcc.c-torture/execute/960327-1.c execution, -O2
FAIL: gcc.c-torture/execute/960327-1.c execution, -O3 -fomit-frame-pointer
FAIL: gcc.c-torture/execute/960327-1.c
execution, -O3 -fomit-frame-pointer -funroll-loops
FAIL: gcc.c-torture/execute/960327-1.c
execution, -O3 -fomit-frame-pointer -funroll-all-loops -finline-functions
FAIL: gcc.c-torture/execute/960327-1.c execution, -O3 -g
FAIL: gcc.c-torture/execute/960327-1.c execution, -Os
FAIL: gcc.c-torture/execute/980716-1.c
execution, -O3 -fomit-frame-pointer -funroll-all-loops -finline-functions
XPASS: gcc.c-torture/execute/981130-1.c execution, -O0
XPASS: gcc.c-torture/execute/981130-1.c execution, -O1
XPASS: gcc.c-torture/execute/981130-1.c execution, -O2
XPASS: gcc.c-torture/execute/981130-1.c execution, -Os
FAIL: gcc.c-torture/execute/arith-rand-ll.c execution, -O0
FAIL: gcc.c-torture/execute/arith-rand-ll.c execution, -O1
FAIL: gcc.c-torture/execute/arith-rand-ll.c execution, -O2
FAIL: gcc.c-torture/execute/arith-rand-ll.c
execution, -O3 -fomit-frame-pointer
FAIL: gcc.c-torture/execute/arith-rand-ll.c
execution, -O3 -fomit-frame-pointer -funroll-loops
FAIL: gcc.c-torture/execute/arith-rand-ll.c
execution, -O3 -fomit-frame-pointer -funroll-all-loops -finline-functions
FAIL: gcc.c-torture/execute/arith-rand-ll.c execution, -O3 -g
FAIL: gcc.c-torture/execute/arith-rand-ll.c execution, -Os
FAIL: gcc.c-torture/execute/builtin-prefetch-3.c
execution, -O3 -fomit-frame-pointer
FAIL: gcc.c-torture/execute/builtin-prefetch-3.c execution, -O3 -g
FAIL: gcc.c-torture/execute/loop-12.c
execution, -O3 -fomit-frame-pointer -funroll-all-loops -finline-functions
FAIL: gcc.c-torture/execute/nestfunc-2.c
execution, -O3 -fomit-frame-pointer
FAIL: gcc.c-torture/execute/nestfunc-2.c
execution, -O3 -fomit-frame-pointer -funroll-loops
FAIL: gcc.c-torture/execute/nestfunc-2.c
execution, -O3 -fomit-frame-pointer -funroll-all-loops -finline-functions
FAIL: gcc.c-torture/execute/nestfunc-2.c execution, -O3 -g
FAIL: gcc.c-torture/execute/string-opt-11.c
execution, -O3 -fomit-frame-pointer
FAIL: gcc.c-torture/execute/string-opt-11.c execution, -O3 -g
FAIL: gcc.c-torture/execute/struct-cpy-1.c
execution, -O3 -fomit-frame-pointer
FAIL: gcc.c-torture/execute/struct-cpy-1.c execution, -O3 -g
FAIL: gcc.c-torture/execute/ieee/920810-1.c execution, -O0
FAIL: gcc.c-torture/execute/ieee/920810-1.c execution, -O1
FAIL: gcc.c-torture/execute/ieee/920810-1.c execution, -O2
FAIL: gcc.c-torture/execute/ieee/920810-1.c
execution, -O3 -fomit-frame-pointer
FAIL: gcc.c-torture/execute/ieee/920810-1.c execution, -O3 -g
FAIL: gcc.c-torture/execute/ieee/920810-1.c execution, -Os
FAIL: gcc.dg/20020201-2.c (test for excess errors)
FAIL: gcc.dg/20021014-1.c (test for excess errors)
WARNING: gcc.dg/20021014-1.c compilation failed to produce executable
FAIL: gcc.dg/duff-2.c (test for excess errors)
FAIL: gcc.dg/nest.c (test for excess errors)
WARNING: gcc.dg/nest.c compilation failed to produce executable
XPASS: gcc.dg/setjmp-1.c spurious clobbered warning (test for bogus
messages, line 16)
FAIL: gcc.dg/uninit-C.c (test for excess errors)
FAIL: gcc.dg/special/weak-1.c execution test
FAIL: gcc.dg/weak/weak-1.c scan-assembler weak[^ ]*[ ]_?a
FAIL: gcc.dg/weak/weak-1.c scan-assembler weak[^ ]*[ ]_?b
FAIL: gcc.dg/weak/weak-1.c scan-assembler weak[^ ]*[ ]_?c
FAIL: gcc.dg/weak/weak-1.c scan-assembler weak[^ ]*[ ]_?d
FAIL: gcc.dg/weak/weak-1.c scan-assembler weak[^ ]*[ ]_?e
FAIL: gcc.dg/weak/weak-1.c scan-assembler weak[^ ]*[ ]_?g
FAIL: gcc.dg/weak/weak-1.c scan-assembler weak[^ ]*[ ]_?j
FAIL: gcc.dg/weak/weak-2.c applying #pragma weak (test for warnings, line
26)
FAIL: gcc.dg/weak/weak-2.c scan-assembler weak[^ ]*[ ]_?ffoo1a
FAIL: gcc.dg/weak/weak-2.c scan-assembler weak[^ ]*[ ]_?ffoo1b
FAIL: gcc.dg/weak/weak-2.c scan-assembler weak[^ ]*[ ]_?ffoo1c
FAIL: gcc.dg/weak/weak-2.c scan-assembler weak[^ ]*[ ]_?ffoo1e
FAIL: gcc.dg/weak/weak-4.c applying #pragma weak (test for warnings, line
34)
FAIL: gcc.dg/weak/weak-4.c applying #pragma weak (test for warnings, line
66)
FAIL: gcc.dg/weak/weak-4.c scan-assembler weak[^ ]*[ ]_?vfoo1a
FAIL: gcc.dg/weak/weak-4.c scan-assembler weak[^ ]*[ ]_?vfoo1b
FAIL: gcc.dg/weak/weak-4.c scan-assembler weak[^ ]*[ ]_?vfoo1c
FAIL: gcc.dg/weak/weak-4.c scan-assembler weak[^ ]*[ ]_?vfoo1d
FAIL: gcc.dg/weak/weak-4.c scan-assembler weak[^ ]*[ ]_?vfoo1e
FAIL: gcc.dg/weak/weak-4.c scan-assembler weak[^ ]*[ ]_?vfoo1f
FAIL: gcc.dg/weak/weak-4.c scan-assembler weak[^ ]*[ ]_?vfoo1g
FAIL: gcc.dg/weak/weak-4.c scan-assembler weak[^ ]*[ ]_?vfoo1h
FAIL: gcc.dg/weak/weak-4.c scan-assembler weak[^ ]*[ ]_?vfoo1i
FAIL: gcc.dg/weak/weak-4.c scan-assembler weak[^ ]*[ ]_?vfoo1j
FAIL: gcc.dg/weak/weak-4.c scan-assembler weak[^ ]*[ ]_?vfoo1k
FAIL: gcc.dg/weak/weak-6.c (test for errors, line 4)
FAIL: gcc.dg/weak/weak-9.c scan-assembler weak[^ ]*[ ]_?f3
FAIL: gcc.dg/weak/weak-9.c scan-assembler weak[^ ]*[ ]_?f4
FAIL: gcc.dg/weak/weak-9.c scan-assembler notf3
FAIL: gcc.dg/weak/weak-9.c scan-assembler notf4
FAIL: gcc.misc-tests/bprob-1.c compilation, -g -fprofile-arcs
UNRESOLVED: gcc.misc-tests/bprob-1.c execution, -g -fprofile-arcs
UNRESOLVED: gcc.misc-tests/bprob-1.c
ompilation, -g -fbranch-probabilities
UNRESOLVED: gcc.misc-tests/bprob-1.c
xecution, -g -fbranch-probabilities
FAIL: gcc.misc-tests/bprob-1.c compilation, -O0 -fprofile-arcs
UNRESOLVED: gcc.misc-tests/bprob-1.c execution, -O0 -fprofile-arcs
UNRESOLVED: gcc.misc-tests/bprob-1.c
ompilation, -O0 -fbranch-probabilities
UNRESOLVED: gcc.misc-tests/bprob-1.c
xecution, -O0 -fbranch-probabilities
FAIL: gcc.misc-tests/bprob-1.c compilation, -O1 -fprofile-arcs
UNRESOLVED: gcc.misc-tests/bprob-1.c execution, -O1 -fprofile-arcs
UNRESOLVED: gcc.misc-tests/bprob-1.c
ompilation, -O1 -fbranch-probabilities
UNRESOLVED: gcc.misc-tests/bprob-1.c
xecution, -O1 -fbranch-probabilities
FAIL: gcc.misc-tests/bprob-1.c compilation, -O2 -DPERFTIME -fprofile-arcs
UNRESOLVED: gcc.misc-tests/bprob-1.c
xecution, -O2 -DPERFTIME -fprofile-arcs
UNRESOLVED: gcc.misc-tests/bprob-1.c
ompilation, -O2 -DPERFTIME -fbranch-probabilities
UNRESOLVED: gcc.misc-tests/bprob-1.c
xecution, -O2 -DPERFTIME -fbranch-probabilities
FAIL: gcc.misc-tests/bprob-1.c compilation, -O3 -DPERFTIME -fprofile-arcs
UNRESOLVED: gcc.misc-tests/bprob-1.c
xecution, -O3 -DPERFTIME -fprofile-arcs
UNRESOLVED: gcc.misc-tests/bprob-1.c
ompilation, -O3 -DPERFTIME -fbranch-probabilities
UNRESOLVED: gcc.misc-tests/bprob-1.c
xecution, -O3 -DPERFTIME -fbranch-probabilities
FAIL: gcc.misc-tests/bprob-1.c
ompilation, -O3 -g -DPERFTIME -fprofile-arcs
UNRESOLVED: gcc.misc-tests/bprob-1.c
xecution, -O3 -g -DPERFTIME -fprofile-arcs
UNRESOLVED: gcc.misc-tests/bprob-1.c
ompilation, -O3 -g -DPERFTIME -fbranch-probabilities
UNRESOLVED: gcc.misc-tests/bprob-1.c
xecution, -O3 -g -DPERFTIME -fbranch-probabilities
FAIL: gcc.misc-tests/bprob-1.c compilation, -Os -fprofile-arcs
UNRESOLVED: gcc.misc-tests/bprob-1.c execution, -Os -fprofile-arcs
UNRESOLVED: gcc.misc-tests/bprob-1.c
ompilation, -Os -fbranch-probabilities
UNRESOLVED: gcc.misc-tests/bprob-1.c
xecution, -Os -fbranch-probabilities
FAIL: gcc.misc-tests/bprob-2.c compilation, -g -fprofile-arcs
UNRESOLVED: gcc.misc-tests/bprob-2.c execution, -g -fprofile-arcs
UNRESOLVED: gcc.misc-tests/bprob-2.c
ompilation, -g -fbranch-probabilities
UNRESOLVED: gcc.misc-tests/bprob-2.c
xecution, -g -fbranch-probabilities
FAIL: gcc.misc-tests/bprob-2.c compilation, -O0 -fprofile-arcs
UNRESOLVED: gcc.misc-tests/bprob-2.c execution, -O0 -fprofile-arcs
UNRESOLVED: gcc.misc-tests/bprob-2.c
ompilation, -O0 -fbranch-probabilities
UNRESOLVED: gcc.misc-tests/bprob-2.c
xecution, -O0 -fbranch-probabilities
FAIL: gcc.misc-tests/bprob-2.c compilation, -O1 -fprofile-arcs
UNRESOLVED: gcc.misc-tests/bprob-2.c execution, -O1 -fprofile-arcs
UNRESOLVED: gcc.misc-tests/bprob-2.c
ompilation, -O1 -fbranch-probabilities
UNRESOLVED: gcc.misc-tests/bprob-2.c
xecution, -O1 -fbranch-probabilities
FAIL: gcc.misc-tests/bprob-2.c compilation, -O2 -DPERFTIME -fprofile-arcs
UNRESOLVED: gcc.misc-tests/bprob-2.c
xecution, -O2 -DPERFTIME -fprofile-arcs
UNRESOLVED: gcc.misc-tests/bprob-2.c
ompilation, -O2 -DPERFTIME -fbranch-probabilities
UNRESOLVED: gcc.misc-tests/bprob-2.c
xecution, -O2 -DPERFTIME -fbranch-probabilities
FAIL: gcc.misc-tests/bprob-2.c compilation, -O3 -DPERFTIME -fprofile-arcs
UNRESOLVED: gcc.misc-tests/bprob-2.c
xecution, -O3 -DPERFTIME -fprofile-arcs
UNRESOLVED: gcc.misc-tests/bprob-2.c
ompilation, -O3 -DPERFTIME -fbranch-probabilities
UNRESOLVED: gcc.misc-tests/bprob-2.c
xecution, -O3 -DPERFTIME -fbranch-probabilities
FAIL: gcc.misc-tests/bprob-2.c
ompilation, -O3 -g -DPERFTIME -fprofile-arcs
UNRESOLVED: gcc.misc-tests/bprob-2.c
xecution, -O3 -g -DPERFTIME -fprofile-arcs
UNRESOLVED: gcc.misc-tests/bprob-2.c
ompilation, -O3 -g -DPERFTIME -fbranch-probabilities
UNRESOLVED: gcc.misc-tests/bprob-2.c
xecution, -O3 -g -DPERFTIME -fbranch-probabilities
FAIL: gcc.misc-tests/bprob-2.c compilation, -Os -fprofile-arcs
UNRESOLVED: gcc.misc-tests/bprob-2.c execution, -Os -fprofile-arcs
UNRESOLVED: gcc.misc-tests/bprob-2.c
ompilation, -Os -fbranch-probabilities
UNRESOLVED: gcc.misc-tests/bprob-2.c
xecution, -Os -fbranch-probabilities
=== gcc Summary ===
# of expected passes 20516
# of unexpected failures 153
# of unexpected successes 5
# of expected failures 68
# of unresolved testcases 47
# of unsupported tests 183
/home4/inaoka/work/work_src/build.gcc-3.3/gcc/xgcc version 3.3
Compiler version: 3.3
Platform: m32r-unknown-elf
configure
flags: --host=i686-pc-linux-gnu --srcdir=/home4/inaoka/work/work_src/gcc-3.3
--target=m32r-elf --prefix=/usr/local/m32r --enable-languages=c,c++ --with-
newlib
binutils 2.13.1 Released
newlib 1.11.0 Released