This is the mail archive of the
gcc-testresults@gcc.gnu.org
mailing list for the GCC project.
Results for 3.4 20030515 (experimental) testsuite on powerpc-apple-darwin6.3dylibs
- From: Andreas Tobler <toa at pop dot agri dot ch>
- To: gcc-results <gcc-testresults at gcc dot gnu dot org>
- Date: Thu, 22 May 2003 06:26:28 +0200
- Subject: Results for 3.4 20030515 (experimental) testsuite on powerpc-apple-darwin6.3dylibs
Hi,
these are the results from a gcc head with a shared/dylib'ed libgcc_s on
darwin.
589256 May 20 00:05 libgcc_s.1.dylib
4673276 May 20 00:09 libstdc++.6.0.0.dylib
4755396 May 20 00:08 libstdc++.6.0.0.dylib-master.o
All in all not so bad......
LAST_UPDATED: Thu May 15 12:29:19 UTC 2003
Native configuration is powerpc-apple-darwin6.3
=== g++ tests ===
Running target unix
FAIL: g++.dg/compat/eh/new1 cp_compat_x_tst.o-cp_compat_y_tst.o link
UNRESOLVED: g++.dg/compat/eh/new1 cp_compat_x_tst.o-cp_compat_y_tst.o execute
FAIL: g++.dg/eh/simd-2.C (test for excess errors)
WARNING: g++.dg/eh/simd-2.C compilation failed to produce executable
XPASS: g++.dg/other/packed1.C execution test
FAIL: g++.dg/parse/attr-ctor1.C (test for excess errors)
FAIL: g++.dg/template/inline1.C scan-assembler-not _ZN1X3FooIiEEvT_:
FAIL: g++.dg/warn/weak1.C (test for excess errors)
FAIL: g++.dg/special/conpr-3.C execution test
FAIL: g++.old-deja/g++.abi/cxa_vec.C execution test
FAIL: g++.old-deja/g++.brendan/new3.C execution test
FAIL: g++.old-deja/g++.ext/attrib5.C (test for excess errors)
WARNING: g++.old-deja/g++.ext/attrib5.C compilation failed to produce executable
FAIL: g++.old-deja/g++.law/ctors2.C execution test
WARNING: g++.old-deja/g++.mike/p10769a.C compilation failed to produce executable
FAIL: g++.old-deja/g++.mike/p4750.C (test for excess errors)
FAIL: g++.old-deja/g++.mike/p9706.C (test for excess errors)
FAIL: g++.old-deja/g++.oliva/template1.C (test for excess errors)
FAIL: g++.old-deja/g++.other/comdat3.C (test for excess errors)
WARNING: g++.old-deja/g++.other/comdat3.C compilation failed to produce executable
WARNING: g++.old-deja/g++.other/enum5.C compilation failed to produce executable
FAIL: g++.old-deja/g++.other/local-alloc1.C (test for excess errors)
FAIL: g++.old-deja/g++.other/mangle3.C (test for excess errors)
WARNING: g++.old-deja/g++.pt/friend44.C compilation failed to produce executable
FAIL: g++.old-deja/g++.pt/static3.C (test for excess errors)
WARNING: g++.old-deja/g++.pt/static3.C compilation failed to produce executable
FAIL: g++.old-deja/g++.pt/static6.C (test for excess errors)
=== g++ Summary ===
# of expected passes 8345
# of unexpected failures 18
# of unexpected successes 1
# of expected failures 70
# of unresolved testcases 1
# of unsupported tests 43
/Volumes/xufs/gcc-cvs-dylib/objdir/gcc/testsuite/../g++ version 3.4 20030515 (experimental)
=== gcc tests ===
Running target unix
WARNING: program timed out.
FAIL: gcc.c-torture/compile/20001226-1.c, -O3 -fomit-frame-pointer
WARNING: program timed out.
FAIL: gcc.c-torture/compile/20001226-1.c, -O3 -g
WARNING: program timed out.
FAIL: gcc.c-torture/compile/20001226-1.c, -Os
FAIL: gcc.c-torture/execute/builtins/string-asm-1.c compilation, -O0
UNRESOLVED: gcc.c-torture/execute/builtins/string-asm-1.c execution, -O0
FAIL: gcc.c-torture/execute/builtins/string-asm-1.c compilation, -O1
UNRESOLVED: gcc.c-torture/execute/builtins/string-asm-1.c execution, -O1
FAIL: gcc.c-torture/execute/builtins/string-asm-1.c compilation, -O2
UNRESOLVED: gcc.c-torture/execute/builtins/string-asm-1.c execution, -O2
FAIL: gcc.c-torture/execute/builtins/string-asm-1.c compilation, -O3 -fomit-frame-pointer
UNRESOLVED: gcc.c-torture/execute/builtins/string-asm-1.c execution, -O3 -fomit-frame-pointer
FAIL: gcc.c-torture/execute/builtins/string-asm-1.c compilation, -O3 -g
UNRESOLVED: gcc.c-torture/execute/builtins/string-asm-1.c execution, -O3 -g
FAIL: gcc.c-torture/execute/builtins/string-asm-1.c compilation, -Os
UNRESOLVED: gcc.c-torture/execute/builtins/string-asm-1.c execution, -Os
FAIL: gcc.c-torture/execute/builtins/string-asm-2.c compilation, -O0
UNRESOLVED: gcc.c-torture/execute/builtins/string-asm-2.c execution, -O0
FAIL: gcc.c-torture/execute/builtins/string-asm-2.c compilation, -O1
UNRESOLVED: gcc.c-torture/execute/builtins/string-asm-2.c execution, -O1
FAIL: gcc.c-torture/execute/builtins/string-asm-2.c compilation, -O2
UNRESOLVED: gcc.c-torture/execute/builtins/string-asm-2.c execution, -O2
FAIL: gcc.c-torture/execute/builtins/string-asm-2.c compilation, -O3 -fomit-frame-pointer
UNRESOLVED: gcc.c-torture/execute/builtins/string-asm-2.c execution, -O3 -fomit-frame-pointer
FAIL: gcc.c-torture/execute/builtins/string-asm-2.c compilation, -O3 -g
UNRESOLVED: gcc.c-torture/execute/builtins/string-asm-2.c execution, -O3 -g
FAIL: gcc.c-torture/execute/builtins/string-asm-2.c compilation, -Os
UNRESOLVED: gcc.c-torture/execute/builtins/string-asm-2.c execution, -Os
FAIL: gcc.c-torture/execute/builtins/string-asm-1.c compilation, -O0
UNRESOLVED: gcc.c-torture/execute/builtins/string-asm-1.c execution, -O0
FAIL: gcc.c-torture/execute/builtins/string-asm-1.c compilation, -O1
UNRESOLVED: gcc.c-torture/execute/builtins/string-asm-1.c execution, -O1
FAIL: gcc.c-torture/execute/builtins/string-asm-1.c compilation, -O2
UNRESOLVED: gcc.c-torture/execute/builtins/string-asm-1.c execution, -O2
FAIL: gcc.c-torture/execute/builtins/string-asm-1.c compilation, -O3 -fomit-frame-pointer
UNRESOLVED: gcc.c-torture/execute/builtins/string-asm-1.c execution, -O3 -fomit-frame-pointer
FAIL: gcc.c-torture/execute/builtins/string-asm-1.c compilation, -O3 -g
UNRESOLVED: gcc.c-torture/execute/builtins/string-asm-1.c execution, -O3 -g
FAIL: gcc.c-torture/execute/builtins/string-asm-1.c compilation, -Os
UNRESOLVED: gcc.c-torture/execute/builtins/string-asm-1.c execution, -Os
FAIL: gcc.c-torture/execute/builtins/string-asm-2.c compilation, -O0
UNRESOLVED: gcc.c-torture/execute/builtins/string-asm-2.c execution, -O0
FAIL: gcc.c-torture/execute/builtins/string-asm-2.c compilation, -O1
UNRESOLVED: gcc.c-torture/execute/builtins/string-asm-2.c execution, -O1
FAIL: gcc.c-torture/execute/builtins/string-asm-2.c compilation, -O2
UNRESOLVED: gcc.c-torture/execute/builtins/string-asm-2.c execution, -O2
FAIL: gcc.c-torture/execute/builtins/string-asm-2.c compilation, -O3 -fomit-frame-pointer
UNRESOLVED: gcc.c-torture/execute/builtins/string-asm-2.c execution, -O3 -fomit-frame-pointer
FAIL: gcc.c-torture/execute/builtins/string-asm-2.c compilation, -O3 -g
UNRESOLVED: gcc.c-torture/execute/builtins/string-asm-2.c execution, -O3 -g
FAIL: gcc.c-torture/execute/builtins/string-asm-2.c compilation, -Os
UNRESOLVED: gcc.c-torture/execute/builtins/string-asm-2.c execution, -Os
FAIL: gcc.c-torture/execute/20000412-3.c execution, -O3 -fomit-frame-pointer
FAIL: gcc.c-torture/execute/20000412-3.c execution, -O3 -g
FAIL: gcc.c-torture/execute/pure-1.c compilation, -O1
UNRESOLVED: gcc.c-torture/execute/pure-1.c execution, -O1
FAIL: gcc.c-torture/execute/pure-1.c compilation, -O2
UNRESOLVED: gcc.c-torture/execute/pure-1.c execution, -O2
FAIL: gcc.c-torture/execute/pure-1.c compilation, -Os
UNRESOLVED: gcc.c-torture/execute/pure-1.c execution, -Os
FAIL: gcc.dg/compat/struct-by-value-1 c_compat_x_tst.o-c_compat_y_tst.o link
UNRESOLVED: gcc.dg/compat/struct-by-value-1 c_compat_x_tst.o-c_compat_y_tst.o execute
FAIL: gcc.dg/compat/struct-by-value-2 c_compat_x_tst.o-c_compat_y_tst.o link
UNRESOLVED: gcc.dg/compat/struct-by-value-2 c_compat_x_tst.o-c_compat_y_tst.o execute
FAIL: gcc.dg/compat/struct-by-value-3 c_compat_x_tst.o-c_compat_y_tst.o execute
FAIL: gcc.dg/compat/struct-by-value-4 c_compat_x_tst.o-c_compat_y_tst.o link
UNRESOLVED: gcc.dg/compat/struct-by-value-4 c_compat_x_tst.o-c_compat_y_tst.o execute
FAIL: gcc.dg/builtins-10.c (test for excess errors)
FAIL: gcc.dg/const-elim-1.c scan-assembler-not LC[^A-Z]
FAIL: gcc.dg/duff-2.c (test for excess errors)
FAIL: gcc.dg/struct-by-value-1.c (test for excess errors)
WARNING: gcc.dg/struct-by-value-1.c compilation failed to produce executable
FAIL: gcc.dg/uninit-C.c (test for excess errors)
FAIL: gcc.dg/wchar_t-1.c (test for excess errors)
FAIL: gcc.dg/wint_t-1.c (test for excess errors)
UNRESOLVED: weak-1.c
UNRESOLVED: weak-2.c
UNRESOLVED: wkali-1.c
UNRESOLVED: wkali-2.c
FAIL: gcc.dg/torture/builtin-noret-1.c (test for excess errors)
FAIL: gcc.dg/torture/builtin-noret-1.c (test for excess errors)
FAIL: gcc.dg/torture/builtin-noret-1.c (test for excess errors)
FAIL: gcc.dg/torture/builtin-noret-1.c (test for excess errors)
FAIL: gcc.dg/torture/builtin-noret-1.c (test for excess errors)
FAIL: gcc.dg/torture/builtin-noret-1.c (test for excess errors)
FAIL: gcc.dg/torture/builtin-noret-2.c (test for excess errors)
FAIL: gcc.dg/torture/builtin-noret-2.c (test for excess errors)
FAIL: gcc.dg/torture/builtin-noret-2.c (test for excess errors)
FAIL: gcc.dg/torture/builtin-noret-2.c (test for excess errors)
FAIL: gcc.dg/torture/builtin-noret-2.c (test for excess errors)
FAIL: gcc.dg/torture/builtin-noret-2.c (test for excess errors)
UNRESOLVED: gcc.dg/weak
=== gcc Summary ===
# of expected passes 22225
# of unexpected failures 55
# of expected failures 73
# of unresolved testcases 35
# of unsupported tests 193
/Volumes/xufs/gcc-cvs-dylib/objdir/gcc/xgcc version 3.4 20030515 (experimental)
=== libstdc++-v3 tests ===
Running target unix
FAIL: 20_util/allocator_members.cc execution test
FAIL: 26_numerics/c99_classification_macros_c++.cc (test for excess errors)
FAIL: 26_numerics/c99_classification_macros_c.cc (test for excess errors)
FAIL: 27_io/basic_filebuf/open/char/9507.cc execution test
FAIL: ext/concept_checks.cc (test for excess errors)
WARNING: ext/concept_checks.cc compilation failed to produce executable
=== libstdc++-v3 Summary ===
# of expected passes 1381
# of unexpected failures 5
Compiler version: 3.4 20030515 (experimental)
Platform: powerpc-apple-darwin6.3
configure flags: --prefix=/Volumes/xufs/gcc-cvs-dylib/testbin --enable-languages=c,c++,java --enable-libgcj --enable-threads=posix --enable-shared --disable-multilib