This is the mail archive of the
gcc-testresults@gcc.gnu.org
mailing list for the GCC project.
Results for 3.3.1 20030516 (prerelease) testsuite on sparc-sun-solaris2.9
- From: Andreas Tobler <toa at pop dot agri dot ch>
- To: gcc-results <gcc-testresults at gcc dot gnu dot org>
- Date: Wed, 21 May 2003 06:47:48 +0200
- Subject: Results for 3.3.1 20030516 (prerelease) testsuite on sparc-sun-solaris2.9
LAST_UPDATED: Fri May 16 19:09:43 UTC 2003
Native configuration is sparc-sun-solaris2.9
=== g77 tests ===
Running target unix/-fPIC
=== g77 Summary for unix/-fPIC ===
# of expected passes 1686
# of unsupported tests 8
Running target unix/-fpic
=== g77 Summary for unix/-fpic ===
# of expected passes 1686
# of unsupported tests 8
Running target unix/-m64
=== g77 Summary for unix/-m64 ===
# of expected passes 1686
# of unsupported tests 8
Running target unix
=== g77 Summary for unix ===
# of expected passes 1686
# of unsupported tests 8
=== g77 Summary ===
# of expected passes 6744
# of unsupported tests 32
/opt/gcc/gcc-branch/objdir/gcc/testsuite/../g77 version 3.3.1 20030516 (prerelease)
=== gcc tests ===
Running target unix/-fPIC
FAIL: gcc.dg/20020312-2.c (test for excess errors)
WARNING: gcc.dg/20020312-2.c compilation failed to produce executable
WARNING: gcc.dg/20021014-1.c compilation failed to produce executable
FAIL: gcc.dg/duff-2.c (test for excess errors)
FAIL: gcc.dg/typespec-1.c unsigned long long int unsigned (test for errors, line 936)
FAIL: gcc.dg/typespec-1.c unsigned long long int _Bool (test for errors, line 937)
=== gcc Summary for unix/-fPIC ===
# of expected passes 21212
# of unexpected failures 4
# of expected failures 67
# of unsupported tests 162
Running target unix/-fpic
FAIL: gcc.dg/20020312-2.c (test for excess errors)
WARNING: gcc.dg/20020312-2.c compilation failed to produce executable
WARNING: gcc.dg/20021014-1.c compilation failed to produce executable
FAIL: gcc.dg/duff-2.c (test for excess errors)
=== gcc Summary for unix/-fpic ===
# of expected passes 21214
# of unexpected failures 2
# of expected failures 67
# of unsupported tests 162
Running target unix/-m64
FAIL: gcc.c-torture/compile/simd-5.c, -O0
FAIL: gcc.c-torture/compile/simd-5.c, -O1
FAIL: gcc.c-torture/compile/simd-5.c, -O2
FAIL: gcc.c-torture/compile/simd-5.c, -O3 -fomit-frame-pointer
FAIL: gcc.c-torture/compile/simd-5.c, -O3 -g
FAIL: gcc.c-torture/compile/simd-5.c, -Os
WARNING: gcc.dg/20021014-1.c compilation failed to produce executable
FAIL: gcc.dg/duff-2.c (test for excess errors)
FAIL: gcc.dg/sparc-ret.c (test for excess errors)
ERROR: gcc.dg/sparc-ret.c: error executing dg-final: couldn't open "sparc-ret.s": no such file or directory
UNRESOLVED: gcc.dg/sparc-ret.c: error executing dg-final: couldn't open "sparc-ret.s": no such file or directory
=== gcc Summary for unix/-m64 ===
# of expected passes 21203
# of unexpected failures 8
# of expected failures 71
# of unresolved testcases 1
# of unsupported tests 162
Running target unix
WARNING: gcc.dg/20021014-1.c compilation failed to produce executable
FAIL: gcc.dg/duff-2.c (test for excess errors)
=== gcc Summary for unix ===
# of expected passes 21216
# of unexpected failures 1
# of expected failures 67
# of unsupported tests 162
=== gcc Summary ===
# of expected passes 84845
# of unexpected failures 15
# of expected failures 272
# of unresolved testcases 1
# of unsupported tests 648
/opt/gcc/gcc-branch/objdir/gcc/xgcc version 3.3.1 20030516 (prerelease)
=== g++ tests ===
Running target unix/-fPIC
=== g++ Summary for unix/-fPIC ===
# of expected passes 7927
# of expected failures 100
# of untested testcases 21
# of unsupported tests 16
Running target unix/-fpic
=== g++ Summary for unix/-fpic ===
# of expected passes 7927
# of expected failures 100
# of untested testcases 21
# of unsupported tests 16
Running target unix/-m64
=== g++ Summary for unix/-m64 ===
# of expected passes 7926
# of expected failures 101
# of untested testcases 21
# of unsupported tests 16
Running target unix
=== g++ Summary for unix ===
# of expected passes 7927
# of expected failures 100
# of untested testcases 21
# of unsupported tests 16
=== g++ Summary ===
# of expected passes 31707
# of expected failures 401
# of untested testcases 84
# of unsupported tests 64
/opt/gcc/gcc-branch/objdir/gcc/testsuite/../g++ version 3.3.1 20030516 (prerelease)
=== objc tests ===
Running target unix/-fPIC
=== objc Summary for unix/-fPIC ===
# of expected passes 1153
Running target unix/-fpic
=== objc Summary for unix/-fpic ===
# of expected passes 1153
Running target unix/-m64
=== objc Summary for unix/-m64 ===
# of expected passes 1153
Running target unix
=== objc Summary for unix ===
# of expected passes 1153
=== objc Summary ===
# of expected passes 4612
/opt/gcc/gcc-branch/objdir/gcc/xgcc version 3.3.1 20030516 (prerelease)
=== libjava tests ===
Running target unix/-fPIC
ERROR: tcl error sourcing /opt/gcc/gcc-branch/gcc/libjava/testsuite/libjava.compile/compile.exp.
ERROR: can't read "x": no such variable
FAIL: Array_3 execution - gij test
FAIL: Array_3 execution - gij test
FAIL: FileHandleGcTest execution - source compiled test
FAIL: FileHandleGcTest execution - bytecode->native test
FAIL: FileHandleGcTest -O execution - source compiled test
FAIL: FileHandleGcTest -O execution - bytecode->native test
ERROR: No \`main' given in program N19990310_5
UNRESOLVED: N19990310_5 -O compilation from source
FAIL: PR162 -O compilation from bytecode
WARNING: program timed out.
FAIL: SyncTest execution - gij test
WARNING: program timed out.
FAIL: SyncTest execution - bytecode->native test
WARNING: program timed out.
FAIL: SyncTest execution - gij test
WARNING: program timed out.
FAIL: SyncTest -O execution - bytecode->native test
FAIL: TLtest execution - gij test
FAIL: Thread_Monitor execution - gij test
FAIL: Thread_Monitor execution - gij test
FAIL: Thread_Wait_Interrupt execution - gij test
FAIL: Thread_Wait_Interrupt execution - gij test
FAIL: Throw_2 execution - source compiled test
FAIL: Throw_2 execution - gij test
FAIL: Throw_2 execution - bytecode->native test
FAIL: Throw_2 -O execution - source compiled test
FAIL: Throw_2 execution - gij test
FAIL: Throw_2 -O execution - bytecode->native test
ERROR: No \`main' given in program final_int
UNRESOLVED: final_int -O compilation from source
=== libjava Summary for unix/-fPIC ===
# of expected passes 2669
# of unexpected failures 22
# of expected failures 10
# of unresolved testcases 2
# of untested testcases 27
Running target unix/-fpic
FAIL: Array_3 execution - gij test
FAIL: Array_3 execution - gij test
FAIL: FileHandleGcTest execution - source compiled test
FAIL: FileHandleGcTest execution - bytecode->native test
FAIL: FileHandleGcTest -O execution - source compiled test
FAIL: FileHandleGcTest -O execution - bytecode->native test
WARNING: program timed out.
FAIL: SyncTest execution - gij test
WARNING: program timed out.
FAIL: SyncTest execution - bytecode->native test
WARNING: program timed out.
FAIL: SyncTest execution - gij test
WARNING: program timed out.
FAIL: SyncTest -O execution - bytecode->native test
FAIL: Thread_Monitor execution - gij test
FAIL: Thread_Monitor execution - gij test
FAIL: Thread_Wait_Interrupt execution - gij test
FAIL: Thread_Wait_Interrupt execution - gij test
FAIL: Throw_2 execution - source compiled test
FAIL: Throw_2 execution - gij test
FAIL: Throw_2 execution - bytecode->native test
FAIL: Throw_2 -O execution - source compiled test
FAIL: Throw_2 execution - gij test
FAIL: Throw_2 -O execution - bytecode->native test
FAIL: err7 -O compilation from bytecode
=== libjava Summary for unix/-fpic ===
# of expected passes 2948
# of unexpected failures 21
# of expected failures 16
# of untested testcases 34
Running target unix/-m64
FAIL: Array_3 execution - gij test
FAIL: Array_3 execution - gij test
FAIL: Divide_1 -O compilation from bytecode
FAIL: FileHandleGcTest execution - source compiled test
FAIL: FileHandleGcTest execution - gij test
FAIL: FileHandleGcTest execution - bytecode->native test
FAIL: FileHandleGcTest -O execution - source compiled test
FAIL: FileHandleGcTest execution - gij test
FAIL: FileHandleGcTest -O execution - bytecode->native test
FAIL: InterfaceDispatch compilation from bytecode
FAIL: PR141 execution - gij test
FAIL: PR141 execution - gij test
WARNING: program timed out.
FAIL: SyncTest execution - gij test
WARNING: program timed out.
FAIL: SyncTest execution - bytecode->native test
WARNING: program timed out.
FAIL: SyncTest execution - gij test
WARNING: program timed out.
FAIL: SyncTest -O execution - bytecode->native test
FAIL: Thread_Wait_Interrupt execution - gij test
FAIL: Thread_Wait_Interrupt execution - gij test
FAIL: initexc -O compilation from bytecode
=== libjava Summary for unix/-m64 ===
# of expected passes 2950
# of unexpected failures 19
# of expected failures 16
# of untested testcases 34
Running target unix
FAIL: Array_3 execution - gij test
FAIL: Array_3 execution - gij test
FAIL: FileHandleGcTest execution - source compiled test
FAIL: FileHandleGcTest execution - bytecode->native test
FAIL: FileHandleGcTest -O execution - source compiled test
FAIL: FileHandleGcTest -O execution - bytecode->native test
WARNING: program timed out.
FAIL: SyncTest execution - gij test
WARNING: program timed out.
FAIL: SyncTest execution - bytecode->native test
WARNING: program timed out.
FAIL: SyncTest execution - gij test
WARNING: program timed out.
FAIL: SyncTest -O execution - bytecode->native test
FAIL: Thread_Monitor execution - gij test
FAIL: Thread_Monitor execution - gij test
FAIL: Thread_Wait_Interrupt execution - gij test
FAIL: Thread_Wait_Interrupt execution - gij test
FAIL: Throw_2 execution - source compiled test
FAIL: Throw_2 execution - gij test
FAIL: Throw_2 execution - bytecode->native test
FAIL: Throw_2 -O execution - source compiled test
FAIL: Throw_2 execution - gij test
FAIL: Throw_2 -O execution - bytecode->native test
=== libjava Summary for unix ===
# of expected passes 2951
# of unexpected failures 20
# of expected failures 16
# of untested testcases 32
=== libjava Summary ===
# of expected passes 11518
# of unexpected failures 82
# of expected failures 58
# of unresolved testcases 2
# of untested testcases 127
=== libstdc++-v3 tests ===
Running target unix/-fPIC
=== libstdc++-v3 Summary for unix/-fPIC ===
# of expected passes 429
# of expected failures 18
Running target unix/-fpic
WARNING: program timed out.
FAIL: thread/pthread4.cc execution test
=== libstdc++-v3 Summary for unix/-fpic ===
# of expected passes 428
# of unexpected failures 1
# of expected failures 18
Running target unix/-m64
WARNING: program timed out.
FAIL: thread/pthread4.cc execution test
=== libstdc++-v3 Summary for unix/-m64 ===
# of expected passes 428
# of unexpected failures 1
# of expected failures 18
Running target unix
WARNING: program timed out.
FAIL: thread/pthread4.cc execution test
=== libstdc++-v3 Summary for unix ===
# of expected passes 428
# of unexpected failures 1
# of expected failures 18
=== libstdc++-v3 Summary ===
# of expected passes 1713
# of unexpected failures 3
# of expected failures 72
Compiler version: 3.3.1 20030516 (prerelease)
Platform: sparc-sun-solaris2.9
configure flags: --host=sparc-sun-solaris2.9 --prefix=/var/tmp