This is the mail archive of the
gcc-testresults@gcc.gnu.org
mailing list for the GCC project.
Results for 3.3 testsuite on powerpc-unknown-linux-gnu
- From: Matt Kraai <kraai at lafn dot org>
- To: gcc-testresults at gcc dot gnu dot org
- Date: Fri, 16 May 2003 17:43:46 -0700
- Subject: Results for 3.3 testsuite on powerpc-unknown-linux-gnu
LAST_UPDATED:
Native configuration is powerpc-unknown-linux-gnu
=== g++ tests ===
Running target unix
XPASS: g++.dg/other/packed1.C execution test
FAIL: g++.warn/impint.C (test for excess errors)
=== g++ Summary ===
# of expected passes 7922
# of unexpected failures 1
# of unexpected successes 1
# of expected failures 97
# of untested testcases 23
# of unsupported tests 18
/home/kraai/dev/gcc/bld-3.3/gcc/testsuite/../g++ version 3.3
=== g77 tests ===
Running target unix
=== g77 Summary ===
# of expected passes 1686
# of unsupported tests 8
/home/kraai/dev/gcc/bld-3.3/gcc/testsuite/../g77 version 3.3
=== gcc tests ===
Running target unix
WARNING: program timed out.
FAIL: gcc.c-torture/compile/20001226-1.c, -O3 -g
WARNING: program timed out.
FAIL: gcc.c-torture/compile/20001226-1.c, -Os
FAIL: gcc.dg/20020103-1.c scan-assembler-not LC
FAIL: gcc.dg/20020118-1.c execution test
FAIL: gcc.dg/altivec-5.c (test for excess errors)
FAIL: gcc.dg/duff-2.c (test for excess errors)
FAIL: gcc.dg/format/c90-printf-1.c %s with NULL (test for warnings, line 236)
FAIL: gcc.dg/format/c90-printf-1.c (test for excess errors)
=== gcc Summary ===
# of expected passes 20800
# of unexpected failures 8
# of expected failures 67
# of unsupported tests 152
/home/kraai/dev/gcc/bld-3.3/gcc/xgcc version 3.3
=== objc tests ===
Running target unix
=== objc Summary ===
# of expected passes 1153
/home/kraai/dev/gcc/bld-3.3/gcc/xgcc version 3.3
=== libjava tests ===
Running target unix
FAIL: noclass run
FAIL: throwit run
FAIL: ArrayStore execution - source compiled test
FAIL: ArrayStore execution - gij test
FAIL: ArrayStore execution - bytecode->native test
FAIL: ArrayStore -O execution - source compiled test
FAIL: ArrayStore execution - gij test
FAIL: ArrayStore -O execution - bytecode->native test
FAIL: ArrayStore2 execution - source compiled test
FAIL: ArrayStore2 execution - gij test
FAIL: ArrayStore2 execution - bytecode->native test
FAIL: ArrayStore2 -O execution - source compiled test
FAIL: ArrayStore2 execution - gij test
FAIL: ArrayStore2 -O execution - bytecode->native test
FAIL: Array_3 execution - source compiled test
FAIL: Array_3 execution - gij test
FAIL: Array_3 execution - bytecode->native test
FAIL: Array_3 -O execution - source compiled test
FAIL: Array_3 execution - gij test
FAIL: Array_3 -O execution - bytecode->native test
FAIL: Divide_1 execution - source compiled test
FAIL: Divide_1 execution - gij test
FAIL: Divide_1 execution - bytecode->native test
FAIL: Divide_1 -O execution - source compiled test
FAIL: Divide_1 execution - gij test
FAIL: Divide_1 -O execution - bytecode->native test
FAIL: Final execution - source compiled test
FAIL: Final execution - gij test
FAIL: Final execution - bytecode->native test
FAIL: Final -O execution - source compiled test
FAIL: Final execution - gij test
FAIL: Final -O execution - bytecode->native test
FAIL: G19990302_02 execution - source compiled test
FAIL: G19990302_02 execution - gij test
FAIL: G19990302_02 execution - bytecode->native test
FAIL: G19990302_02 -O execution - source compiled test
FAIL: G19990302_02 execution - gij test
FAIL: G19990302_02 -O execution - bytecode->native test
FAIL: G19990303_01 execution - source compiled test
FAIL: G19990303_01 execution - gij test
FAIL: G19990303_01 execution - bytecode->native test
FAIL: G19990303_01 -O execution - source compiled test
FAIL: G19990303_01 execution - gij test
FAIL: G19990303_01 -O execution - bytecode->native test
FAIL: G19990303_02 execution - source compiled test
FAIL: G19990303_02 execution - gij test
FAIL: G19990303_02 execution - bytecode->native test
FAIL: G19990303_02 -O execution - source compiled test
FAIL: G19990303_02 execution - gij test
FAIL: G19990303_02 -O execution - bytecode->native test
FAIL: G19990304_01 execution - source compiled test
FAIL: G19990304_01 execution - gij test
FAIL: G19990304_01 execution - bytecode->native test
FAIL: G19990304_01 -O execution - source compiled test
FAIL: G19990304_01 execution - gij test
FAIL: G19990304_01 -O execution - bytecode->native test
FAIL: InterfaceDispatch execution - source compiled test
FAIL: InterfaceDispatch execution - gij test
FAIL: InterfaceDispatch execution - bytecode->native test
FAIL: InterfaceDispatch -O execution - source compiled test
FAIL: InterfaceDispatch execution - gij test
FAIL: InterfaceDispatch -O execution - bytecode->native test
FAIL: Invoke_1 execution - source compiled test
FAIL: Invoke_1 execution - gij test
FAIL: Invoke_1 execution - bytecode->native test
FAIL: Invoke_1 -O execution - source compiled test
FAIL: Invoke_1 execution - gij test
FAIL: Invoke_1 -O execution - bytecode->native test
FAIL: PR141 execution - source compiled test
FAIL: PR141 execution - gij test
FAIL: PR141 execution - bytecode->native test
FAIL: PR141 -O execution - source compiled test
FAIL: PR141 execution - gij test
FAIL: PR141 -O execution - bytecode->native test
FAIL: PR218 execution - source compiled test
FAIL: PR218 execution - gij test
FAIL: PR218 execution - bytecode->native test
FAIL: PR218 -O execution - source compiled test
FAIL: PR218 execution - gij test
FAIL: PR218 -O execution - bytecode->native test
FAIL: StringBuffer_1 execution - source compiled test
FAIL: StringBuffer_1 execution - gij test
FAIL: StringBuffer_1 execution - bytecode->native test
FAIL: StringBuffer_1 -O execution - source compiled test
FAIL: StringBuffer_1 execution - gij test
FAIL: StringBuffer_1 -O execution - bytecode->native test
WARNING: program timed out.
FAIL: SyncTest execution - gij test
FAIL: SyncTest execution - bytecode->native test
WARNING: program timed out.
FAIL: SyncTest execution - gij test
FAIL: SyncTest -O execution - bytecode->native test
FAIL: Thread_Alive execution - source compiled test
FAIL: Thread_Alive execution - gij test
FAIL: Thread_Alive execution - bytecode->native test
FAIL: Thread_Alive -O execution - source compiled test
FAIL: Thread_Alive execution - gij test
FAIL: Thread_Alive -O execution - bytecode->native test
WARNING: program timed out.
FAIL: Thread_Interrupt execution - source compiled test
WARNING: program timed out.
FAIL: Thread_Interrupt execution - gij test
WARNING: program timed out.
FAIL: Thread_Interrupt execution - bytecode->native test
WARNING: program timed out.
FAIL: Thread_Interrupt -O execution - source compiled test
WARNING: program timed out.
FAIL: Thread_Interrupt execution - gij test
WARNING: program timed out.
FAIL: Thread_Interrupt -O execution - bytecode->native test
FAIL: Thread_Wait_2 execution - source compiled test
FAIL: Thread_Wait_2 execution - gij test
FAIL: Thread_Wait_2 execution - bytecode->native test
FAIL: Thread_Wait_2 -O execution - source compiled test
FAIL: Thread_Wait_2 execution - gij test
FAIL: Thread_Wait_2 -O execution - bytecode->native test
FAIL: Thread_Wait_Interrupt execution - source compiled test
FAIL: Thread_Wait_Interrupt execution - gij test
FAIL: Thread_Wait_Interrupt execution - bytecode->native test
FAIL: Thread_Wait_Interrupt -O execution - source compiled test
FAIL: Thread_Wait_Interrupt execution - gij test
FAIL: Thread_Wait_Interrupt -O execution - bytecode->native test
FAIL: Throw_1 execution - source compiled test
FAIL: Throw_1 execution - gij test
FAIL: Throw_1 execution - bytecode->native test
FAIL: Throw_1 -O execution - source compiled test
FAIL: Throw_1 execution - gij test
FAIL: Throw_1 -O execution - bytecode->native test
FAIL: Throw_2 execution - source compiled test
FAIL: Throw_2 execution - gij test
FAIL: Throw_2 execution - bytecode->native test
FAIL: Throw_2 -O execution - source compiled test
FAIL: Throw_2 execution - gij test
FAIL: Throw_2 -O execution - bytecode->native test
FAIL: initexc execution - source compiled test
FAIL: initexc execution - gij test
FAIL: initexc execution - bytecode->native test
FAIL: initexc -O execution - source compiled test
FAIL: initexc execution - gij test
FAIL: initexc -O execution - bytecode->native test
FAIL: instinit2 execution - source compiled test
FAIL: instinit2 execution - gij test
FAIL: instinit2 execution - bytecode->native test
FAIL: instinit2 -O execution - source compiled test
FAIL: instinit2 execution - gij test
FAIL: instinit2 -O execution - bytecode->native test
FAIL: invokethrow execution - source compiled test
FAIL: invokethrow execution - gij test
FAIL: invokethrow execution - bytecode->native test
FAIL: invokethrow -O execution - source compiled test
FAIL: invokethrow execution - gij test
FAIL: invokethrow -O execution - bytecode->native test
FAIL: pr184 execution - source compiled test
FAIL: pr184 execution - gij test
FAIL: pr184 execution - bytecode->native test
FAIL: pr184 -O execution - source compiled test
FAIL: pr184 execution - gij test
FAIL: pr184 -O execution - bytecode->native test
FAIL: pr83 execution - source compiled test
FAIL: pr83 execution - gij test
FAIL: pr83 execution - bytecode->native test
FAIL: pr83 -O execution - source compiled test
FAIL: pr83 execution - gij test
FAIL: pr83 -O execution - bytecode->native test
=== libjava Summary ===
# of expected passes 2685
# of unexpected failures 156
# of expected failures 12
# of untested testcases 168
=== libstdc++-v3 tests ===
Running target unix
XPASS: 22_locale/collate_byname.cc execution test
XPASS: 22_locale/collate_members_char.cc execution test
XPASS: 22_locale/collate_members_wchar_t.cc execution test
XPASS: 22_locale/ctype_is_char.cc execution test
XPASS: 22_locale/ctype_is_wchar_t.cc execution test
XPASS: 22_locale/members.cc execution test
XPASS: 22_locale/messages_byname.cc execution test
XPASS: 22_locale/messages_members_char.cc execution test
XPASS: 22_locale/money_get_members_char.cc execution test
XPASS: 22_locale/money_get_members_wchar_t.cc execution test
XPASS: 22_locale/money_put_members_char.cc execution test
XPASS: 22_locale/money_put_members_wchar_t.cc execution test
XPASS: 22_locale/moneypunct_byname.cc execution test
XPASS: 22_locale/moneypunct_members_char.cc execution test
XPASS: 22_locale/moneypunct_members_wchar_t.cc execution test
XPASS: 22_locale/num_get_members_char.cc execution test
XPASS: 22_locale/num_get_members_wchar_t.cc execution test
XPASS: 22_locale/num_put_members_char.cc execution test
XPASS: 22_locale/num_put_members_wchar_t.cc execution test
XPASS: 22_locale/numpunct_byname.cc execution test
XPASS: 22_locale/numpunct_members_char.cc execution test
XPASS: 22_locale/numpunct_members_wchar_t.cc execution test
XPASS: 22_locale/time_get_members_char.cc execution test
XPASS: 22_locale/time_get_members_wchar_t.cc execution test
XPASS: 22_locale/time_put_members_char.cc execution test
XPASS: 22_locale/time_put_members_wchar_t.cc execution test
WARNING: program timed out.
FAIL: thread/pthread4.cc execution test
=== libstdc++-v3 Summary ===
# of expected passes 452
# of unexpected failures 1
# of unexpected successes 26
# of expected failures 2
Compiler version: 3.3
Platform: powerpc-unknown-linux-gnu
configure flags: --host=powerpc-unknown-linux-gnu