This is the mail archive of the
gcc-testresults@gcc.gnu.org
mailing list for the GCC project.
Results for 3.3.1 20030515 (prerelease) testsuite on i586-pc-linux-gnu
- From: jb at as220 dot org
- To: gcc-testresults at gcc dot gnu dot org
- Date: Fri, 16 May 2003 17:03:46 -0400
- Subject: Results for 3.3.1 20030515 (prerelease) testsuite on i586-pc-linux-gnu
LAST_UPDATED:
Native configuration is i586-pc-linux-gnu
=== g++ tests ===
Running target unix
FAIL: g++.dg/tls/init-2.C (test for excess errors)
=== g++ Summary ===
# of expected passes 7997
# of unexpected failures 1
# of expected failures 97
# of untested testcases 9
# of unsupported tests 4
/src/gcc-3.3/gcc/testsuite/../g++ version 3.3.1 20030515 (prerelease)
=== g77 tests ===
Running target unix
=== g77 Summary ===
# of expected passes 1686
# of unsupported tests 8
/src/gcc-3.3/gcc/testsuite/../g77 version 3.3.1 20030515 (prerelease)
=== gcc tests ===
Running target unix
WARNING: program timed out.
FAIL: gcc.c-torture/compile/20001226-1.c, -O3 -g
WARNING: program timed out.
FAIL: gcc.c-torture/compile/20001226-1.c, -Os
FAIL: gcc.dg/duff-2.c (test for excess errors)
FAIL: gcc.dg/uninit-C.c (test for excess errors)
=== gcc Summary ===
# of expected passes 21467
# of unexpected failures 4
# of expected failures 65
# of unsupported tests 83
/src/gcc-3.3/gcc/xgcc version 3.3.1 20030515 (prerelease)
=== objc tests ===
Running target unix
=== objc Summary ===
# of expected passes 1153
/src/gcc-3.3/gcc/xgcc version 3.3.1 20030515 (prerelease)
Compiler version: 3.3.1 20030515 (prerelease)
Platform: i586-pc-linux-gnu
configure flags: %g