This is the mail archive of the
gcc-testresults@gcc.gnu.org
mailing list for the GCC project.
Results for 3.4 20030505 (experimental) testsuite on i386-unknown-freebsd4.7
- From: Michael Ritzert <ritzert at t-online dot de>
- To: gcc-testresults at gcc dot gnu dot org
- Date: Tue, 06 May 2003 04:45:47 +0200
- Subject: Results for 3.4 20030505 (experimental) testsuite on i386-unknown-freebsd4.7
LAST_UPDATED: Mon May 5 23:05:37 GMT 2003
Native configuration is i386-unknown-freebsd4.7
=== g++ tests ===
Running target unix
FAIL: g++.dg/eh/simd-2.C (test for excess errors)
WARNING: g++.dg/eh/simd-2.C compilation failed to produce executable
WARNING: g++.old-deja/g++.mike/p10769a.C compilation failed to produce executable
FAIL: g++.old-deja/g++.oliva/template1.C (test for excess errors)
WARNING: g++.old-deja/g++.other/enum5.C compilation failed to produce executable
WARNING: g++.old-deja/g++.pt/friend44.C compilation failed to produce executable
=== g++ Summary ===
# of expected passes 8531
# of unexpected failures 2
# of expected failures 69
# of unsupported tests 16
/usr/home/ritzert/gcc-HEAD/obj/gcc/testsuite/../g++ version 3.4 20030505 (experimental)
=== g77 tests ===
Running target unix
FAIL: g77.f-torture/execute/980520-1.f compilation, -O0
=== g77 Summary ===
# of expected passes 1690
# of unexpected failures 1
# of untested testcases 1
# of unsupported tests 8
/usr/home/ritzert/gcc-HEAD/obj/gcc/testsuite/../g77 version 3.4 20030505 (experimental)
=== gcc tests ===
Running target unix
FAIL: gcc.c-torture/execute/conversion.c execution, -O0
FAIL: gcc.c-torture/execute/conversion.c execution, -O1
FAIL: gcc.c-torture/execute/conversion.c execution, -O2
FAIL: gcc.c-torture/execute/conversion.c execution, -Os
ERROR: gcc.dg/20030505.c: syntax error in target selector "target powerpc-eabi*" for " dg-do 1 compile { target powerpc-eabi* } "
UNRESOLVED: gcc.dg/20030505.c: syntax error in target selector "target powerpc-eabi*" for " dg-do 1 compile { target powerpc-eabi* } "
FAIL: gcc.dg/const-elim-1.c scan-assembler-not LC
FAIL: gcc.dg/duff-2.c (test for excess errors)
FAIL: gcc.dg/uninit-C.c (test for excess errors)
=== gcc Summary ===
# of expected passes 22693
# of unexpected failures 7
# of expected failures 74
# of unresolved testcases 1
# of unsupported tests 99
/usr/home/ritzert/gcc-HEAD/obj/gcc/xgcc version 3.4 20030505 (experimental)
=== objc tests ===
Running target unix
=== objc Summary ===
# of expected passes 1156
/usr/home/ritzert/gcc-HEAD/obj/gcc/xgcc version 3.4 20030505 (experimental)
=== libjava tests ===
Running target unix
FAIL: SyncGlobal -O execution - bytecode->native test
WARNING: program timed out.
FAIL: SyncTest execution - gij test
WARNING: program timed out.
FAIL: SyncTest execution - bytecode->native test
WARNING: program timed out.
FAIL: SyncTest execution - gij test
WARNING: program timed out.
FAIL: SyncTest -O execution - bytecode->native test
FAIL: Thread_Sleep output - source compiled test
FAIL: Thread_Sleep output - bytecode->native test
FAIL: Thread_Sleep -O output - source compiled test
FAIL: Thread_Sleep -O output - bytecode->native test
FAIL: Throw_2 execution - source compiled test
FAIL: Throw_2 execution - gij test
FAIL: Throw_2 execution - bytecode->native test
FAIL: Throw_2 -O execution - source compiled test
FAIL: Throw_2 execution - gij test
FAIL: Throw_2 -O execution - bytecode->native test
=== libjava Summary ===
# of expected passes 2975
# of unexpected failures 15
# of expected failures 16
# of untested testcases 23
=== libstdc++-v3 tests ===
Running target unix
FAIL: 22_locale/ctype/scan/char/wrapped_env.cc (test for excess errors)
WARNING: 22_locale/ctype/scan/char/wrapped_env.cc compilation failed to produce executable
=== libstdc++-v3 Summary ===
# of expected passes 1355
# of unexpected failures 1
# of expected failures 1
Compiler version: 3.4 20030505 (experimental)
Platform: i386-unknown-freebsd4.7
configure flags: --enable-threads=posix --prefix=/home/ritzert/gcc-HEAD/install --enable-languages=c,c++,java,f77,objc
Counting all warnings,
there are 24 warnings in stage3 of this bootstrap.
Number of warnings per file:
6 gcc/gthr-gnat.c
4 insn-conditions.c
4 gcc/crtstuff.c
2 gcc/objc/lang-specs.h
2 gcc/gthr-gnat.h
2 gcc/gcc.c
2 gcc/f/sta.c
1 gcc/java/jvspec.c
1 gcc/config/i386/i386.md
Number of warning types:
9 string length `???' is greater than the length `???' ISO C89 compilers are required to support
6 function declaration isn't a prototype
4 passing arg ??? of `???' discards qualifiers from pointer target type
2 no previous prototype for `???'
2 dereferencing type-punned pointer will break strict-aliasing rules
1 operand 1 missing mode?