This is the mail archive of the gcc-testresults@gcc.gnu.org mailing list for the GCC project.
Index Nav: | [Date Index] [Subject Index] [Author Index] [Thread Index] | |
---|---|---|
Message Nav: | [Date Prev] [Date Next] | [Thread Prev] [Thread Next] |
Other format: | [Raw text] |
LAST_UPDATED: Native configuration is sparc-sun-solaris2.8 === g++ tests === Running target unix === g++ Summary === # of expected passes 7353 # of expected failures 91 # of untested testcases 21 # of unsupported tests 4 /home/schouwl/unpack/gcc/gcc-3.2.3/objdir/gcc/testsuite/../g++ version 3.2.3 === g77 tests === Running target unix === g77 Summary === # of expected passes 1458 # of unsupported tests 8 /home/schouwl/unpack/gcc/gcc-3.2.3/objdir/gcc/testsuite/../g77 version 3.2.3 === gcc tests === Running target unix WARNING: gcc.dg/20021014-1.c compilation failed to produce executable === gcc Summary === # of expected passes 18861 # of expected failures 66 # of unsupported tests 120 /home/schouwl/unpack/gcc/gcc-3.2.3/objdir/gcc/xgcc version 3.2.3 === objc tests === Running target unix === objc Summary === # of expected passes 1035 # of expected failures 6 /home/schouwl/unpack/gcc/gcc-3.2.3/objdir/gcc/xgcc version 3.2.3 === libjava tests === Running target unix FAIL: FileHandleGcTest execution from source compiled test FAIL: FileHandleGcTest execution from bytecode->native test FAIL: FileHandleGcTest -O execution from source compiled test FAIL: FileHandleGcTest -O execution from bytecode->native test FAIL: Throw_2 execution from source compiled test FAIL: Throw_2 execution from bytecode->native test FAIL: Throw_2 -O execution from source compiled test FAIL: Throw_2 -O execution from bytecode->native test === libjava Summary === # of expected passes 2045 # of unexpected failures 8 # of expected failures 18 # of untested testcases 22 === libstdc++-v3 tests === Running target unix XPASS: 22_locale/collate_members_wchar_t.cc execution test XPASS: 22_locale/ctype_is_wchar_t.cc execution test XPASS: 22_locale/money_get_members_wchar_t.cc execution test XPASS: 22_locale/money_put_members_wchar_t.cc execution test XPASS: 22_locale/moneypunct_members_wchar_t.cc execution test XPASS: 22_locale/num_get_members_wchar_t.cc execution test XPASS: 22_locale/num_put_members_wchar_t.cc execution test XPASS: 22_locale/numpunct_members_wchar_t.cc execution test XPASS: 22_locale/time_get_members_wchar_t.cc execution test XPASS: 22_locale/time_put_members_wchar_t.cc execution test === libstdc++-v3 Summary === # of expected passes 432 # of unexpected successes 10 # of expected failures 17 Compiler version: 3.2.3 Platform: sparc-sun-solaris2.8 configure flags: --host=sparc-sun-solaris2.8 --with-as=/usr/ccs/bin/as --with-ld=/usr/ccs/bin/ld --disable-nls --prefix=/opt/software/gcc/3.2.3 *************************************************************************** Dresdner Kleinwort Wasserstein is the marketing name used globally to represent the investment banking activities of Dresdner Bank Group. In Japan, Dresdner Kleinwort Wasserstein is represented by Dresdner Kleinwort Wasserstein (Japan) Limited, Tokyo Branch or Dresdner Bank AG, Tokyo Branch.. If you have received this e-mail in error or wish to read our e-mail disclaimer statement and monitoring policy, please refer to http://www.drkw.com/disc/email/ or contact the sender. ***************************************************************************
Index Nav: | [Date Index] [Subject Index] [Author Index] [Thread Index] | |
---|---|---|
Message Nav: | [Date Prev] [Date Next] | [Thread Prev] [Thread Next] |