This is the mail archive of the
gcc-testresults@gcc.gnu.org
mailing list for the GCC project.
Results for 3.4 20030430 (experimental) testsuite on i686-pc-linux-gnu
- From: Joe Buck <jbuck at synopsys dot com>
- To: gcc-testresults at gcc dot gnu dot org
- Date: Thu, 1 May 2003 18:03:47 -0700
- Subject: Results for 3.4 20030430 (experimental) testsuite on i686-pc-linux-gnu
This is a Red Hat 7.2 system, running on a dual 2.2 GHz Intel Xeon system.
kernel: 2.4.7-10 (from Red Hat)
glibc: 2.2.4-31 (from Red Hat)
binutils: 2.13.1 (FSF)
Only C, C++, ObjC, and F77 are tested (no Java)
LAST_UPDATED: Wed Apr 30 22:31:24 UTC 2003
Native configuration is i686-pc-linux-gnu
=== g77 tests ===
Running target unix
FAIL: g77.f-torture/execute/980520-1.f compilation, -O0
=== g77 Summary ===
# of expected passes 1706
# of unexpected failures 1
# of untested testcases 1
/var/tmp/gccbuild/trunk/gcc/testsuite/../g77 version 3.4 20030430 (experimental)
=== gcc tests ===
Running target unix
FAIL: gcc.dg/duff-2.c (test for excess errors)
FAIL: gcc.dg/switch-2.c (test for excess errors)
FAIL: gcc.dg/uninit-C.c (test for excess errors)
=== gcc Summary ===
# of expected passes 22101
# of unexpected failures 3
# of expected failures 74
# of unsupported tests 96
/var/tmp/gccbuild/trunk/gcc/xgcc version 3.4 20030430 (experimental)
=== g++ tests ===
Running target unix
FAIL: g++.dg/eh/simd-2.C (test for excess errors)
WARNING: g++.dg/eh/simd-2.C compilation failed to produce executable
=== g++ Summary ===
# of expected passes 8510
# of unexpected failures 1
# of expected failures 69
# of untested testcases 9
# of unsupported tests 4
/var/tmp/gccbuild/trunk/gcc/testsuite/../g++ version 3.4 20030430 (experimental)
=== objc tests ===
Running target unix
=== objc Summary ===
# of expected passes 1156
/var/tmp/gccbuild/trunk/gcc/xgcc version 3.4 20030430 (experimental)
=== libstdc++-v3 tests ===
Running target unix
FAIL: 22_locale/codecvt/encoding/wchar_t/wrapped_locale.cc execution test
FAIL: 22_locale/codecvt/max_length/wchar_t/wrapped_locale.cc execution test
FAIL: 22_locale/collate/transform/char/2.cc execution test
FAIL: 22_locale/collate/transform/char/3.cc execution test
FAIL: 22_locale/collate/transform/char/wrapped_env.cc execution test
FAIL: 22_locale/collate/transform/char/wrapped_locale.cc execution test
FAIL: 22_locale/collate/transform/wchar_t/2.cc execution test
FAIL: 22_locale/collate/transform/wchar_t/3.cc execution test
FAIL: 22_locale/collate/transform/wchar_t/wrapped_env.cc execution test
FAIL: 22_locale/collate/transform/wchar_t/wrapped_locale.cc execution test
FAIL: 22_locale/collate_byname/1.cc execution test
FAIL: 22_locale/ctype/widen/wchar_t/2.cc execution test
XPASS: 26_numerics/c99_classification_macros_c.cc (test for excess errors)
=== libstdc++-v3 Summary ===
# of expected passes 1766
# of unexpected failures 12
# of unexpected successes 1
# of expected failures 1
Compiler version: 3.4 20030430 (experimental)
Platform: i686-pc-linux-gnu
configure flags: --prefix /usr/localdisk/gcc-cvs/trunk --with-as=/usr/localdisk/binutils-2.13.1/bin/as --with-ld=/usr/localdisk/binutils-2.13.1/bin/ld --enable-languages=c,c++,objc,f77