This is the mail archive of the
gcc-testresults@gcc.gnu.org
mailing list for the GCC project.
Results for 3.4 20030329 (experimental) testsuite on i486-suse-linux-gnu
- From: rschiele at uni-mannheim dot de (Robert Schiele)
- To: gcc-testresults at gcc dot gnu dot org
- Date: Sun, 30 Mar 2003 07:57:44 +0200 (CEST)
- Subject: Results for 3.4 20030329 (experimental) testsuite on i486-suse-linux-gnu
LAST_UPDATED: Sat Mar 29 23:42:29 UTC 2003
Native configuration is i486-suse-linux-gnu
=== g++ tests ===
Running target unix
FAIL: pch/system-1.C -g assembly comparison
FAIL: pch/system-1.C -O2 -g assembly comparison
FAIL: g++.oliva/template1.C instantiated from here (test for errors, line 15)
XPASS: g++.other/init5.C Execution test
=== g++ Summary ===
# of expected passes 8458
# of unexpected failures 3
# of unexpected successes 1
# of expected failures 67
# of untested testcases 9
# of unsupported tests 3
/local/build/gcc/testsuite/../g++ version 3.4 20030329 (experimental)
=== g77 tests ===
Running target unix
FAIL: g77.f-torture/execute/980520-1.f compilation, -O0
=== g77 Summary ===
# of expected passes 1678
# of unexpected failures 1
# of untested testcases 1
# of unsupported tests 8
/local/build/gcc/testsuite/../g77 version 3.4 20030329 (experimental)
=== gcc tests ===
Running target unix
FAIL: gcc.dg/duff-2.c (test for excess errors)
FAIL: gcc.dg/uninit-C.c (test for excess errors)
FAIL: gcc.dg/warn-1.c (test for warnings, line 8)
FAIL: gcc.dg/warn-1.c (test for warnings, line 15)
FAIL: gcc.dg/pch/inline-1.c (test for excess errors)
=== gcc Summary ===
# of expected passes 21721
# of unexpected failures 5
# of expected failures 66
# of untested testcases 1
# of unsupported tests 94
/local/build/gcc/xgcc version 3.4 20030329 (experimental)
=== objc tests ===
Running target unix
=== objc Summary ===
# of expected passes 1153
/local/build/gcc/xgcc version 3.4 20030329 (experimental)
=== libstdc++-v3 tests ===
Running target unix
FAIL: 22_locale/codecvt/always_noconv/wchar_t/3.cc execution test
FAIL: 22_locale/codecvt/encoding/wchar_t/3.cc execution test
FAIL: 22_locale/codecvt/encoding/wchar_t/wrapped_locale.cc execution test
FAIL: 22_locale/codecvt/in/wchar_t/3.cc execution test
FAIL: 22_locale/codecvt/length/wchar_t/3.cc execution test
FAIL: 22_locale/codecvt/max_length/wchar_t/3.cc execution test
FAIL: 22_locale/codecvt/max_length/wchar_t/wrapped_locale.cc execution test
FAIL: 22_locale/codecvt/out/wchar_t/3.cc execution test
FAIL: 22_locale/codecvt/unshift/wchar_t/3.cc execution test
FAIL: 22_locale/ctype/narrow/wchar_t/3.cc execution test
FAIL: 22_locale/ctype/widen/wchar_t/2.cc execution test
FAIL: 22_locale/ctype/widen/wchar_t/3.cc execution test
FAIL: 24_iterators/iterator.cc execution test
=== libstdc++-v3 Summary ===
# of expected passes 1322
# of unexpected failures 13
# of expected failures 2
Compiler version: 3.4 20030329 (experimental)
Platform: i486-suse-linux-gnu
configure flags: --enable-threads=posix --prefix=/local/inst/gcc34 --enable-languages=c,c++,f77,objc --disable-checking --disable-libgcj --with-gxx-include-dir=/local/inst/gcc34/include/g++ --with-system-zlib --enable-shared --enable-__cxa_atexit i486-suse-linux