This is the mail archive of the
gcc-testresults@gcc.gnu.org
mailing list for the GCC project.
Results for 3.3 20030328 (prerelease) testsuite on s390-ibm-linux-gnu
- From: Ulrich Weigand <weigand at immd1 dot informatik dot uni-erlangen dot de>
- To: gcc-testresults at gcc dot gnu dot org
- Date: Sat, 29 Mar 2003 17:46:04 +0100 (MET)
- Subject: Results for 3.3 20030328 (prerelease) testsuite on s390-ibm-linux-gnu
LAST_UPDATED:
Native configuration is s390-ibm-linux-gnu
=== g++ tests ===
Running target unix
FAIL: g++.dg/compat/break/bitfield7 y_tst.o compile
UNRESOLVED: g++.dg/compat/break/bitfield7 x_tst.o-y_tst.o link
UNRESOLVED: g++.dg/compat/break/bitfield7 x_tst.o-y_tst.o execute
FAIL: g++.dg/tls/init-2.C (test for excess errors)
XPASS: g++.other/init5.C Execution test
=== g++ Summary ===
# of expected passes 7909
# of unexpected failures 2
# of unexpected successes 1
# of expected failures 96
# of unresolved testcases 2
# of untested testcases 23
# of unsupported tests 16
/mnt/dasdb1/fsf/gcc-3_3-build/gcc/testsuite/../g++ version 3.3 20030328 (prerelease)
=== g77 tests ===
Running target unix
=== g77 Summary ===
# of expected passes 1674
# of unsupported tests 8
/mnt/dasdb1/fsf/gcc-3_3-build/gcc/testsuite/../g77 version 3.3 20030328 (prerelease)
=== gcc tests ===
Running target unix
FAIL: gcc.dg/debug/debug-1.c scan-assembler xyzzy
FAIL: gcc.dg/debug/debug-1.c scan-assembler xyzzy
FAIL: gcc.dg/debug/debug-1.c scan-assembler xyzzy
FAIL: gcc.dg/debug/debug-1.c scan-assembler xyzzy
FAIL: gcc.dg/debug/debug-2.c scan-assembler xyzzy
FAIL: gcc.dg/debug/debug-2.c scan-assembler xyzzy
FAIL: gcc.dg/debug/debug-2.c scan-assembler xyzzy
FAIL: gcc.dg/debug/debug-2.c scan-assembler xyzzy
FAIL: gcc.dg/duff-2.c (test for excess errors)
=== gcc Summary ===
# of expected passes 20765
# of unexpected failures 9
# of expected failures 70
# of unsupported tests 168
/mnt/dasdb1/fsf/gcc-3_3-build/gcc/xgcc version 3.3 20030328 (prerelease)
=== objc tests ===
Running target unix
=== objc Summary ===
# of expected passes 1153
/mnt/dasdb1/fsf/gcc-3_3-build/gcc/xgcc version 3.3 20030328 (prerelease)
=== libjava tests ===
Running target unix
WARNING: program timed out.
FAIL: SyncTest execution - gij test
=== libjava Summary ===
# of expected passes 2941
# of unexpected failures 1
# of expected failures 16
# of untested testcases 13
=== libstdc++-v3 tests ===
Running target unix
XPASS: 22_locale/collate_byname.cc execution test
XPASS: 22_locale/collate_members_char.cc execution test
XPASS: 22_locale/collate_members_wchar_t.cc execution test
XPASS: 22_locale/ctype_is_char.cc execution test
XPASS: 22_locale/ctype_is_wchar_t.cc execution test
XPASS: 22_locale/members.cc execution test
XPASS: 22_locale/messages_byname.cc execution test
XPASS: 22_locale/messages_members_char.cc execution test
XPASS: 22_locale/money_get_members_char.cc execution test
XPASS: 22_locale/money_get_members_wchar_t.cc execution test
XPASS: 22_locale/money_put_members_char.cc execution test
XPASS: 22_locale/money_put_members_wchar_t.cc execution test
XPASS: 22_locale/moneypunct_byname.cc execution test
XPASS: 22_locale/moneypunct_members_char.cc execution test
XPASS: 22_locale/moneypunct_members_wchar_t.cc execution test
XPASS: 22_locale/num_get_members_char.cc execution test
XPASS: 22_locale/num_get_members_wchar_t.cc execution test
XPASS: 22_locale/num_put_members_char.cc execution test
XPASS: 22_locale/num_put_members_wchar_t.cc execution test
XPASS: 22_locale/numpunct_byname.cc execution test
XPASS: 22_locale/numpunct_members_char.cc execution test
XPASS: 22_locale/numpunct_members_wchar_t.cc execution test
XPASS: 22_locale/time_get_members_char.cc execution test
XPASS: 22_locale/time_get_members_wchar_t.cc execution test
XPASS: 22_locale/time_put_members_char.cc execution test
XPASS: 22_locale/time_put_members_wchar_t.cc execution test
FAIL: 26_numerics/c99_classification_macros_c.cc (test for excess errors)
=== libstdc++-v3 Summary ===
# of expected passes 450
# of unexpected failures 1
# of unexpected successes 26
# of expected failures 1
Compiler version: 3.3 20030328 (prerelease)
Platform: s390-ibm-linux-gnu
configure flags: --host=s390-ibm-linux --enable-__cxa_atexit --prefix=/home/weigand/fsf/gcc-3_3-install