This is the mail archive of the
gcc-testresults@gcc.gnu.org
mailing list for the GCC project.
Results for 3.4 20030327 (experimental) testsuite on i686-pc-linux-gnu
- From: Joe Buck <jbuck at synopsys dot com>
- To: gcc-testresults at gcc dot gnu dot org
- Date: Thu, 27 Mar 2003 12:21:44 -0800
- Subject: Results for 3.4 20030327 (experimental) testsuite on i686-pc-linux-gnu
This is a Red Hat 7.2 system, running on a dual 2.2 GHz Intel Xeon system.
kernel: 2.4.7-10 (from Red Hat)
glibc: 2.2.4-31 (from Red Hat)
binutils: 2.13.1 (FSF)
Only C, C++, ObjC, and F77 are tested (no Java)
LAST_UPDATED: Thu Mar 27 17:53:30 UTC 2003
Native configuration is i686-pc-linux-gnu
=== g77 tests ===
Running target unix
FAIL: g77.f-torture/execute/980520-1.f compilation, -O0
=== g77 Summary ===
# of expected passes 1694
# of unexpected failures 1
# of untested testcases 1
/var/tmp/gccbuild/trunk/gcc/testsuite/../g77 version 3.4 20030327 (experimental)
=== gcc tests ===
Running target unix
FAIL: gcc.dg/duff-2.c (test for excess errors)
FAIL: gcc.dg/uninit-C.c (test for excess errors)
FAIL: gcc.dg/warn-1.c (test for warnings, line 8)
FAIL: gcc.dg/warn-1.c (test for warnings, line 15)
FAIL: gcc.dg/pch/inline-1.c (test for excess errors)
=== gcc Summary ===
# of expected passes 21695
# of unexpected failures 5
# of expected failures 70
# of untested testcases 1
# of unsupported tests 91
/var/tmp/gccbuild/trunk/gcc/xgcc version 3.4 20030327 (experimental)
=== g++ tests ===
Running target unix
FAIL: pch/system-1.C -g assembly comparison
FAIL: pch/system-1.C -O2 -g assembly comparison
=== g++ Summary ===
# of expected passes 8451
# of unexpected failures 2
# of expected failures 69
# of untested testcases 9
# of unsupported tests 3
/var/tmp/gccbuild/trunk/gcc/testsuite/../g++ version 3.4 20030327 (experimental)
=== objc tests ===
Running target unix
=== objc Summary ===
# of expected passes 1153
/var/tmp/gccbuild/trunk/gcc/xgcc version 3.4 20030327 (experimental)
=== libstdc++-v3 tests ===
Running target unix
FAIL: 22_locale/codecvt/always_noconv/wchar_t/3.cc execution test
FAIL: 22_locale/codecvt/encoding/wchar_t/3.cc execution test
FAIL: 22_locale/codecvt/encoding/wchar_t/wrapped_locale.cc execution test
FAIL: 22_locale/codecvt/in/wchar_t/3.cc execution test
FAIL: 22_locale/codecvt/length/wchar_t/3.cc execution test
FAIL: 22_locale/codecvt/max_length/wchar_t/3.cc execution test
FAIL: 22_locale/codecvt/max_length/wchar_t/wrapped_locale.cc execution test
FAIL: 22_locale/codecvt/out/wchar_t/3.cc execution test
FAIL: 22_locale/codecvt/unshift/wchar_t/3.cc execution test
FAIL: 22_locale/collate/transform/char/2.cc execution test
FAIL: 22_locale/collate/transform/char/3.cc execution test
FAIL: 22_locale/collate/transform/char/wrapped_env.cc execution test
FAIL: 22_locale/collate/transform/char/wrapped_locale.cc execution test
FAIL: 22_locale/collate/transform/wchar_t/2.cc execution test
FAIL: 22_locale/collate/transform/wchar_t/3.cc execution test
FAIL: 22_locale/collate/transform/wchar_t/wrapped_env.cc execution test
FAIL: 22_locale/collate/transform/wchar_t/wrapped_locale.cc execution test
FAIL: 22_locale/collate_byname/1.cc execution test
FAIL: 22_locale/ctype/narrow/wchar_t/3.cc execution test
FAIL: 22_locale/ctype/widen/wchar_t/2.cc execution test
FAIL: 22_locale/ctype/widen/wchar_t/3.cc execution test
FAIL: 24_iterators/iterator.cc execution test
=== libstdc++-v3 Summary ===
# of expected passes 1313
# of unexpected failures 22
# of expected failures 2
Compiler version: 3.4 20030327 (experimental)
Platform: i686-pc-linux-gnu
configure flags: --prefix /usr/localdisk/gcc-cvs/trunk --with-as=/usr/localdisk/binutils-2.13.1/bin/as --with-ld=/usr/localdisk/binutils-2.13.1/bin/ld --enable-languages=c,c++,objc,f77