This is the mail archive of the
gcc-testresults@gcc.gnu.org
mailing list for the GCC project.
Results for 3.3 20030324 (prerelease) testsuite on i686-pc-cygwin
- From: Tim Prince <timothyprince at sbcglobal dot net>
- To: gcc-testresults at gcc dot gnu dot org
- Date: Mon, 24 Mar 2003 21:50:37 -0800
- Subject: Results for 3.3 20030324 (prerelease) testsuite on i686-pc-cygwin
- Reply-to: tprince at computer dot org
Native configuration is i686-pc-cygwin
=== g++ tests ===
Running target unix
FAIL: g++.dg/abi/bitfield3.C execution test
FAIL: g++.dg/abi/rtti1.C scan-assembler-dem-not \\ntypeinfo for A[: \\t\\n]
FAIL: g++.dg/ext/instantiate3.C scan-assembler-not
FAIL: g++.dg/opt/vt1.C scan-assembler-not section[^
FAIL: g++.dg/special/initp1.C execution test
FAIL: g++.eh/badalloc1.C Execution test
XPASS: g++.ext/attrib5.C Execution test
XPASS: g++.jason/template18.C Execution test
=== g++ Summary ===
# of expected passes 7919
# of unexpected failures 6
# of unexpected successes 2
# of expected failures 97
# of untested testcases 15
# of unsupported tests 3
/cygdrive/c/gnu/gcc-20030324/w2k/gcc/testsuite/../g++ version 3.3 20030324
(prerelease)
=== g77 tests ===
Running target unix
=== g77 Summary ===
# of expected passes 1672
/cygdrive/c/gnu/gcc-20030324/w2k/gcc/testsuite/../g77 version 3.3 20030324
(prerelease)
=== gcc tests ===
Running target unix
FAIL: gcc.dg/20021014-1.c (test for excess errors)
WARNING: gcc.dg/20021014-1.c compilation failed to produce executable
FAIL: gcc.dg/duff-2.c (test for excess errors)
FAIL: gcc.dg/i386-bitfield1.c execution test
FAIL: gcc.dg/ultrasp5.c (test for excess errors)
FAIL: gcc.dg/uninit-C.c (test for excess errors)
=== gcc Summary ===
# of expected passes 21316
# of unexpected failures 5
# of expected failures 68
# of unsupported tests 83
/cygdrive/c/gnu/gcc-20030324/w2k/gcc/xgcc version 3.3 20030324 (prerelease)
=== objc tests ===
Running target unix
FAIL: objc.dg/naming-1.m (test for errors, line 20)
FAIL: objc.dg/naming-1.m (test for excess errors)
FAIL: objc.dg/naming-2.m (test for errors, line 7)
FAIL: objc.dg/naming-2.m (test for excess errors)
=== objc Summary ===
# of expected passes 1149
# of unexpected failures 4
/cygdrive/c/gnu/gcc-20030324/w2k/gcc/xgcc version 3.3 20030324 (prerelease)
=== libstdc++-v3 tests ===
Running target unix
FAIL: 26_numerics/c99_classification_macros_c.cc (test for excess errors)
FAIL: 27_io/filebuf_members.cc execution test
FAIL: 27_io/istream_extractor_arith/12.cc execution test
=== libstdc++-v3 Summary ===
# of expected passes 424
# of unexpected failures 3
# of expected failures 17
Compiler version: 3.3 20030324 (prerelease)
Platform: i686-pc-cygwin
configure flags: --host=i686-pc-cygwin --enable-threads=posix
--disable-shared --enable-sjlj-exceptions
BOOT_CFLAGS=-O2 -march=pentium3 -mfpmath=sse -pipe
E
--
Tim Prince