This is the mail archive of the
gcc-testresults@gcc.gnu.org
mailing list for the GCC project.
Results for 3.3 20030323 (prerelease) testsuite on i686-pc-linux-gnu
- From: Joe Buck <jbuck at ursula dot welsh-buck dot org>
- To: gcc-testresults at gcc dot gnu dot org
- Date: Sun, 23 Mar 2003 16:38:36 -0800
- Subject: Results for 3.3 20030323 (prerelease) testsuite on i686-pc-linux-gnu
Red Hat 8.0 System
Mobile Pentium 4-M 1700 MHz
Dell Inspiron 8200
kernel: 2.4.18-27.8.0 (from Red Hat updates)
binutils: 2.13.90.0.2 20020802
glibc: 2.3.2-4.80
LAST_UPDATED: Sun Mar 23 18:54:53 UTC 2003
Native configuration is i686-pc-linux-gnu
=== g77 tests ===
Running target unix
=== g77 Summary ===
# of expected passes 1672
/home/jbuck/cvs/3_3_branch/gcc.build/gcc/testsuite/../g77 version 3.3 20030323 (prerelease)
=== gcc tests ===
Running target unix
FAIL: gcc.dg/duff-2.c (test for excess errors)
FAIL: gcc.dg/uninit-C.c (test for excess errors)
=== gcc Summary ===
# of expected passes 20958
# of unexpected failures 2
# of expected failures 68
# of unsupported tests 77
/home/jbuck/cvs/3_3_branch/gcc.build/gcc/xgcc version 3.3 20030323 (prerelease)
=== g++ tests ===
Running target unix
=== g++ Summary ===
# of expected passes 7935
# of expected failures 97
# of untested testcases 9
# of unsupported tests 3
/home/jbuck/cvs/3_3_branch/gcc.build/gcc/testsuite/../g++ version 3.3 20030323 (prerelease)
=== objc tests ===
Running target unix
=== objc Summary ===
# of expected passes 1153
/home/jbuck/cvs/3_3_branch/gcc.build/gcc/xgcc version 3.3 20030323 (prerelease)
=== libjava tests ===
Running target unix
WARNING: program timed out.
FAIL: SyncTest execution - gij test
WARNING: program timed out.
FAIL: SyncTest execution - gij test
=== libjava Summary ===
# of expected passes 2939
# of unexpected failures 2
# of expected failures 16
# of untested testcases 14
=== libstdc++-v3 tests ===
Running target unix
XPASS: 22_locale/collate_byname.cc execution test
XPASS: 22_locale/collate_members_char.cc execution test
XPASS: 22_locale/collate_members_wchar_t.cc execution test
XPASS: 22_locale/ctype_is_char.cc execution test
XPASS: 22_locale/ctype_is_wchar_t.cc execution test
XPASS: 22_locale/members.cc execution test
XPASS: 22_locale/messages_byname.cc execution test
XPASS: 22_locale/messages_members_char.cc execution test
XPASS: 22_locale/money_get_members_char.cc execution test
XPASS: 22_locale/money_get_members_wchar_t.cc execution test
XPASS: 22_locale/money_put_members_char.cc execution test
XPASS: 22_locale/money_put_members_wchar_t.cc execution test
XPASS: 22_locale/moneypunct_byname.cc execution test
XPASS: 22_locale/moneypunct_members_char.cc execution test
XPASS: 22_locale/moneypunct_members_wchar_t.cc execution test
XPASS: 22_locale/num_get_members_char.cc execution test
XPASS: 22_locale/num_get_members_wchar_t.cc execution test
XPASS: 22_locale/num_put_members_char.cc execution test
XPASS: 22_locale/num_put_members_wchar_t.cc execution test
XPASS: 22_locale/numpunct_byname.cc execution test
XPASS: 22_locale/numpunct_members_char.cc execution test
XPASS: 22_locale/numpunct_members_wchar_t.cc execution test
XPASS: 22_locale/time_get_members_char.cc execution test
XPASS: 22_locale/time_get_members_wchar_t.cc execution test
XPASS: 22_locale/time_put_members_char.cc execution test
XPASS: 22_locale/time_put_members_wchar_t.cc execution test
FAIL: 26_numerics/c99_classification_macros_c.cc (test for excess errors)
=== libstdc++-v3 Summary ===
# of expected passes 450
# of unexpected failures 1
# of unexpected successes 26
# of expected failures 1
Compiler version: 3.3 20030323 (prerelease)
Platform: i686-pc-linux-gnu
configure flags: --host=i686-pc-linux-gnu --prefix=/usr/local/gcc-cvs/3_3_branch