This is the mail archive of the
gcc-testresults@gcc.gnu.org
mailing list for the GCC project.
Results for 3.2.3 20030314 (prerelease) testsuite on alpha-dec-osf5.1
- From: Rainer Orth <ro at TechFak dot Uni-Bielefeld dot DE>
- To: gcc-testresults at gcc dot gnu dot org
- Date: Mon, 17 Mar 2003 14:21:52 +0100 (MET)
- Subject: Results for 3.2.3 20030314 (prerelease) testsuite on alpha-dec-osf5.1
LAST_UPDATED: Fri Mar 14 18:25:26 UTC 2003
Native configuration is alpha-dec-osf5.1
=== libjava tests ===
Running target unix
FAIL: cxxtest.c compilation
FAIL: invokethrow execution from source compiled test
FAIL: invokethrow execution from bytecode->native test
FAIL: invokethrow -O execution from source compiled test
FAIL: invokethrow -O execution from bytecode->native test
FAIL: TLtest compilation from bytecode
FAIL: TLtest -O compilation from bytecode
FAIL: Throw_2 execution from source compiled test
FAIL: Throw_2 execution from bytecode->native test
FAIL: Throw_2 -O execution from source compiled test
FAIL: Throw_2 -O execution from bytecode->native test
=== libjava Summary ===
# of expected passes 1960
# of unexpected failures 11
# of expected failures 18
# of untested testcases 102
=== libstdc++-v3 tests ===
Running target unix
XPASS: 22_locale/collate_members_wchar_t.cc execution test
XPASS: 22_locale/ctype_is_wchar_t.cc execution test
XPASS: 22_locale/money_get_members_wchar_t.cc execution test
XPASS: 22_locale/money_put_members_wchar_t.cc execution test
XPASS: 22_locale/moneypunct_members_wchar_t.cc execution test
XPASS: 22_locale/num_get_members_wchar_t.cc execution test
XPASS: 22_locale/num_put_members_wchar_t.cc execution test
XPASS: 22_locale/numpunct_members_wchar_t.cc execution test
XPASS: 22_locale/time_get_members_wchar_t.cc execution test
XPASS: 22_locale/time_put_members_wchar_t.cc execution test
FAIL: 27_io/istream_extractor_arith/12.cc execution test
=== libstdc++-v3 Summary ===
# of expected passes 420
# of unexpected failures 1
# of unexpected successes 10
# of expected failures 16
# of unsupported tests 6
=== g++ tests ===
Running target unix
=== g++ Summary ===
# of expected passes 7349
# of expected failures 91
# of untested testcases 22
# of unsupported tests 5
/amnt/figaro/volumes/obj-gcc/gcc/obj.alpha/gcc-3.2.3-20030314/5.1-gcc/gcc/testsuite/../g++ version 3.2.3 20030314 (prerelease)
=== g77 tests ===
Running target unix
=== g77 Summary ===
# of expected passes 1458
# of unsupported tests 8
/amnt/figaro/volumes/obj-gcc/gcc/obj.alpha/gcc-3.2.3-20030314/5.1-gcc/gcc/testsuite/../g77 version 3.2.3 20030314 (prerelease)
=== gcc tests ===
Running target unix
FAIL: gcc.c-torture/compile/20001226-1.c, -O2
FAIL: gcc.c-torture/compile/20001226-1.c, -O3 -fomit-frame-pointer
FAIL: gcc.c-torture/compile/20001226-1.c, -O3 -g
FAIL: gcc.c-torture/compile/20001226-1.c, -Os
FAIL: gcc.c-torture/compile/labels-3.c, -O0
FAIL: gcc.c-torture/compile/labels-3.c, -O1
FAIL: gcc.c-torture/compile/labels-3.c, -O2
FAIL: gcc.c-torture/compile/labels-3.c, -O3 -fomit-frame-pointer
FAIL: gcc.c-torture/compile/labels-3.c, -O3 -g
FAIL: gcc.c-torture/compile/labels-3.c, -Os
FAIL: gcc.dg/cpp/wchar-1.c execution test
XPASS: gcc.dg/c99-intconst-1.c (test for excess errors)
FAIL: gcc.dg/inline-2.c scan-assembler bsr
=== gcc Summary ===
# of expected passes 18528
# of unexpected failures 12
# of unexpected successes 1
# of expected failures 76
# of unsupported tests 121
/amnt/figaro/volumes/obj-gcc/gcc/obj.alpha/gcc-3.2.3-20030314/5.1-gcc/gcc/xgcc version 3.2.3 20030314 (prerelease)
=== objc tests ===
Running target unix
=== objc Summary ===
# of expected passes 1035
# of expected failures 6
/amnt/figaro/volumes/obj-gcc/gcc/obj.alpha/gcc-3.2.3-20030314/5.1-gcc/gcc/xgcc version 3.2.3 20030314 (prerelease)
Compiler version: 3.2.3 20030314 (prerelease)
Platform: alpha-dec-osf5.1
configure flags: --host=alpha-dec-osf5.1 --prefix=/vol/gcc --with-local-prefix=/vol/gcc --disable-nls