This is the mail archive of the
gcc-testresults@gcc.gnu.org
mailing list for the GCC project.
Results for 3.3 20030315 (prerelease) testsuite on powerpc64-unknown-linux-gnu (cross)
- From: Janis Johnson <janis187 at us dot ibm dot com>
- To: gcc-testresults at gcc dot gnu dot org
- Date: Sun, 16 Mar 2003 11:19:17 -0800
- Subject: Results for 3.3 20030315 (prerelease) testsuite on powerpc64-unknown-linux-gnu (cross)
binutils 2.13.90 20030314
LAST_UPDATED: Sat Mar 15 19:15:56 UTC 2003
Target is powerpc64-unknown-linux-gnu
Host is powerpc-unknown-linux-gnu
=== g++ tests ===
Running target unix
WARNING: Assuming target board is the local machine (which is probably wrong).
FAIL: g++.dg/bprob/g++-bprob-1.C compilation, -O1 -fbranch-probabilities
UNRESOLVED: g++.dg/bprob/g++-bprob-1.C execution, -O1 -fbranch-probabilities
FAIL: g++.dg/abi/mangle17.C (test for excess errors)
=== g++ Summary ===
# of expected passes 7858
# of unexpected failures 2
# of expected failures 97
# of unresolved testcases 1
# of untested testcases 29
# of unsupported tests 20
/home/janis/nightly/gcc_3.3-branch/gcc-obj-cross/gcc/testsuite/../g++ version 3.3 20030315 (prerelease)
Host is powerpc-unknown-linux-gnu
=== g77 tests ===
Running target unix
WARNING: Assuming target board is the local machine (which is probably wrong).
=== g77 Summary ===
# of expected passes 1641
# of unsupported tests 9
/home/janis/nightly/gcc_3.3-branch/gcc-obj-cross/gcc/testsuite/../g77 version 3.3 20030315 (prerelease)
Host is powerpc-unknown-linux-gnu
=== gcc tests ===
Running target unix
WARNING: Assuming target board is the local machine (which is probably wrong).
FAIL: gcc.c-torture/compile/simd-5.c, -O0
FAIL: gcc.c-torture/compile/simd-5.c, -O1
FAIL: gcc.c-torture/compile/simd-5.c, -O2
FAIL: gcc.c-torture/compile/simd-5.c, -O3 -fomit-frame-pointer
FAIL: gcc.c-torture/compile/simd-5.c, -O3 -g
FAIL: gcc.c-torture/compile/simd-5.c, -Os
XPASS: gcc.c-torture/execute/20020227-1.c execution, -O0
XPASS: gcc.c-torture/execute/20020227-1.c execution, -O1
XPASS: gcc.c-torture/execute/20020227-1.c execution, -O2
XPASS: gcc.c-torture/execute/20020227-1.c execution, -O3 -fomit-frame-pointer
XPASS: gcc.c-torture/execute/20020227-1.c execution, -O3 -g
XPASS: gcc.c-torture/execute/20020227-1.c execution, -Os
FAIL: gcc.c-torture/execute/20020412-1.c execution, -O0
FAIL: gcc.c-torture/execute/20020412-1.c execution, -O1
FAIL: gcc.c-torture/execute/20020412-1.c execution, -O2
FAIL: gcc.c-torture/execute/20020412-1.c execution, -O3 -fomit-frame-pointer
FAIL: gcc.c-torture/execute/20020412-1.c execution, -O3 -fomit-frame-pointer -funroll-loops
FAIL: gcc.c-torture/execute/20020412-1.c execution, -O3 -fomit-frame-pointer -funroll-all-loops -finline-functions
FAIL: gcc.c-torture/execute/20020412-1.c execution, -O3 -g
FAIL: gcc.c-torture/execute/20020412-1.c execution, -Os
WARNING: program timed out.
FAIL: gcc.c-torture/execute/991202-1.c execution, -O2
WARNING: program timed out.
FAIL: gcc.c-torture/execute/991202-1.c execution, -O3 -fomit-frame-pointer
FAIL: gcc.c-torture/execute/991202-1.c execution, -O3 -fomit-frame-pointer -funroll-loops
WARNING: program timed out.
FAIL: gcc.c-torture/execute/991202-1.c execution, -O3 -g
WARNING: program timed out.
FAIL: gcc.c-torture/execute/991202-1.c execution, -Os
FAIL: gcc.c-torture/execute/pure-1.c compilation, -O1
UNRESOLVED: gcc.c-torture/execute/pure-1.c execution, -O1
FAIL: gcc.c-torture/execute/pure-1.c compilation, -O2
UNRESOLVED: gcc.c-torture/execute/pure-1.c execution, -O2
FAIL: gcc.c-torture/execute/pure-1.c compilation, -O3 -fomit-frame-pointer
UNRESOLVED: gcc.c-torture/execute/pure-1.c execution, -O3 -fomit-frame-pointer
FAIL: gcc.c-torture/execute/pure-1.c compilation, -O3 -g
UNRESOLVED: gcc.c-torture/execute/pure-1.c execution, -O3 -g
FAIL: gcc.c-torture/execute/pure-1.c compilation, -Os
UNRESOLVED: gcc.c-torture/execute/pure-1.c execution, -Os
FAIL: gcc.dg/debug/20020327-1.c (test for excess errors)
FAIL: gcc.dg/debug/20020327-1.c (test for excess errors)
FAIL: gcc.dg/debug/20020327-1.c (test for excess errors)
FAIL: gcc.dg/debug/20020327-1.c (test for excess errors)
FAIL: gcc.dg/debug/20020327-1.c (test for excess errors)
FAIL: gcc.dg/debug/20020327-1.c (test for excess errors)
FAIL: gcc.dg/debug/20020327-1.c (test for excess errors)
FAIL: gcc.dg/debug/20020327-1.c (test for excess errors)
FAIL: gcc.dg/debug/20020327-1.c (test for excess errors)
FAIL: gcc.dg/debug/20020327-1.c (test for excess errors)
FAIL: gcc.dg/debug/20020327-1.c (test for excess errors)
FAIL: gcc.dg/debug/20020327-1.c (test for excess errors)
FAIL: gcc.dg/debug/20020327-1.c (test for excess errors)
FAIL: gcc.dg/debug/20020327-1.c (test for excess errors)
FAIL: gcc.dg/debug/20020327-1.c (test for excess errors)
FAIL: gcc.dg/debug/20020327-1.c (test for excess errors)
FAIL: gcc.dg/debug/20020327-1.c (test for excess errors)
FAIL: gcc.dg/debug/20020327-1.c (test for excess errors)
FAIL: gcc.dg/20030225-1.c (test for excess errors)
FAIL: gcc.dg/duff-2.c (test for excess errors)
FAIL: gcc.dg/typespec-1.c unsigned long long int unsigned (test for errors, line 936)
FAIL: gcc.dg/typespec-1.c unsigned long long int _Bool (test for errors, line 937)
FAIL: gcc.dg/typespec-1.c (test for excess errors)
FAIL: gcc.dg/format/c99-printf-1.c %hhn unsigned char (test for warnings, line 196)
FAIL: gcc.dg/format/c99-printf-1.c (test for excess errors)
FAIL: gcc.dg/format/c99-printf-1.c %hhn unsigned char (test for warnings, line 196)
FAIL: gcc.dg/format/c99-printf-1.c (test for excess errors)
FAIL: gcc.dg/format/warnll-1.c scanf %LX (test for warnings, line 44)
FAIL: gcc.dg/format/warnll-1.c (test for excess errors)
FAIL: gcc.dg/format/warnll-1.c scanf %LX (test for warnings, line 44)
FAIL: gcc.dg/format/warnll-1.c (test for excess errors)
=== gcc Summary ===
# of expected passes 20613
# of unexpected failures 55
# of unexpected successes 6
# of expected failures 67
# of unresolved testcases 5
# of unsupported tests 167
/home/janis/nightly/gcc_3.3-branch/gcc-obj-cross/gcc/xgcc version 3.3 20030315 (prerelease)
Host is powerpc-unknown-linux-gnu
=== objc tests ===
Running target unix
WARNING: Assuming target board is the local machine (which is probably wrong).
=== objc Summary ===
# of expected passes 1153
/home/janis/nightly/gcc_3.3-branch/gcc-obj-cross/gcc/xgcc version 3.3 20030315 (prerelease)
Host is powerpc64-unknown-linux-gnu
=== libstdc++-v3 tests ===
Running target unix
WARNING: Assuming target board is the local machine (which is probably wrong).
FAIL: 22_locale/ctor_copy_dtor.cc execution test
XPASS: 22_locale/ctype_is_wchar_t.cc execution test
FAIL: 22_locale/facet.cc execution test
FAIL: 26_numerics/c99_classification_macros_c.cc (test for excess errors)
FAIL: 27_io/filebuf_virtuals.cc execution test
FAIL: 27_io/ios_manip_fmtflags.cc execution test
FAIL: 27_io/ostream_inserter_arith.cc execution test
FAIL: 27_io/streambuf_members.cc execution test
FAIL: 27_io/stringbuf_virtuals.cc execution test
=== libstdc++-v3 Summary ===
# of expected passes 443
# of unexpected failures 8
# of unexpected successes 1
# of expected failures 26
Compiler version: 3.3 20030315 (prerelease)
Platform: powerpc64-unknown-linux-gnu
configure flags: --prefix=/home/janis/nightly/tools/cross-3.3-branch --build=powerpc-linux --host=powerpc-linux --target=powerpc64-linux --with-headers=/opt/cross/powerpc64-linux/include --with-libs=/opt/cross/powerpc64-linux/lib --disable-nls --enable-shared --enable-threads --enable-languages=c,c++,f77,java,objc