This is the mail archive of the
gcc-testresults@gcc.gnu.org
mailing list for the GCC project.
Results for 3.3 20030314 (prerelease) testsuite on alphaev67-unknown-linux-gnu
- From: Richard Henderson <rth at dorothy dot sfbay dot redhat dot com>
- To: gcc-testresults at gcc dot gnu dot org
- Date: Sat, 15 Mar 2003 12:13:31 -0800
- Subject: Results for 3.3 20030314 (prerelease) testsuite on alphaev67-unknown-linux-gnu
LAST_UPDATED: Fri Mar 14 18:20:30 UTC 2003
Native configuration is alphaev67-unknown-linux-gnu
=== libjava tests ===
Running target unix
WARNING: program timed out.
FAIL: SyncTest execution - gij test
WARNING: program timed out.
FAIL: SyncTest execution - bytecode->native test
WARNING: program timed out.
FAIL: SyncTest execution - gij test
WARNING: program timed out.
FAIL: SyncTest -O execution - bytecode->native test
FAIL: initexc execution - gij test
FAIL: initexc execution - gij test
=== libjava Summary ===
# of expected passes 2931
# of unexpected failures 6
# of expected failures 16
# of untested testcases 18
=== libstdc++-v3 tests ===
Running target unix
XPASS: 22_locale/ctype_is_char.cc execution test
XPASS: 22_locale/ctype_is_wchar_t.cc execution test
XPASS: 22_locale/members.cc execution test
XPASS: 22_locale/messages_byname.cc execution test
XPASS: 22_locale/messages_members_char.cc execution test
XPASS: 22_locale/money_get_members_char.cc execution test
XPASS: 22_locale/money_get_members_wchar_t.cc execution test
XPASS: 22_locale/money_put_members_char.cc execution test
XPASS: 22_locale/money_put_members_wchar_t.cc execution test
XPASS: 22_locale/moneypunct_byname.cc execution test
XPASS: 22_locale/moneypunct_members_char.cc execution test
XPASS: 22_locale/moneypunct_members_wchar_t.cc execution test
XPASS: 22_locale/num_get_members_char.cc execution test
XPASS: 22_locale/num_get_members_wchar_t.cc execution test
XPASS: 22_locale/num_put_members_char.cc execution test
XPASS: 22_locale/num_put_members_wchar_t.cc execution test
XPASS: 22_locale/numpunct_byname.cc execution test
XPASS: 22_locale/numpunct_members_char.cc execution test
XPASS: 22_locale/numpunct_members_wchar_t.cc execution test
XPASS: 22_locale/time_get_members_char.cc execution test
XPASS: 22_locale/time_get_members_wchar_t.cc execution test
XPASS: 22_locale/time_put_members_char.cc execution test
XPASS: 22_locale/time_put_members_wchar_t.cc execution test
FAIL: 26_numerics/c99_classification_macros_c.cc (test for excess errors)
FAIL: 26_numerics/fabs_inline.cc (test for excess errors)
WARNING: 26_numerics/fabs_inline.cc compilation failed to produce executable
=== libstdc++-v3 Summary ===
# of expected passes 448
# of unexpected failures 2
# of unexpected successes 23
# of expected failures 4
=== g++ tests ===
Running target unix
FAIL: g++.dg/tls/init-2.C (test for excess errors)
FAIL: g++.pt/repo3.C (test for excess errors)
=== g++ Summary ===
# of expected passes 7900
# of unexpected failures 2
# of expected failures 97
# of untested testcases 22
# of unsupported tests 16
/dorothy/rth/gcc/build/3.3/gcc/testsuite/../g++ version 3.3 20030314 (prerelease)
=== g77 tests ===
Running target unix
=== g77 Summary ===
# of expected passes 1644
# of unsupported tests 8
/dorothy/rth/gcc/build/3.3/gcc/testsuite/../g77 version 3.3 20030314 (prerelease)
=== gcc tests ===
Running target unix
FAIL: gcc.c-torture/compile/simd-5.c, -O2
FAIL: gcc.c-torture/compile/simd-5.c, -O3 -fomit-frame-pointer
FAIL: gcc.c-torture/compile/simd-5.c, -O3 -g
FAIL: gcc.c-torture/compile/simd-5.c, -Os
FAIL: gcc.dg/duff-2.c (test for excess errors)
=== gcc Summary ===
# of expected passes 21182
# of unexpected failures 5
# of expected failures 78
# of unsupported tests 152
/dorothy/rth/gcc/build/3.3/gcc/xgcc version 3.3 20030314 (prerelease)
=== objc tests ===
Running target unix
=== objc Summary ===
# of expected passes 1153
/dorothy/rth/gcc/build/3.3/gcc/xgcc version 3.3 20030314 (prerelease)
Compiler version: 3.3 20030314 (prerelease)
Platform: alphaev67-unknown-linux-gnu
configure flags: --host=alphaev67-unknown-linux-gnu --prefix=/dorothy/H-alpha-linux-gnu --enable-threads