This is the mail archive of the
gcc-testresults@gcc.gnu.org
mailing list for the GCC project.
Results for 3.3 20030308 (prerelease) testsuite on sparc-sun-solaris2.8
- From: Andreas Tobler <toa at pop dot agri dot ch>
- To: gcc-results <gcc-testresults at gcc dot gnu dot org>
- Date: Sun, 09 Mar 2003 09:27:17 +0100
- Subject: Results for 3.3 20030308 (prerelease) testsuite on sparc-sun-solaris2.8
LAST_UPDATED:
Native configuration is sparc-sun-solaris2.8
=== g++ tests ===
Running target unix
FAIL: g++.dg/compat/break/bitfield7 y_tst.o compile
UNRESOLVED: g++.dg/compat/break/bitfield7 x_tst.o-y_tst.o link
UNRESOLVED: g++.dg/compat/break/bitfield7 x_tst.o-y_tst.o execute
FAIL: g++.dg/warn/Wunused-2.C (test for warnings, line 5)
=== g++ Summary ===
# of expected passes 7885
# of unexpected failures 2
# of expected failures 94
# of unresolved testcases 2
# of untested testcases 21
# of unsupported tests 15
/export/home/andreas/gcc-branch/objdir/gcc/testsuite/../g++ version 3.3 20030308 (prerelease)
=== gcc tests ===
Running target unix
WARNING: program timed out.
FAIL: gcc.c-torture/compile/20001226-1.c, -O3 -fomit-frame-pointer
WARNING: program timed out.
FAIL: gcc.c-torture/compile/20001226-1.c, -O3 -g
WARNING: program timed out.
FAIL: gcc.c-torture/compile/20001226-1.c, -Os
WARNING: gcc.dg/20021014-1.c compilation failed to produce executable
FAIL: gcc.dg/duff-2.c (test for excess errors)
=== gcc Summary ===
# of expected passes 21121
# of unexpected failures 4
# of expected failures 67
# of unsupported tests 155
/export/home/andreas/gcc-branch/objdir/gcc/xgcc version 3.3 20030308 (prerelease)
=== libjava tests ===
Running target unix
FAIL: Array_3 execution - gij test
FAIL: Array_3 execution - gij test
FAIL: FileHandleGcTest execution - source compiled test
FAIL: FileHandleGcTest execution - bytecode->native test
FAIL: FileHandleGcTest -O execution - source compiled test
FAIL: FileHandleGcTest -O execution - bytecode->native test
WARNING: program timed out.
FAIL: SyncTest execution - gij test
WARNING: program timed out.
FAIL: SyncTest execution - bytecode->native test
WARNING: program timed out.
FAIL: SyncTest execution - gij test
WARNING: program timed out.
FAIL: SyncTest -O execution - bytecode->native test
FAIL: TLtest execution - gij test
FAIL: Thread_Join execution - gij test
FAIL: Thread_Monitor execution - gij test
FAIL: Thread_Wait_2 execution - gij test
FAIL: Throw_2 execution - source compiled test
FAIL: Throw_2 execution - gij test
FAIL: Throw_2 execution - bytecode->native test
FAIL: Throw_2 -O execution - source compiled test
FAIL: Throw_2 execution - gij test
FAIL: Throw_2 -O execution - bytecode->native test
FAIL: gnu.testlet.java.io.ObjectInputOutput.InputTest: gnu.testlet.java.io.ObjectInputOutput.Test\$GetPutField (number 1)
FAIL: gnu.testlet.java.io.ObjectInputOutput.OutputTest: Serializable: gnu.testlet.java.io.ObjectInputOutput.Test\$Extern () (number 2)
FAIL: gnu.testlet.java.io.ObjectInputOutput.OutputTest: Serializable: test(str=null, x=0) (number 2)
FAIL: gnu.testlet.java.io.ObjectInputOutput.SerTest (number 2)
FAIL: gnu.testlet.java.io.OutputStreamWriter.jdk11: IOException unexpected (number 1)
FAIL: gnu.testlet.java.lang.Double.DoubleTest: Error: test_longValue returned wrong results CYGNUS: Float to int conversions - 1 (number 1)
FAIL: gnu.testlet.java.lang.Double.DoubleTest: Error: test_shortbyteValue failed - 5 (number 1)
FAIL: gnu.testlet.java.lang.Float.FloatTest: Error: test_shortbyteValue failed - 5 (number 1)
FAIL: gnu.testlet.java.lang.Math.MathTest: Error : test_asinacosatan failed - 4 (number 1)
FAIL: gnu.testlet.java.lang.Math.MathTest: Error : test_asinacosatan failed - 6 (number 1)
FAIL: gnu.testlet.java.lang.Math.MathTest: Error : test_log failed - 2 (number 1)
WARNING: program timed out.
FAIL: gnu.testlet.java.net.InetAddress.InetAddressTest: Error : test_Basics failed - 10 Should not throw UnknownHostException here (number 1)
FAIL: gnu.testlet.java.net.InetAddress.InetAddressTest: test_Basics failed - 11 - NullPointerException (number 1)
FAIL: gnu.testlet.java.net.InetAddress.InetAddressTest: test_Basics failed - 12 - NullPointerException (number 1)
FAIL: gnu.testlet.java.net.Socket.SocketTest: Error : test_Basics failed - 7 exception should not have been thrown. (number 1)
FAIL: gnu.testlet.java.net.Socket.SocketTest: Error : test_params failed - 10 exception was thrown. (number 1)
FAIL: gnu.testlet.java.net.Socket.jdk12: unexpected error: mail.gnu.org (number 1)
FAIL: gnu.testlet.java.net.Socket.jdk13: unexpected error: mail.gnu.org (number 1)
FAIL: gnu.testlet.java.net.Socket.jdk14: unexpected error: mail.gnu.org (number 1)
FAIL: gnu.testlet.java.net.URL.URLTest: I want my Apache server! (number 1)
FAIL: gnu.testlet.java.net.URL.URLTest: Content must be text/html (number 1)
FAIL: gnu.testlet.java.net.URL.URLTest: getContent() threw Exception (number 1)
FAIL: gnu.testlet.java.net.URL.URLTest: Error in test_openStream - 2 exception should not be thrown here (number 1)
FAIL: gnu.testlet.java.net.URLClassLoader.getResourceRemote: URL file path ends with /mauve/testarea/testresource (number 1)
FAIL: gnu.testlet.java.net.URLClassLoader.getResourceRemote: ./testresource (number 1)
FAIL: gnu.testlet.java.net.URLClassLoader.getResourceRemote: ./testresource (number 1)
FAIL: gnu.testlet.java.net.URLClassLoader.getResourceRemote: URL file path ends with /mauve/testarea/testdir/resourceindir (number 1)
FAIL: gnu.testlet.java.net.URLClassLoader.getResourceRemote: ./testdir/resourceindir (number 1)
FAIL: gnu.testlet.java.net.URLClassLoader.getResourceRemote: testdir/./resourceindir (number 1)
FAIL: gnu.testlet.java.net.URLClassLoader.getResourceRemote: testdir/../testdir/resourceindir (number 1)
FAIL: gnu.testlet.java.net.URLClassLoader.getResourceRemote: testdir///resourceindir (number 1)
FAIL: gnu.testlet.java.net.URLClassLoader.getResourceRemote: URL file path ends with /mauve/testarea/remotejar.jar!/remote-jresource (number 1)
FAIL: gnu.testlet.java.net.URLClassLoader.getResourceRemote: URL file path ends with /mauve/testarea/remotejar.jar!/path/in/remote-jar/resourcefile (number 1)
FAIL: gnu.testlet.java.net.URLConnection.URLConnectionTest: Error in test_getContentFunctions - 5 should not have raised exception here (number 1)
FAIL: gnu.testlet.java.net.URLConnection.URLConnectionTest: Error in test_getHeaderField - 0 0 header field wrong (number 1)
FAIL: gnu.testlet.java.net.URLConnection.URLConnectionTest: Error in test_getHeaderField - 10 should not have raised exception here (number 1)
FAIL: gnu.testlet.java.net.URLConnection.URLConnectionTest: Error in test_streams - 1 should not have raised exception here (number 1)
FAIL: gnu.testlet.java.security.SecureRandom.Instance: uncaught exception at number 1: java.lang.InternalError: no SHA implementation found
FAIL: gnu.testlet.java.security.SecureRandom.SHA1PRNG: found implementation (number 1)
FAIL: gnu.testlet.java.security.SecureRandom.SHA1PRNG: no implementation found (number 1)
FAIL: gnu.testlet.java.security.Security.property: uncaught exception at number 1: java.lang.NullPointerException
FAIL: gnu.testlet.java.util.Properties.AcuniaPropertiesTest: v does not contain:\$-- listing properties --\$ (number 1)
FAIL: gnu.testlet.java.util.Properties.AcuniaPropertiesTest: v does not contain:\$-- listing properties --\$ (number 1)
FAIL: gnu.testlet.java.util.Properties.AcuniaPropertiesTest: all elements are the same (number 1)
=== libjava Summary ===
# of expected passes 10968
# of unexpected failures 64
# of expected failures 130
# of untested testcases 32
=== libstdc++-v3 tests ===
Running target unix
=== libstdc++-v3 Summary ===
# of expected passes 422
# of expected failures 18
Compiler version: 3.3 20030308 (prerelease)
Platform: sparc-sun-solaris2.8
configure flags: --host=sparc-sun-solaris2.8 --prefix=/usr/local --enable-languages=c,c++,java --enable-libgcj --disable-multilib --disable-nls --enable-shared --enable-threads=posix