This is the mail archive of the
gcc-testresults@gcc.gnu.org
mailing list for the GCC project.
Results for 3.4 20030306 (experimental) testsuite on powerpc-unknown-linux-gnu
- From: Andreas Tobler <toa at pop dot agri dot ch>
- To: gcc-results <gcc-testresults at gcc dot gnu dot org>
- Date: Fri, 07 Mar 2003 06:59:14 +0100
- Subject: Results for 3.4 20030306 (experimental) testsuite on powerpc-unknown-linux-gnu
LAST_UPDATED:
Native configuration is powerpc-unknown-linux-gnu
=== gcc tests ===
Running target unix
WARNING: program timed out.
FAIL: gcc.c-torture/compile/20001226-1.c, -O3 -g
FAIL: gcc.c-torture/execute/20030125-1.c execution, -O1
FAIL: gcc.c-torture/execute/20030125-1.c execution, -O2
FAIL: gcc.c-torture/execute/20030125-1.c execution, -O3 -fomit-frame-pointer
FAIL: gcc.c-torture/execute/20030125-1.c execution, -O3 -g
FAIL: gcc.c-torture/execute/20030125-1.c execution, -Os
FAIL: gcc.dg/20020103-1.c scan-assembler-not LC
FAIL: gcc.dg/20020118-1.c execution test
FAIL: gcc.dg/Wreturn-type.c (test for excess errors)
FAIL: gcc.dg/altivec-5.c (test for excess errors)
FAIL: gcc.dg/duff-2.c (test for excess errors)
FAIL: gcc.dg/warn-1.c (test for warnings, line 8)
FAIL: gcc.dg/warn-1.c (test for warnings, line 15)
FAIL: gcc.dg/pch/inline-1.c (test for excess errors)
=== gcc Summary ===
# of expected passes 21343
# of unexpected failures 14
# of expected failures 69
# of untested testcases 1
# of unsupported tests 169
/mnt/cvs/gcc-trunk/objdir/gcc/xgcc version 3.4 20030306 (experimental)
=== g++ tests ===
Running target unix
FAIL: g++.dg/compat/break/bitfield7 y_tst.o compile
UNRESOLVED: g++.dg/compat/break/bitfield7 x_tst.o-y_tst.o link
UNRESOLVED: g++.dg/compat/break/bitfield7 x_tst.o-y_tst.o execute
FAIL: g++.dg/warn/Wunused-2.C (test for warnings, line 5)
FAIL: pch/system-1.C -g assembly comparison
FAIL: pch/system-1.C -O2 -g assembly comparison
=== g++ Summary ===
# of expected passes 8268
# of unexpected failures 4
# of expected failures 70
# of unresolved testcases 2
# of untested testcases 23
# of unsupported tests 19
/mnt/cvs/gcc-trunk/objdir/gcc/testsuite/../g++ version 3.4 20030306 (experimental)
=== libjava tests ===
Running target unix
FAIL: 13.1-covariance-1
FAIL: 13.1-covariance-2
FAIL: 13.1-covariance-3
XPASS: 14.3-scope-3
XPASS: 8.8.7-accessible-default-constructor-inner-20
FAIL: 8.8.7-accessible-default-constructor-inner-26
FAIL: 5.1.3-dtl-1
FAIL: 5.1.3-dtl-2
FAIL: 5.1.3-ftl-1
FAIL: 5.1.3-ftl-2
FAIL: 15.9.1-unqualified-anonymous-2
FAIL: 15.9.1-unqualified-anonymous-4
FAIL: 15.9.1-unqualified-anonymous-5
FAIL: 15.9.1-unqualified-anonymous-12
FAIL: 15.9.1-unqualified-anonymous-14
FAIL: 15.9.1-unqualified-anonymous-15
FAIL: 15.9.1-unqualified-anonymous-24
XPASS: 15.9.1-unqualified-anonymous-25
FAIL: 15.9.1-qualified-anonymous-4
FAIL: 15.9.1-qualified-anonymous-5
XPASS: 15.9.1-qualified-anonymous-6
XPASS: 15.9.1-qualified-anonymous-7
FAIL: 15.9.1-unqualified-concrete-2
FAIL: 15.9.1-unqualified-concrete-4
FAIL: 15.9.1-unqualified-concrete-5
XPASS: 15.9.1-unqualified-concrete-6
XPASS: 15.9.1-unqualified-concrete-7
FAIL: 15.9.1-unqualified-concrete-15
FAIL: 15.9.1-qualified-concrete-4
FAIL: 15.9.1-qualified-concrete-5
XPASS: 15.9.1-qualified-concrete-6
XPASS: 15.9.1-qualified-concrete-7
FAIL: 15.8.2-synthetic-1
XPASS: 3.10.2-round-6
XPASS: 6.5.1-type-19
FAIL: 6.5.5.1-import-2
FAIL: 6.5.5.1-import-3
XPASS: 7.5.1-accessible-1
FAIL: 7.5.1-accessible-4
FAIL: 7.5.1-accessible-5
FAIL: 7.5.1-shadow-2
FAIL: 7.5.2-canonical-2
FAIL: 7.5.2-accessible-4
FAIL: 7.5.2-duplicate-1
FAIL: 7.5.2-duplicate-2
FAIL: 7.5.2-duplicate-4
FAIL: 7.4.2-2
XPASS: 7.4.2-subpackage-1
XPASS: 7.4.2-subpackage-2
FAIL: 7.1-named-5
FAIL: 7.1-named-6
FAIL: 7.6-optional-restrictions-1
FAIL: 7.6-unnamed-scope-2
FAIL: 13.4.8-constant-runtime-1
FAIL: 14.19.2-runtime-try-1
FAIL: Array_3 -O execution - source compiled test
WARNING: program timed out.
FAIL: SyncTest execution - gij test
WARNING: program timed out.
FAIL: SyncTest execution - gij test
=== libjava Summary ===
# of expected passes 6719
# of unexpected failures 44
# of unexpected successes 14
# of expected failures 764
# of untested testcases 15
=== libstdc++-v3 tests ===
Running target unix
FAIL: 22_locale/codecvt/always_noconv/wchar_t/3.cc execution test
FAIL: 22_locale/codecvt/encoding/wchar_t/3.cc execution test
FAIL: 22_locale/codecvt/encoding/wchar_t/wrapped_locale.cc execution test
FAIL: 22_locale/codecvt/in/wchar_t/3.cc execution test
FAIL: 22_locale/codecvt/length/wchar_t/3.cc execution test
FAIL: 22_locale/codecvt/max_length/wchar_t/3.cc execution test
FAIL: 22_locale/codecvt/max_length/wchar_t/wrapped_locale.cc execution test
FAIL: 22_locale/codecvt/out/wchar_t/3.cc execution test
FAIL: 22_locale/codecvt/unshift/wchar_t/3.cc execution test
=== libstdc++-v3 Summary ===
# of expected passes 1178
# of unexpected failures 9
# of expected failures 3
Compiler version: 3.4 20030306 (experimental)
Platform: powerpc-unknown-linux-gnu
configure flags: --prefix=/mnt/cvs/testbinary --enable-languages=c,c++,java --disable-multilib --enable-threads=posix --enable-shared