This is the mail archive of the
gcc-testresults@gcc.gnu.org
mailing list for the GCC project.
Results for 3.3 20030305 (prerelease) testsuite on hppa2.0w-hp-hpux11.00
- From: John David Anglin <dave at hiauly2 dot hia dot nrc dot ca>
- To: dave at hiauly2 dot hia dot nrc dot ca, gcc-testresults at gcc dot gnu dot org
- Date: Thu, 6 Mar 2003 22:18:06 -0500 (EST)
- Subject: Results for 3.3 20030305 (prerelease) testsuite on hppa2.0w-hp-hpux11.00
LAST_UPDATED: Wed Mar 5 23:48:56 UTC 2003
Native configuration is hppa2.0w-hp-hpux11.00
=== g++ tests ===
Running target unix
FAIL: g++.dg/compat/break/bitfield7 y_tst.o compile
UNRESOLVED: g++.dg/compat/break/bitfield7 x_tst.o-y_tst.o link
UNRESOLVED: g++.dg/compat/break/bitfield7 x_tst.o-y_tst.o execute
FAIL: g++.dg/warn/Wunused-2.C (test for warnings, line 5)
FAIL: g++.ext/attrib5.C (test for excess errors)
XPASS: g++.mike/eh33.C (test for excess errors)
XPASS: g++.mike/eh33.C Execution test
XPASS: g++.mike/eh50.C (test for excess errors)
XPASS: g++.mike/eh50.C Execution test
XPASS: g++.pt/static3.C (test for excess errors)
XPASS: g++.pt/static3.C Execution test
XPASS: g++.pt/static6.C (test for excess errors)
=== g++ Summary ===
# of expected passes 7759
# of unexpected failures 3
# of unexpected successes 7
# of expected failures 93
# of unresolved testcases 2
# of untested testcases 23
# of unsupported tests 17
/xxx/gnu/gcc-3.3/objdir/gcc/testsuite/../g++ version 3.3 20030305 (prerelease)
=== g77 tests ===
Running target unix
=== g77 Summary ===
# of expected passes 1644
# of unsupported tests 8
/xxx/gnu/gcc-3.3/objdir/gcc/testsuite/../g77 version 3.3 20030305 (prerelease)
=== gcc tests ===
Running target unix
FAIL: gcc.dg/duff-2.c (test for excess errors)
FAIL: gcc.dg/inline-1.c scan-assembler-not xyzzy
FAIL: gcc.dg/old-style-asm-1.c scan-assembler L2
FAIL: gcc.dg/uninit-C.c (test for excess errors)
UNRESOLVED: weak-1.c
UNRESOLVED: weak-2.c
UNRESOLVED: wkali-1.c
UNRESOLVED: wkali-2.c
UNRESOLVED: gcc.dg/weak
=== gcc Summary ===
# of expected passes 20390
# of unexpected failures 4
# of expected failures 67
# of unresolved testcases 5
# of unsupported tests 165
/xxx/gnu/gcc-3.3/objdir/gcc/xgcc version 3.3 20030305 (prerelease)
=== objc tests ===
Running target unix
=== objc Summary ===
# of expected passes 1153
/xxx/gnu/gcc-3.3/objdir/gcc/xgcc version 3.3 20030305 (prerelease)
=== libstdc++-v3 tests ===
Running target unix
FAIL: 26_numerics/c99_classification_macros_c.cc (test for excess errors)
=== libstdc++-v3 Summary ===
# of expected passes 408
# of unexpected failures 1
# of expected failures 17
# of unsupported tests 6
Compiler version: 3.3 20030305 (prerelease)
Platform: hppa2.0w-hp-hpux11.00
configure flags: --host=hppa2.0w-hp-hpux11.00 --with-gnu-as --with-as=/opt/gnu/bin/as --enable-shared --with-local-prefix=/opt/gnu --prefix=/opt/gnu --enable-debug=no