This is the mail archive of the
gcc-testresults@gcc.gnu.org
mailing list for the GCC project.
Results for 3.2.2 testsuite on i686-pc-linux-gnu
- From: sparckl at aardvark dot palmsource dot com (Curtis C. Chen)
- To: gcc-testresults at gcc dot gnu dot org
- Date: Thu, 6 Mar 2003 08:37:56 -0800 (PST)
- Subject: Results for 3.2.2 testsuite on i686-pc-linux-gnu
LAST_UPDATED:
Native configuration is i686-pc-linux-gnu
=== g77 tests ===
Running target unix
=== g77 Summary ===
# of expected passes 1474
/home/sparckl/Downloads/gcc-3.2.2/aardvark/gcc/testsuite/../g77 version 3.2.2
=== gcc tests ===
Running target unix
=== gcc Summary ===
# of expected passes 18919
# of expected failures 68
# of unsupported tests 44
/home/sparckl/Downloads/gcc-3.2.2/aardvark/gcc/xgcc version 3.2.2
=== g++ tests ===
Running target unix
=== g++ Summary ===
# of expected passes 7368
# of expected failures 89
# of untested testcases 9
# of unsupported tests 3
/home/sparckl/Downloads/gcc-3.2.2/aardvark/gcc/testsuite/../g++ version 3.2.2
=== objc tests ===
Running target unix
=== objc Summary ===
# of expected passes 1035
# of expected failures 6
/home/sparckl/Downloads/gcc-3.2.2/aardvark/gcc/xgcc version 3.2.2
=== libjava tests ===
Running target unix
=== libjava Summary ===
# of expected passes 2061
# of expected failures 18
# of untested testcases 14
=== libstdc++-v3 tests ===
Running target unix
XPASS: 22_locale/ctype_is_wchar_t.cc execution test
FAIL: 26_numerics/c99_classification_macros_c.cc (test for excess errors)
=== libstdc++-v3 Summary ===
# of expected passes 432
# of unexpected failures 1
# of unexpected successes 1
# of expected failures 25
Compiler version: 3.2.2
Platform: i686-pc-linux-gnu
configure flags: --host=i686-pc-linux-gnu