This is the mail archive of the
gcc-testresults@gcc.gnu.org
mailing list for the GCC project.
Results for 3.3 20030301 (Debian prerelease) testsuite on s390-ibm-linux-gnu
- From: Matthias Klose <doko at auric dot debian dot org>
- To: gcc-testresults at gcc dot gnu dot org
- Cc: debian-gcc at lists dot debian dot org
- Date: Mon, 03 Mar 2003 18:09:49 -0500
- Subject: Results for 3.3 20030301 (Debian prerelease) testsuite on s390-ibm-linux-gnu
- Reply-to: Matthias Klose <doko at debian dot org>
LAST_UPDATED: Sat Mar 1 11:59:00 UTC 2003
Native configuration is s390-ibm-linux-gnu
=== g++ tests ===
Running target unix
FAIL: g++.dg/compat/break/bitfield7 y_tst.o compile
UNRESOLVED: g++.dg/compat/break/bitfield7 x_tst.o-y_tst.o link
UNRESOLVED: g++.dg/compat/break/bitfield7 x_tst.o-y_tst.o execute
FAIL: g++.dg/warn/Wunused-2.C (test for warnings, line 5)
FAIL: g++.eh/terminate2.C Execution test
XPASS: g++.other/init5.C Execution test
=== g++ Summary ===
# of expected passes 7876
# of unexpected failures 3
# of unexpected successes 1
# of expected failures 91
# of unresolved testcases 2
# of untested testcases 23
# of unsupported tests 16
/tmp/gcc-3.3-3.3ds0/build/gcc/testsuite/../g++ version 3.3 20030301 (Debian prerelease)
=== g77 tests ===
Running target unix
=== g77 Summary ===
# of expected passes 1644
# of unsupported tests 8
/tmp/gcc-3.3-3.3ds0/build/gcc/testsuite/../g77 version 3.3 20030301 (Debian prerelease)
=== gcc tests ===
Running target unix
FAIL: gcc.c-torture/execute/20010910-1.c execution, -Os
FAIL: gcc.c-torture/execute/loop-14.c execution, -Os
FAIL: gcc.c-torture/execute/va-arg-11.c execution, -Os
FAIL: gcc.dg/debug/debug-1.c scan-assembler xyzzy
FAIL: gcc.dg/debug/debug-1.c scan-assembler xyzzy
FAIL: gcc.dg/debug/debug-1.c scan-assembler xyzzy
FAIL: gcc.dg/debug/debug-1.c scan-assembler xyzzy
FAIL: gcc.dg/debug/debug-2.c scan-assembler xyzzy
FAIL: gcc.dg/debug/debug-2.c scan-assembler xyzzy
FAIL: gcc.dg/debug/debug-2.c scan-assembler xyzzy
FAIL: gcc.dg/debug/debug-2.c scan-assembler xyzzy
FAIL: gcc.dg/duff-2.c (test for excess errors)
=== gcc Summary ===
# of expected passes 21084
# of unexpected failures 12
# of expected failures 69
# of unsupported tests 158
/tmp/gcc-3.3-3.3ds0/build/gcc/xgcc version 3.3 20030301 (Debian prerelease)
=== objc tests ===
Running target unix
FAIL: objc.dg/naming-1.m (test for errors, line 20)
FAIL: objc.dg/naming-1.m (test for excess errors)
FAIL: objc.dg/naming-2.m (test for errors, line 7)
FAIL: objc.dg/naming-2.m (test for excess errors)
=== objc Summary ===
# of expected passes 1149
# of unexpected failures 4
/tmp/gcc-3.3-3.3ds0/build/gcc/xgcc version 3.3 20030301 (Debian prerelease)
=== treelang tests ===
Running target unix
=== treelang Summary ===
# of expected passes 1
=== libjava tests ===
Running target unix
WARNING: program timed out.
FAIL: SyncTest execution - gij test
WARNING: program timed out.
FAIL: SyncTest execution - bytecode->native test
WARNING: program timed out.
FAIL: SyncTest execution - gij test
WARNING: program timed out.
FAIL: SyncTest -O execution - bytecode->native test
=== libjava Summary ===
# of expected passes 2917
# of unexpected failures 4
# of expected failures 16
# of untested testcases 16
=== libstdc++-v3 tests ===
Running target unix
XPASS: 22_locale/collate_byname.cc execution test
XPASS: 22_locale/collate_members_char.cc execution test
XPASS: 22_locale/collate_members_wchar_t.cc execution test
XPASS: 22_locale/ctype_is_char.cc execution test
XPASS: 22_locale/ctype_is_wchar_t.cc execution test
XPASS: 22_locale/members.cc execution test
XPASS: 22_locale/messages_byname.cc execution test
XPASS: 22_locale/messages_members_char.cc execution test
XPASS: 22_locale/moneypunct_byname.cc execution test
XPASS: 22_locale/moneypunct_members_char.cc execution test
XPASS: 22_locale/moneypunct_members_wchar_t.cc execution test
XPASS: 22_locale/numpunct_byname.cc execution test
XPASS: 22_locale/numpunct_members_char.cc execution test
XPASS: 22_locale/numpunct_members_wchar_t.cc execution test
FAIL: 26_numerics/c99_classification_macros_c.cc (test for excess errors)
=== libstdc++-v3 Summary ===
# of expected passes 444
# of unexpected failures 1
# of unexpected successes 14
# of expected failures 13
Compiler version: 3.3 20030301 (Debian prerelease)
Platform: s390-ibm-linux-gnu
configure flags: --host=s390-linux -v --enable-languages=c,c++,java,f77,objc,ada,treelang --prefix=/usr --mandir=/usr/share/man --infodir=/usr/share/info --with-gxx-include-dir=/usr/include/c++/3.3 --enable-shared --with-system-zlib --enable-nls --without-included-gettext --enable-__cxa_atexit --enable-clocale=gnu --enable-debug --enable-java-gc=boehm --enable-java-awt=xlib --enable-objc-gc
BOOT_CFLAGS=-O2
Patches that Debian applied in this version:
gcc-names:
versioned gcc names
gcc-version:
Add "(Debian)" to the gcc version string
libstdc++-incdir:
Propagate gxx_include_dir to the libstdc++ subdirectory.
libstdc++-codecvt:
libstdc++-v3/include/bits/codecvt_specializations.h: add missing qualifiers
libstdc++-pic:
Build and install libstdc++_pic.a library.
libstdc++-doclink:
link local libstdc++ documentation to local source-level documentation
gcc-line-numbers:
Richard Henderson <rth at redhat dot com>
* integrate.c (output_inline_function): Reset input_filename
and lineno from the decl before rest_of_compilation.
gcj-debian-policy:
add /usr/share/java/repository to the classpath.
gcj-names:
versioned gcj info names
gcj-without-rpath:
don't define runtime link path for java binaries and libraries
libffi-install:
Allows libffi to be installed
deb-protoize:
build protoize/unprotoize by default
libobjc:
Find header file for Boehm garbage collector.
g77-names:
versioned g77 names
treelang-names:
Install treelang info pages under versioned name
ada-link-lib:
- Install the shared Ada libraries as '.so.1', not '.so' to conform
to the Debian policy.
- Don't include a runtime link path (-rpath), when linking binaries.
ada-gcc-name:
use gcc-3.3 instead of gcc and gnatXXX-3.15 instead of gnatXXX
as the command names.
s390-biarch:
enable biarch for 31 bit compiler
s390-config-ml:
disable all libraries except libstdc++ for biarch
reporting:
<compiler> --help gives hint to /usr/share/doc/debian/bug-reporting.txt
autoreconf:
autoreconf several directories for proper mipsen libtool support
Counting all warnings,
there are 265 warnings in stage3 of this bootstrap.
Number of warnings per file:
223 SYSCALLS.c
5 op30148.c
5 gcc/treelang/parse.c
5 c-p23759.c
4 ./intdoc.texi
3 insn-conditions.c
3 gcc/tlink.c
2 gengtype-yacc.c
2 gcc/f/sta.c
2 gcc/crtstuff.c
2 gcc/config/s390/s390.md
1 gt-ada-utils.h
1 gt-ada-decl.h
1 gcc/regclass.c
1 gcc/ra-colorize.c
1 gcc/protoize.c
1 gcc/java/jvspec.c
1 gcc/gcc.c
1 gcc/collect2.c
1 ada/b_gnatb.c
Number of warning types:
223 function declaration isn't a prototype
12 traditional C rejects ISO C style function definitions
5 string length `???' is greater than the length `???' ISO C89 compilers are required to support
4 comparison of unsigned expression < 0 is always false
3 assignment makes pointer from integer without a cast
2 unused variable `???'
2 unlikely character ) in @var.
2 unlikely character ( in @var.
2 source missing a mode?
2 passing arg ??? of `???' discards qualifiers from pointer target type
2 dereferencing type-punned pointer will break strict-aliasing rules
2 comparison between signed and unsigned
1 initialization makes pointer from integer without a cast
1 implicit declaration of function `???'
1 `???' might be used uninitialized in this function
1 `???' defined but not used