This is the mail archive of the gcc-testresults@gcc.gnu.org mailing list for the GCC project.
Index Nav: | [Date Index] [Subject Index] [Author Index] [Thread Index] | |
---|---|---|
Message Nav: | [Date Prev] [Date Next] | [Thread Prev] [Thread Next] |
Other format: | [Raw text] |
LAST_UPDATED: Native configuration is sparcv9-sun-solaris2.7 === g++ tests === Running target unix FAIL: g++.dg/parse/stack1.C (test for excess errors) FAIL: g++.dg/warn/Wunused-2.C (test for warnings, line 5) FAIL: g++.dg/pch/empty.C (test for excess errors) FAIL: g++.dg/pch/empty.C (test for excess errors) FAIL: g++.dg/pch/empty.C (test for excess errors) FAIL: g++.dg/pch/system-1.C (test for excess errors) FAIL: g++.dg/pch/system-1.C (test for excess errors) FAIL: g++.dg/pch/system-1.C (test for excess errors) FAIL: g++.dg/pch/uninst.C (test for excess errors) FAIL: g++.dg/pch/uninst.C (test for excess errors) FAIL: g++.dg/pch/uninst.C (test for excess errors) === g++ Summary === # of expected passes 8244 # of unexpected failures 11 # of expected failures 73 # of untested testcases 32 # of unsupported tests 16 /teal/tmpdisk/ghazi/gcc-testing/v9-34/build/gcc/testsuite/../g++ version 3.4 20030302 (experimental) === g77 tests === Running target unix === g77 Summary === # of expected passes 1644 # of unsupported tests 8 /teal/tmpdisk/ghazi/gcc-testing/v9-34/build/gcc/testsuite/../g77 version 3.4 20030302 (experimental) === gcc tests === Running target unix FAIL: gcc.c-torture/compile/20000922-1.c, -O2 FAIL: gcc.c-torture/compile/20000922-1.c, -O3 -fomit-frame-pointer FAIL: gcc.c-torture/compile/20000922-1.c, -O3 -g FAIL: gcc.c-torture/compile/20000922-1.c, -Os WARNING: program timed out. FAIL: gcc.c-torture/compile/20001226-1.c, -O3 -g FAIL: gcc.c-torture/compile/simd-5.c, -O0 FAIL: gcc.c-torture/compile/simd-5.c, -O1 FAIL: gcc.c-torture/compile/simd-5.c, -O2 FAIL: gcc.c-torture/compile/simd-5.c, -O3 -fomit-frame-pointer FAIL: gcc.c-torture/compile/simd-5.c, -O3 -g FAIL: gcc.c-torture/compile/simd-5.c, -Os FAIL: gcc.c-torture/execute/20010119-1.c compilation, -O2 UNRESOLVED: gcc.c-torture/execute/20010119-1.c execution, -O2 FAIL: gcc.c-torture/execute/20010119-1.c compilation, -O3 -fomit-frame-pointer UNRESOLVED: gcc.c-torture/execute/20010119-1.c execution, -O3 -fomit-frame-pointer FAIL: gcc.c-torture/execute/20010119-1.c compilation, -O3 -fomit-frame-pointer -funroll-loops UNRESOLVED: gcc.c-torture/execute/20010119-1.c execution, -O3 -fomit-frame-pointer -funroll-loops FAIL: gcc.c-torture/execute/20010119-1.c compilation, -O3 -fomit-frame-pointer -funroll-all-loops -finline-functions UNRESOLVED: gcc.c-torture/execute/20010119-1.c execution, -O3 -fomit-frame-pointer -funroll-all-loops -finline-functions FAIL: gcc.c-torture/execute/20010119-1.c compilation, -O3 -g UNRESOLVED: gcc.c-torture/execute/20010119-1.c execution, -O3 -g FAIL: gcc.c-torture/execute/20010119-1.c compilation, -Os UNRESOLVED: gcc.c-torture/execute/20010119-1.c execution, -Os FAIL: gcc.c-torture/execute/bcp-1.c compilation, -O2 UNRESOLVED: gcc.c-torture/execute/bcp-1.c execution, -O2 FAIL: gcc.c-torture/execute/bcp-1.c compilation, -O3 -fomit-frame-pointer UNRESOLVED: gcc.c-torture/execute/bcp-1.c execution, -O3 -fomit-frame-pointer FAIL: gcc.c-torture/execute/bcp-1.c compilation, -O3 -fomit-frame-pointer -funroll-loops UNRESOLVED: gcc.c-torture/execute/bcp-1.c execution, -O3 -fomit-frame-pointer -funroll-loops FAIL: gcc.c-torture/execute/bcp-1.c compilation, -O3 -fomit-frame-pointer -funroll-all-loops -finline-functions UNRESOLVED: gcc.c-torture/execute/bcp-1.c execution, -O3 -fomit-frame-pointer -funroll-all-loops -finline-functions FAIL: gcc.c-torture/execute/bcp-1.c compilation, -O3 -g UNRESOLVED: gcc.c-torture/execute/bcp-1.c execution, -O3 -g FAIL: gcc.c-torture/execute/bcp-1.c compilation, -Os UNRESOLVED: gcc.c-torture/execute/bcp-1.c execution, -Os WARNING: gcc.dg/20021014-1.c compilation failed to produce executable FAIL: gcc.dg/duff-2.c (test for excess errors) XPASS: gcc.dg/uninit-4.c uninitialized variable warning (test for bogus messages, line 26) FAIL: gcc.dg/pch/common-1.c (test for excess errors) FAIL: gcc.dg/pch/common-1.c (test for excess errors) FAIL: gcc.dg/pch/common-1.c (test for excess errors) FAIL: gcc.dg/pch/common-1.c (test for excess errors) FAIL: gcc.dg/pch/common-1.c (test for excess errors) FAIL: gcc.dg/pch/common-1.c (test for excess errors) FAIL: gcc.dg/pch/cpp-1.c (test for excess errors) FAIL: gcc.dg/pch/cpp-1.c (test for excess errors) FAIL: gcc.dg/pch/cpp-1.c (test for excess errors) FAIL: gcc.dg/pch/cpp-1.c (test for excess errors) FAIL: gcc.dg/pch/cpp-1.c (test for excess errors) FAIL: gcc.dg/pch/cpp-1.c (test for excess errors) FAIL: gcc.dg/pch/cpp-2.c (test for excess errors) FAIL: gcc.dg/pch/cpp-2.c (test for excess errors) FAIL: gcc.dg/pch/cpp-2.c (test for excess errors) FAIL: gcc.dg/pch/cpp-2.c (test for excess errors) FAIL: gcc.dg/pch/cpp-2.c (test for excess errors) FAIL: gcc.dg/pch/cpp-2.c (test for excess errors) FAIL: gcc.dg/pch/decl-1.c (test for excess errors) FAIL: gcc.dg/pch/decl-1.c (test for excess errors) FAIL: gcc.dg/pch/decl-1.c (test for excess errors) FAIL: gcc.dg/pch/decl-1.c (test for excess errors) FAIL: gcc.dg/pch/decl-1.c (test for excess errors) FAIL: gcc.dg/pch/decl-1.c (test for excess errors) FAIL: gcc.dg/pch/decl-2.c (test for excess errors) FAIL: gcc.dg/pch/decl-2.c (test for excess errors) FAIL: gcc.dg/pch/decl-2.c (test for excess errors) FAIL: gcc.dg/pch/decl-2.c (test for excess errors) FAIL: gcc.dg/pch/decl-2.c (test for excess errors) FAIL: gcc.dg/pch/decl-2.c (test for excess errors) FAIL: gcc.dg/pch/decl-3.c (test for excess errors) FAIL: gcc.dg/pch/decl-3.c (test for excess errors) FAIL: gcc.dg/pch/decl-3.c (test for excess errors) FAIL: gcc.dg/pch/decl-3.c (test for excess errors) FAIL: gcc.dg/pch/decl-3.c (test for excess errors) FAIL: gcc.dg/pch/decl-3.c (test for excess errors) FAIL: gcc.dg/pch/decl-4.c (test for excess errors) FAIL: gcc.dg/pch/decl-4.c (test for excess errors) FAIL: gcc.dg/pch/decl-4.c (test for excess errors) FAIL: gcc.dg/pch/decl-4.c (test for excess errors) FAIL: gcc.dg/pch/decl-4.c (test for excess errors) FAIL: gcc.dg/pch/decl-4.c (test for excess errors) FAIL: gcc.dg/pch/decl-5.c (test for excess errors) FAIL: gcc.dg/pch/decl-5.c (test for excess errors) FAIL: gcc.dg/pch/decl-5.c (test for excess errors) FAIL: gcc.dg/pch/decl-5.c (test for excess errors) FAIL: gcc.dg/pch/decl-5.c (test for excess errors) FAIL: gcc.dg/pch/decl-5.c (test for excess errors) FAIL: gcc.dg/pch/empty.c (test for excess errors) FAIL: gcc.dg/pch/empty.c (test for excess errors) FAIL: gcc.dg/pch/empty.c (test for excess errors) FAIL: gcc.dg/pch/empty.c (test for excess errors) FAIL: gcc.dg/pch/empty.c (test for excess errors) FAIL: gcc.dg/pch/empty.c (test for excess errors) FAIL: gcc.dg/pch/except-1.c (test for excess errors) FAIL: gcc.dg/pch/except-1.c (test for excess errors) FAIL: gcc.dg/pch/except-1.c (test for excess errors) FAIL: gcc.dg/pch/except-1.c (test for excess errors) FAIL: gcc.dg/pch/except-1.c (test for excess errors) FAIL: gcc.dg/pch/except-1.c (test for excess errors) FAIL: gcc.dg/pch/global-1.c (test for excess errors) FAIL: gcc.dg/pch/global-1.c (test for excess errors) FAIL: gcc.dg/pch/global-1.c (test for excess errors) FAIL: gcc.dg/pch/global-1.c (test for excess errors) FAIL: gcc.dg/pch/global-1.c (test for excess errors) FAIL: gcc.dg/pch/global-1.c (test for excess errors) FAIL: gcc.dg/pch/inline-1.c (test for excess errors) FAIL: gcc.dg/pch/inline-1.c (test for excess errors) FAIL: gcc.dg/pch/inline-1.c (test for excess errors) FAIL: gcc.dg/pch/inline-1.c (test for excess errors) FAIL: gcc.dg/pch/inline-1.c (test for excess errors) FAIL: gcc.dg/pch/inline-1.c (test for excess errors) FAIL: gcc.dg/pch/inline-2.c (test for excess errors) FAIL: gcc.dg/pch/inline-2.c (test for excess errors) FAIL: gcc.dg/pch/inline-2.c (test for excess errors) FAIL: gcc.dg/pch/inline-2.c (test for excess errors) FAIL: gcc.dg/pch/inline-2.c (test for excess errors) FAIL: gcc.dg/pch/inline-2.c (test for excess errors) FAIL: gcc.dg/pch/macro-1.c (test for excess errors) FAIL: gcc.dg/pch/macro-1.c (test for excess errors) FAIL: gcc.dg/pch/macro-1.c (test for excess errors) FAIL: gcc.dg/pch/macro-1.c (test for excess errors) FAIL: gcc.dg/pch/macro-1.c (test for excess errors) FAIL: gcc.dg/pch/macro-1.c (test for excess errors) FAIL: gcc.dg/pch/macro-2.c (test for excess errors) FAIL: gcc.dg/pch/macro-2.c (test for excess errors) FAIL: gcc.dg/pch/macro-2.c (test for excess errors) FAIL: gcc.dg/pch/macro-2.c (test for excess errors) FAIL: gcc.dg/pch/macro-2.c (test for excess errors) FAIL: gcc.dg/pch/macro-2.c (test for excess errors) FAIL: gcc.dg/pch/macro-3.c (test for excess errors) FAIL: gcc.dg/pch/macro-3.c (test for excess errors) FAIL: gcc.dg/pch/macro-3.c (test for excess errors) FAIL: gcc.dg/pch/macro-3.c (test for excess errors) FAIL: gcc.dg/pch/macro-3.c (test for excess errors) FAIL: gcc.dg/pch/macro-3.c (test for excess errors) FAIL: gcc.dg/pch/static-1.c (test for excess errors) FAIL: gcc.dg/pch/static-1.c (test for excess errors) FAIL: gcc.dg/pch/static-1.c (test for excess errors) FAIL: gcc.dg/pch/static-1.c (test for excess errors) FAIL: gcc.dg/pch/static-1.c (test for excess errors) FAIL: gcc.dg/pch/static-1.c (test for excess errors) FAIL: gcc.dg/pch/static-2.c (test for excess errors) FAIL: gcc.dg/pch/static-2.c (test for excess errors) FAIL: gcc.dg/pch/static-2.c (test for excess errors) FAIL: gcc.dg/pch/static-2.c (test for excess errors) FAIL: gcc.dg/pch/static-2.c (test for excess errors) FAIL: gcc.dg/pch/static-2.c (test for excess errors) FAIL: gcc.dg/pch/system-1.c (test for excess errors) FAIL: gcc.dg/pch/system-1.c (test for excess errors) FAIL: gcc.dg/pch/system-1.c (test for excess errors) FAIL: gcc.dg/pch/system-1.c (test for excess errors) FAIL: gcc.dg/pch/system-1.c (test for excess errors) FAIL: gcc.dg/pch/system-1.c (test for excess errors) === gcc Summary === # of expected passes 20913 # of unexpected failures 138 # of unexpected successes 1 # of expected failures 72 # of unresolved testcases 12 # of untested testcases 114 # of unsupported tests 176 /teal/tmpdisk/ghazi/gcc-testing/v9-34/build/gcc/xgcc version 3.4 20030302 (experimental) === objc tests === Running target unix === objc Summary === # of expected passes 1153 /teal/tmpdisk/ghazi/gcc-testing/v9-34/build/gcc/xgcc version 3.4 20030302 (experimental) === libjava tests === Running target unix FAIL: linking cxxtest FAIL: Array_3 execution - gij test FAIL: Array_3 execution - gij test FAIL: FileHandleGcTest execution - source compiled test FAIL: FileHandleGcTest execution - gij test FAIL: FileHandleGcTest execution - bytecode->native test FAIL: FileHandleGcTest -O execution - source compiled test FAIL: FileHandleGcTest execution - gij test FAIL: FileHandleGcTest -O execution - bytecode->native test WARNING: program timed out. FAIL: SyncTest execution - gij test WARNING: program timed out. FAIL: SyncTest execution - bytecode->native test WARNING: program timed out. FAIL: SyncTest execution - gij test WARNING: program timed out. FAIL: SyncTest -O execution - bytecode->native test WARNING: program timed out. FAIL: Thread_Wait_2 execution - gij test FAIL: Thread_Wait_Interrupt execution - gij test FAIL: Thread_Wait_Interrupt execution - gij test === libjava Summary === # of expected passes 2911 # of unexpected failures 16 # of expected failures 17 # of untested testcases 27 === libstdc++-v3 tests === Running target unix FAIL: 22_locale/codecvt/always_noconv/char/wrapped_env.cc execution test FAIL: 22_locale/codecvt/always_noconv/char/wrapped_locale.cc execution test FAIL: 22_locale/codecvt/encoding/char/wrapped_env.cc execution test FAIL: 22_locale/codecvt/encoding/char/wrapped_locale.cc execution test FAIL: 22_locale/codecvt/in/char/wrapped_env.cc execution test FAIL: 22_locale/codecvt/in/char/wrapped_locale.cc execution test FAIL: 22_locale/codecvt/length/char/wrapped_env.cc execution test FAIL: 22_locale/codecvt/length/char/wrapped_locale.cc execution test FAIL: 22_locale/codecvt/max_length/char/wrapped_env.cc execution test FAIL: 22_locale/codecvt/max_length/char/wrapped_locale.cc execution test FAIL: 22_locale/codecvt/out/char/wrapped_env.cc execution test FAIL: 22_locale/codecvt/out/char/wrapped_locale.cc execution test FAIL: 22_locale/codecvt/unshift/char/wrapped_env.cc execution test FAIL: 22_locale/codecvt/unshift/char/wrapped_locale.cc execution test FAIL: 22_locale/collate/compare/char/2.cc execution test FAIL: 22_locale/collate/compare/char/wrapped_env.cc execution test FAIL: 22_locale/collate/compare/char/wrapped_locale.cc execution test FAIL: 22_locale/collate/hash/char/wrapped_env.cc execution test FAIL: 22_locale/collate/hash/char/wrapped_locale.cc execution test FAIL: 22_locale/collate/transform/char/2.cc execution test FAIL: 22_locale/collate/transform/char/wrapped_env.cc execution test FAIL: 22_locale/collate/transform/char/wrapped_locale.cc execution test FAIL: 22_locale/collate_byname/1.cc execution test FAIL: 22_locale/ctype/cons/char/wrapped_env.cc execution test FAIL: 22_locale/ctype/cons/char/wrapped_locale.cc execution test FAIL: 22_locale/ctype/is/char/2.cc execution test FAIL: 22_locale/ctype/is/char/wrapped_env.cc execution test FAIL: 22_locale/ctype/is/char/wrapped_locale.cc execution test FAIL: 22_locale/ctype/narrow/char/wrapped_env.cc execution test FAIL: 22_locale/ctype/narrow/char/wrapped_locale.cc execution test FAIL: 22_locale/ctype/scan/char/wrapped_env.cc execution test FAIL: 22_locale/ctype/scan/char/wrapped_locale.cc execution test FAIL: 22_locale/ctype/to/char/wrapped_env.cc execution test FAIL: 22_locale/ctype/to/char/wrapped_locale.cc execution test FAIL: 22_locale/ctype/widen/char/wrapped_env.cc execution test FAIL: 22_locale/ctype/widen/char/wrapped_locale.cc execution test FAIL: 22_locale/locale/cons/7.cc execution test FAIL: 22_locale/messages/members/char/1.cc execution test FAIL: 22_locale/messages/members/char/2.cc execution test FAIL: 22_locale/messages/members/char/wrapped_env.cc execution test FAIL: 22_locale/messages/members/char/wrapped_locale.cc execution test FAIL: 22_locale/messages_byname/1.cc execution test FAIL: 22_locale/money_get/get/char/1.cc execution test FAIL: 22_locale/money_get/get/char/2.cc execution test FAIL: 22_locale/money_get/get/char/3.cc execution test FAIL: 22_locale/money_get/get/char/4.cc execution test FAIL: 22_locale/money_get/get/char/wrapped_env.cc execution test FAIL: 22_locale/money_get/get/char/wrapped_locale.cc execution test FAIL: 22_locale/money_put/put/char/1.cc execution test FAIL: 22_locale/money_put/put/char/2.cc execution test FAIL: 22_locale/money_put/put/char/3.cc execution test FAIL: 22_locale/money_put/put/char/wrapped_env.cc execution test FAIL: 22_locale/money_put/put/char/wrapped_locale.cc execution test FAIL: 22_locale/moneypunct/members/char/2.cc execution test FAIL: 22_locale/moneypunct/members/char/wrapped_env.cc execution test FAIL: 22_locale/moneypunct/members/char/wrapped_locale.cc execution test FAIL: 22_locale/moneypunct_byname/1.cc execution test FAIL: 22_locale/num_get/get/char/1.cc execution test FAIL: 22_locale/num_get/get/char/3.cc execution test FAIL: 22_locale/num_get/get/char/5.cc execution test FAIL: 22_locale/num_get/get/char/6.cc execution test FAIL: 22_locale/num_get/get/char/wrapped_env.cc execution test FAIL: 22_locale/num_get/get/char/wrapped_locale.cc execution test FAIL: 22_locale/num_put/put/char/1.cc execution test FAIL: 22_locale/num_put/put/char/3.cc execution test FAIL: 22_locale/num_put/put/char/wrapped_env.cc execution test FAIL: 22_locale/num_put/put/char/wrapped_locale.cc execution test FAIL: 22_locale/numpunct/members/char/2.cc execution test FAIL: 22_locale/numpunct/members/char/wrapped_env.cc execution test FAIL: 22_locale/numpunct/members/char/wrapped_locale.cc execution test FAIL: 22_locale/numpunct_byname/1.cc execution test FAIL: 22_locale/time_get/date_order/char/wrapped_env.cc execution test FAIL: 22_locale/time_get/date_order/char/wrapped_locale.cc execution test FAIL: 22_locale/time_get/get_date/char/2.cc execution test FAIL: 22_locale/time_get/get_date/char/wrapped_env.cc execution test FAIL: 22_locale/time_get/get_date/char/wrapped_locale.cc execution test FAIL: 22_locale/time_get/get_monthname/char/wrapped_env.cc execution test FAIL: 22_locale/time_get/get_monthname/char/wrapped_locale.cc execution test FAIL: 22_locale/time_get/get_time/char/2.cc execution test FAIL: 22_locale/time_get/get_time/char/wrapped_env.cc execution test FAIL: 22_locale/time_get/get_time/char/wrapped_locale.cc execution test FAIL: 22_locale/time_get/get_weekday/char/2.cc execution test FAIL: 22_locale/time_get/get_weekday/char/wrapped_env.cc execution test FAIL: 22_locale/time_get/get_weekday/char/wrapped_locale.cc execution test FAIL: 22_locale/time_get/get_year/char/wrapped_env.cc execution test FAIL: 22_locale/time_get/get_year/char/wrapped_locale.cc execution test FAIL: 22_locale/time_put/put/char/2.cc execution test FAIL: 22_locale/time_put/put/char/4.cc execution test FAIL: 22_locale/time_put/put/char/6.cc execution test FAIL: 22_locale/time_put/put/char/8.cc execution test FAIL: 22_locale/time_put/put/char/wrapped_env.cc execution test FAIL: 22_locale/time_put/put/char/wrapped_locale.cc execution test FAIL: 26_numerics/c99_classification_macros_c.cc (test for errors, line 35) XPASS: 26_numerics/c99_classification_macros_c.cc (test for excess errors) FAIL: 27_io/ios_init.cc execution test === libstdc++-v3 Summary === # of expected passes 767 # of unexpected failures 94 # of unexpected successes 1 # of expected failures 2 Compiler version: 3.4 20030302 (experimental) Platform: sparcv9-sun-solaris2.7 configure flags: --verbose sparcv9-sun-solaris2.7
Index Nav: | [Date Index] [Subject Index] [Author Index] [Thread Index] | |
---|---|---|
Message Nav: | [Date Prev] [Date Next] | [Thread Prev] [Thread Next] |