This is the mail archive of the
gcc-testresults@gcc.gnu.org
mailing list for the GCC project.
Results for 3.3 20030301 (prerelease) testsuite on i686-pc-linux-gnu
- From: Neil Booth <neil at daikokuya dot demon dot co dot uk>
- To: gcc-testresults at gcc dot gnu dot org
- Date: Sun, 02 Mar 2003 10:05:36 +0000
- Subject: Results for 3.3 20030301 (prerelease) testsuite on i686-pc-linux-gnu
LAST_UPDATED:
Native configuration is i686-pc-linux-gnu
=== g77 tests ===
Running target unix
=== g77 Summary ===
# of expected passes 1660
/home/neil/src/gcc-3.3/build/gcc/testsuite/../g77 version 3.3 20030301 (prerelease)
=== gcc tests ===
Running target unix
XPASS: gcc.c-torture/execute/loop-2e.c execution, -Os
FAIL: gcc.dg/duff-2.c (test for excess errors)
FAIL: gcc.dg/uninit-C.c (test for excess errors)
=== gcc Summary ===
# of expected passes 20873
# of unexpected failures 2
# of unexpected successes 1
# of expected failures 67
# of unsupported tests 77
/home/neil/src/gcc-3.3/build/gcc/xgcc version 3.3 20030301 (prerelease)
=== g++ tests ===
Running target unix
FAIL: g++.dg/warn/Wunused-2.C (test for warnings, line 5)
=== g++ Summary ===
# of expected passes 7930
# of unexpected failures 1
# of expected failures 92
# of untested testcases 9
# of unsupported tests 3
/home/neil/src/gcc-3.3/build/gcc/testsuite/../g++ version 3.3 20030301 (prerelease)
=== objc tests ===
Running target unix
=== objc Summary ===
# of expected passes 1153
/home/neil/src/gcc-3.3/build/gcc/xgcc version 3.3 20030301 (prerelease)
=== libstdc++-v3 tests ===
Running target unix
FAIL: 26_numerics/c99_classification_macros_c.cc (test for excess errors)
WARNING: program timed out.
FAIL: thread/pthread4.cc execution test
=== libstdc++-v3 Summary ===
# of expected passes 443
# of unexpected failures 2
# of expected failures 27
Compiler version: 3.3 20030301 (prerelease)
Platform: i686-pc-linux-gnu
configure flags: --host=i686-pc-linux-gnu --enable-languages=c,objc,c++,f77