This is the mail archive of the
gcc-testresults@gcc.gnu.org
mailing list for the GCC project.
Results for 3.3 20030224 (prerelease) testsuite on hppa64-hp-hpux11.11
- From: Matthias Klose <doko at cs dot tu-berlin dot de>
- To: gcc-testresults at gcc dot gnu dot org
- Date: Thu, 27 Feb 2003 20:46:02 +0100
- Subject: Results for 3.3 20030224 (prerelease) testsuite on hppa64-hp-hpux11.11
Results for 3.3 20030224 (prerelease) testsuite on hppa64-hp-hpux11.11
Native configuration is hppa64-hp-hpux11.11
=== g++ tests ===
Running target unix
FAIL: g++.dg/parse/stack1.C (test for excess errors)
FAIL: g++.dg/warn/Wunused-2.C (test for warnings, line 5)
XPASS: g++.mike/eh33.C (test for excess errors)
XPASS: g++.mike/eh33.C Execution test
XPASS: g++.mike/eh50.C (test for excess errors)
XPASS: g++.mike/eh50.C Execution test
XPASS: g++.pt/static3.C (test for excess errors)
XPASS: g++.pt/static3.C Execution test
XPASS: g++.pt/static6.C (test for excess errors)
=== g++ Summary ===
# of expected passes 7639
# of unexpected failures 2
# of unexpected successes 7
# of expected failures 96
# of untested testcases 23
# of unsupported tests 17
/opt/src/gcc/gcc-build-64bit/gcc/testsuite/../g++ version 3.3 20030224 (prerelease)
=== gcc tests ===
Running target unix
FAIL: gcc.dg/duff-2.c (test for excess errors)
FAIL: gcc.dg/inline-1.c scan-assembler-not xyzzy
FAIL: gcc.dg/old-style-asm-1.c scan-assembler L2
FAIL: gcc.dg/sibcall-1.c execution test
FAIL: gcc.dg/sibcall-2.c execution test
FAIL: gcc.dg/sibcall-3.c execution test
FAIL: gcc.dg/sibcall-4.c execution test
FAIL: linkage.c
=== gcc Summary ===
# of expected passes 20728
# of unexpected failures 8
# of expected failures 73
# of unsupported tests 163
/opt/src/gcc/gcc-build-64bit/gcc/xgcc version 3.3 20030224 (prerelease)
=== objc tests ===
Running target unix
=== objc Summary ===
# of expected passes 1153
/opt/src/gcc/gcc-build-64bit/gcc/xgcc version 3.3 20030224 (prerelease)
=== libstdc++-v3 tests ===
Running target unix
FAIL: 26_numerics/c99_classification_macros_c.cc (test for excess errors)
=== libstdc++-v3 Summary ===
# of expected passes 408
# of unexpected failures 1
# of expected failures 17
# of unsupported tests 6
Compiler version: 3.3 20030224 (prerelease)
Platform: hppa64-hp-hpux11.11
configure flags: --prefix=/usr/local/gcc64 --disable-nls --disable-shared --enable-languages=c,c++,objc --with-gnu-as --with-as=/usr/local/gcc64/bin/as --host=hppa64-hp-hpux11.11