This is the mail archive of the gcc-testresults@gcc.gnu.org mailing list for the GCC project.


Index Nav: [Date Index] [Subject Index] [Author Index] [Thread Index]
Message Nav: [Date Prev] [Date Next] [Thread Prev] [Thread Next]
Other format: [Raw text]

Results for 3.320030225(prerelease) testsuite on i686-pc-linux-gnu


The configure/build/test log and libstdc++-v3 regression plots can be
found at http://www.devphil.com/build/

Host was specified as athlon_mp-pc-linux-gnu.

This particular run used standard (previously installed) binutils.

- The Autocrasher (Phil's Builder Bot, version 1.1)



LAST_UPDATED: Mon Feb  3 09:16:15 UTC 2003

Native configuration is i686-pc-linux-gnu

		=== libstdc++-v3 tests ===


Running target unix
XPASS: 22_locale/collate_byname.cc  -g -O2 -DDEBUG_ASSERT  execution test
XPASS: 22_locale/collate_members_char.cc  -g -O2 -DDEBUG_ASSERT  execution test
XPASS: 22_locale/collate_members_wchar_t.cc  -g -O2 -DDEBUG_ASSERT  execution test
XPASS: 22_locale/ctype_is_char.cc  -g -O2 -DDEBUG_ASSERT  execution test
XPASS: 22_locale/ctype_is_wchar_t.cc  -g -O2 -DDEBUG_ASSERT  execution test
XPASS: 22_locale/members.cc  -g -O2 -DDEBUG_ASSERT  execution test
XPASS: 22_locale/money_get_members_char.cc  -g -O2 -DDEBUG_ASSERT  execution test
XPASS: 22_locale/money_get_members_wchar_t.cc  -g -O2 -DDEBUG_ASSERT  execution test
XPASS: 22_locale/money_put_members_char.cc  -g -O2 -DDEBUG_ASSERT  execution test
XPASS: 22_locale/money_put_members_wchar_t.cc  -g -O2 -DDEBUG_ASSERT  execution test
XPASS: 22_locale/moneypunct_byname.cc  -g -O2 -DDEBUG_ASSERT  execution test
XPASS: 22_locale/moneypunct_members_char.cc  -g -O2 -DDEBUG_ASSERT  execution test
XPASS: 22_locale/moneypunct_members_wchar_t.cc  -g -O2 -DDEBUG_ASSERT  execution test
XPASS: 22_locale/num_get_members_char.cc  -g -O2 -DDEBUG_ASSERT  execution test
XPASS: 22_locale/num_get_members_wchar_t.cc  -g -O2 -DDEBUG_ASSERT  execution test
XPASS: 22_locale/num_put_members_char.cc  -g -O2 -DDEBUG_ASSERT  execution test
XPASS: 22_locale/num_put_members_wchar_t.cc  -g -O2 -DDEBUG_ASSERT  execution test
XPASS: 22_locale/numpunct_byname.cc  -g -O2 -DDEBUG_ASSERT  execution test
XPASS: 22_locale/numpunct_members_char.cc  -g -O2 -DDEBUG_ASSERT  execution test
XPASS: 22_locale/numpunct_members_wchar_t.cc  -g -O2 -DDEBUG_ASSERT  execution test
XPASS: 22_locale/time_get_members_char.cc  -g -O2 -DDEBUG_ASSERT  execution test
XPASS: 22_locale/time_get_members_wchar_t.cc  -g -O2 -DDEBUG_ASSERT  execution test
FAIL: 26_numerics/c99_classification_macros_c.cc  -g -O2 -DDEBUG_ASSERT  (test for excess errors)

		=== libstdc++-v3 Summary ===

# of expected passes		444
# of unexpected failures	1
# of unexpected successes	22
# of expected failures		5
		=== g++ tests ===


Running target unix
FAIL: g++.dg/warn/Wunused-2.C  -Wunused -O3   (test for warnings, line 5)
FAIL: g++.dg/tls/init-2.C   -ansi -pedantic-errors -Wno-long-long  (test for excess errors)
XPASS: g++.other/init5.C  Execution test

		=== g++ Summary ===

# of expected passes		7945
# of unexpected failures	2
# of unexpected successes	1
# of expected failures		91
# of untested testcases		9
# of unsupported tests		3
/home/pme/build/build-2003-02-25-3.3/gcc/testsuite/../g++ version 3.3 20030225 (prerelease)


Compiler version: 3.320030225(prerelease) 
Platform: i686-pc-linux-gnu
configure flags: --prefix=/home/pme/build/install-2003-02-25-3.3 --enable-shared --disable-nls --disable-werror --host=athlon_mp-pc-linux-gnu --enable-threads=posix --enable-__cxa_atexit --enable-languages=c++ --with-dwarf2 --enable-cxx-flags=-march=athlon-mp


Index Nav: [Date Index] [Subject Index] [Author Index] [Thread Index]
Message Nav: [Date Prev] [Date Next] [Thread Prev] [Thread Next]