This is the mail archive of the
gcc-testresults@gcc.gnu.org
mailing list for the GCC project.
Results for 3.3 20030224 (prerelease) testsuite on powerpc-apple-darwin6.3
- From: Andreas Tobler <toa at pop dot agri dot ch>
- To: gcc-results <gcc-testresults at gcc dot gnu dot org>
- Date: Tue, 25 Feb 2003 18:41:17 +0100
- Subject: Results for 3.3 20030224 (prerelease) testsuite on powerpc-apple-darwin6.3
LAST_UPDATED:
Native configuration is powerpc-apple-darwin6.3
=== g++ tests ===
Running target unix
FAIL: g++.dg/compat/break/bitfield7 y_tst.o compile
UNRESOLVED: g++.dg/compat/break/bitfield7 x_tst.o-y_tst.o link
UNRESOLVED: g++.dg/compat/break/bitfield7 x_tst.o-y_tst.o execute
FAIL: g++.dg/warn/Wunused-2.C (test for warnings, line 5)
FAIL: g++.dg/warn/inline1.C (test for excess errors)
FAIL: g++.dg/warn/weak1.C (test for excess errors)
FAIL: g++.dg/special/conpr-3.C execution test
FAIL: g++.ext/attrib5.C (test for excess errors)
FAIL: g++.law/ctors2.C Execution test
FAIL: g++.other/comdat3.C (test for excess errors)
FAIL: g++.other/mangle3.C (test for excess errors)
FAIL: g++.pt/static3.C (test for excess errors)
FAIL: g++.pt/static6.C (test for excess errors)
=== g++ Summary ===
# of expected passes 7748
# of unexpected failures 11
# of expected failures 97
# of unresolved testcases 2
# of untested testcases 23
# of unsupported tests 17
/Volumes/xufs/gcc-branch/objdir/gcc/testsuite/../g++ version 3.3 20030224 (prerelease)
=== gcc tests ===
Running target unix
FAIL: gcc.c-torture/execute/20010910-1.c execution, -Os
FAIL: gcc.c-torture/execute/20020412-1.c execution, -O0
FAIL: gcc.c-torture/execute/20020412-1.c execution, -O1
FAIL: gcc.c-torture/execute/20020412-1.c execution, -O2
FAIL: gcc.c-torture/execute/20020412-1.c execution, -O3 -fomit-frame-pointer
FAIL: gcc.c-torture/execute/20020412-1.c execution, -O3 -fomit-frame-pointer -funroll-loops
FAIL: gcc.c-torture/execute/20020412-1.c execution, -O3 -fomit-frame-pointer -funroll-all-loops -finline-functions
FAIL: gcc.c-torture/execute/20020412-1.c execution, -O3 -g
FAIL: gcc.c-torture/execute/20020412-1.c execution, -Os
FAIL: gcc.c-torture/execute/pure-1.c compilation, -O1
UNRESOLVED: gcc.c-torture/execute/pure-1.c execution, -O1
FAIL: gcc.c-torture/execute/pure-1.c compilation, -O2
UNRESOLVED: gcc.c-torture/execute/pure-1.c execution, -O2
FAIL: gcc.c-torture/execute/pure-1.c compilation, -Os
UNRESOLVED: gcc.c-torture/execute/pure-1.c execution, -Os
FAIL: gcc.c-torture/execute/va-arg-11.c execution, -Os
FAIL: gcc.dg/duff-2.c (test for excess errors)
FAIL: gcc.dg/struct-by-value-1.c (test for excess errors)
WARNING: gcc.dg/struct-by-value-1.c compilation failed to produce executable
FAIL: gcc.dg/uninit-C.c (test for excess errors)
FAIL: gcc.dg/wchar_t-1.c (test for excess errors)
FAIL: gcc.dg/wint_t-1.c (test for excess errors)
FAIL: gcc.dg/format/c99-scanf-3.c vfscanf (test for warnings, line 21)
FAIL: gcc.dg/format/c99-scanf-3.c vfscanf (test for warnings, line 21)
FAIL: gcc.dg/format/ext-6.c vfscanf (test for warnings, line 42)
FAIL: gcc.dg/format/ext-6.c vfscanf (test for warnings, line 42)
UNRESOLVED: weak-1.c
UNRESOLVED: weak-2.c
UNRESOLVED: wkali-1.c
UNRESOLVED: wkali-2.c
UNRESOLVED: gcc.dg/weak
=== gcc Summary ===
# of expected passes 20850
# of unexpected failures 22
# of expected failures 67
# of unresolved testcases 8
# of unsupported tests 147
/Volumes/xufs/gcc-branch/objdir/gcc/xgcc version 3.3 20030224 (prerelease)
=== libjava tests ===
Running target unix
FAIL: calls run
FAIL: cxxtest.c compilation
FAIL: field run
FAIL: final_method run
FAIL: findclass run
FAIL: invoke run
FAIL: martin run
FAIL: noclass run
FAIL: overload run
FAIL: register run
FAIL: simple_int run
FAIL: throwit run
FAIL: virtual run
FAIL: SyncTest output - gij test
FAIL: SyncTest output - bytecode->native test
FAIL: SyncTest output - gij test
FAIL: SyncTest -O output - bytecode->native test
FAIL: Throw_2 execution - source compiled test
FAIL: Throw_2 execution - gij test
FAIL: Throw_2 execution - bytecode->native test
FAIL: Throw_2 -O execution - source compiled test
FAIL: Throw_2 execution - gij test
FAIL: Throw_2 -O execution - bytecode->native test
FAIL: TestEarlyGC compilation from source
FAIL: TestLeak compilation from source
FAIL: TestMultiple compilation from source
FAIL: TestParent compilation from source
FAIL: gnu.testlet.java.io.File.jdk11: getCanonicalPath () (number 1)
FAIL: gnu.testlet.java.io.OutputStreamWriter.jdk11: IOException unexpected (number 1)
FAIL: gnu.testlet.java.lang.Double.DoubleTest: Error: test_shortbyteValue failed - 5 (number 1)
FAIL: gnu.testlet.java.lang.Float.FloatTest: Error: test_shortbyteValue failed - 5 (number 1)
FAIL: gnu.testlet.java.lang.Math.MathTest: Error : test_pow failed - 9 (number 1)
FAIL: gnu.testlet.java.lang.Math.sin (number 1)
FAIL: gnu.testlet.java.net.DatagramSocket.DatagramSocketTest: Error : test_Basics failed - 8 (number 1)
FAIL: gnu.testlet.java.net.DatagramSocket.DatagramSocketTest2: invalid_receive_data: test 1 - Should NOT throw Exception (number 1)
FAIL: gnu.testlet.java.net.DatagramSocket.DatagramSocketTest2: invalid_send_addr: test 1 - Should NOT throw Exception (number 1)
FAIL: gnu.testlet.java.net.DatagramSocket.DatagramSocketTest2: invalid_send_port: test 1 - Should NOT throw Exception (number 1)
FAIL: gnu.testlet.java.net.DatagramSocket.DatagramSocketTest2: invalid_send_data: test 1 - Should NOT throw Exception (number 1)
FAIL: gnu.testlet.java.net.MulticastSocket.MulticastSocketTest: Correct args. - 3 (number 1)
FAIL: gnu.testlet.java.net.MulticastSocket.MulticastSocketTest: Correct args. different constructor. - 4 (number 1)
FAIL: gnu.testlet.java.net.MulticastSocket.MulticastSocketTest: joinGroup() with incorrect params. should have thrown a NullPointerException - 5a (number 1)
FAIL: gnu.testlet.java.net.MulticastSocket.MulticastSocketTest: leaveGroup() with incorrect params. should have thrown a NullPointerException - 7a (number 1)
FAIL: gnu.testlet.java.net.MulticastSocket.MulticastSocketTest: Correct args. - 8 (number 1)
FAIL: gnu.testlet.java.net.MulticastSocket.MulticastSocketTest: Should not have thrown any exception - 11 (number 1)
FAIL: gnu.testlet.java.net.Socket.SocketTest: Error : test_Basics failed - 2 Unknown host exception should have been thrown here. (number 1)
FAIL: gnu.testlet.java.net.Socket.SocketTest: Error : test_Basics failed - 7 exception should not have been thrown. (number 1)
FAIL: gnu.testlet.java.net.Socket.SocketTest: Error : test_params failed - 10 exception was thrown. (number 1)
FAIL: gnu.testlet.java.net.Socket.jdk12: unexpected error: Connection refused (number 1)
FAIL: gnu.testlet.java.net.Socket.jdk13: unexpected error: Connection refused (number 1)
FAIL: gnu.testlet.java.net.Socket.jdk14: unexpected error: Connection refused (number 1)
FAIL: gnu.testlet.java.net.URL.URLTest: I want my Apache server! (number 1)
FAIL: gnu.testlet.java.net.URL.URLTest: Content must be text/html (number 1)
FAIL: gnu.testlet.java.net.URL.URLTest: getContent() threw Exception (number 1)
FAIL: gnu.testlet.java.net.URL.URLTest: Error in test_openStream - 2 exception should not be thrown here (number 1)
FAIL: gnu.testlet.java.net.URLClassLoader.getResourceRemote: URL file path ends with /mauve/testarea/testresource (number 1)
FAIL: gnu.testlet.java.net.URLClassLoader.getResourceRemote: ./testresource (number 1)
FAIL: gnu.testlet.java.net.URLClassLoader.getResourceRemote: ./testresource (number 1)
FAIL: gnu.testlet.java.net.URLClassLoader.getResourceRemote: URL file path ends with /mauve/testarea/testdir/resourceindir (number 1)
FAIL: gnu.testlet.java.net.URLClassLoader.getResourceRemote: ./testdir/resourceindir (number 1)
FAIL: gnu.testlet.java.net.URLClassLoader.getResourceRemote: testdir/./resourceindir (number 1)
FAIL: gnu.testlet.java.net.URLClassLoader.getResourceRemote: testdir/../testdir/resourceindir (number 1)
FAIL: gnu.testlet.java.net.URLClassLoader.getResourceRemote: testdir///resourceindir (number 1)
FAIL: gnu.testlet.java.net.URLClassLoader.getResourceRemote: URL file path ends with /mauve/testarea/remotejar.jar!/remote-jresource (number 1)
FAIL: gnu.testlet.java.net.URLClassLoader.getResourceRemote: URL file path ends with /mauve/testarea/remotejar.jar!/path/in/remote-jar/resourcefile (number 1)
FAIL: gnu.testlet.java.net.URLConnection.URLConnectionTest: Error in test_getContentFunctions - 5 should not have raised exception here (number 1)
FAIL: gnu.testlet.java.net.URLConnection.URLConnectionTest: Error in test_getHeaderField - 0 0 header field wrong (number 1)
FAIL: gnu.testlet.java.net.URLConnection.URLConnectionTest: Error in test_getHeaderField - 10 should not have raised exception here (number 1)
FAIL: gnu.testlet.java.net.URLConnection.URLConnectionTest: Error in test_streams - 1 should not have raised exception here (number 1)
FAIL: gnu.testlet.java.security.SecureRandom.Instance: uncaught exception at number 1: java.lang.InternalError: no SHA implementation found
FAIL: gnu.testlet.java.security.SecureRandom.SHA1PRNG: found implementation (number 1)
FAIL: gnu.testlet.java.security.SecureRandom.SHA1PRNG: no implementation found (number 1)
FAIL: gnu.testlet.java.security.Security.property: uncaught exception at number 1: java.lang.NullPointerException
FAIL: gnu.testlet.java.util.Properties.AcuniaPropertiesTest: v does not contain:\$-- listing properties --\$ (number 1)
FAIL: gnu.testlet.java.util.Properties.AcuniaPropertiesTest: v does not contain:\$-- listing properties --\$ (number 1)
FAIL: gnu.testlet.java.util.Properties.AcuniaPropertiesTest: should throw an NullPointerEception instead of: java.lang.NullPointerException (number 1)
FAIL: gnu.testlet.java.util.Properties.AcuniaPropertiesTest: should throw an NullPointerEception instead of: java.lang.NullPointerException (number 1)
=== libjava Summary ===
# of expected passes 10931
# of unexpected failures 76
# of expected failures 134
# of untested testcases 34
=== libstdc++-v3 tests ===
Running target unix
FAIL: 26_numerics/c99_classification_macros_c.cc (test for excess errors)
FAIL: 27_io/filebuf_members.cc execution test
FAIL: ext/concept_checks.cc (test for excess errors)
WARNING: ext/concept_checks.cc compilation failed to produce executable
=== libstdc++-v3 Summary ===
# of expected passes 405
# of unexpected failures 3
# of expected failures 17
# of unsupported tests 6
Compiler version: 3.3 20030224 (prerelease)
Platform: powerpc-apple-darwin6.3
configure flags: --host=powerpc-apple-darwin6.3 --prefix=/Volumes/xufs/gcc-branch/testbin --enable-languages=c,c++,java --enable-libgcj --enable-threads=posix --enable-shared --disable-multilib