This is the mail archive of the
gcc-testresults@gcc.gnu.org
mailing list for the GCC project.
Results for 3.4 20030220 (experimental) testsuite on sparc-suse-linux-gnu
- From: Robert Schiele <schiele at pi3 dot informatik dot uni-mannheim dot de>
- To: gcc-testresults at gcc dot gnu dot org
- Date: Fri, 21 Feb 2003 07:46:01 +0100
- Subject: Results for 3.4 20030220 (experimental) testsuite on sparc-suse-linux-gnu
LAST_UPDATED: Thu Feb 20 23:18:08 UTC 2003
Native configuration is sparc-suse-linux-gnu
=== g++ tests ===
Running target unix
FAIL: g++.dg/compat/abi/vbase8-10 x_tst.o compile
FAIL: g++.dg/compat/abi/vbase8-10 y_tst.o compile
UNRESOLVED: g++.dg/compat/abi/vbase8-10 x_tst.o-y_tst.o link
UNRESOLVED: g++.dg/compat/abi/vbase8-10 x_tst.o-y_tst.o execute
FAIL: g++.dg/compat/break/bitfield7 y_tst.o compile
UNRESOLVED: g++.dg/compat/break/bitfield7 x_tst.o-y_tst.o link
UNRESOLVED: g++.dg/compat/break/bitfield7 x_tst.o-y_tst.o execute
FAIL: g++.dg/abi/vbase8-10.C (test for excess errors)
WARNING: g++.dg/abi/vbase8-10.C compilation failed to produce executable
FAIL: g++.dg/opt/vtgc1.C scan-assembler-dem .vtable_inherit[ ]*vtable for Multivv3.*0
FAIL: g++.dg/opt/vtgc1.C scan-assembler-dem .vtable_inherit[ ]*VTT for Multivv3.*0
FAIL: g++.dg/opt/vtgc1.C scan-assembler-dem .vtable_inherit[ ]*vtable for Multiss2.*vtable for Base2
FAIL: g++.dg/opt/vtgc1.C scan-assembler-dem .vtable_inherit[ ]*vtable for Multivs1.*vtable for Base2
FAIL: g++.dg/opt/vtgc1.C scan-assembler-dem .vtable_inherit[ ]*VTT for Multivs1.*vtable for Base2
FAIL: g++.dg/opt/vtgc1.C scan-assembler-dem .vtable_inherit[ ]*vtable for Multisv0.*vtable for Side0
FAIL: g++.dg/opt/vtgc1.C scan-assembler-dem .vtable_inherit[ ]*VTT for Multisv0.*vtable for Side0
FAIL: g++.dg/opt/vtgc1.C scan-assembler-dem .vtable_inherit[ ]*vtable for Side0.*0
FAIL: g++.dg/opt/vtgc1.C scan-assembler-dem .vtable_inherit[ ]*vtable for VbasedA.*0
FAIL: g++.dg/opt/vtgc1.C scan-assembler-dem .vtable_inherit[ ]*VTT for VbasedA.*0
FAIL: g++.dg/opt/vtgc1.C scan-assembler-dem .vtable_inherit[ ]*vtable for Base2.*vtable for Base1
FAIL: g++.dg/opt/vtgc1.C scan-assembler-dem .vtable_inherit[ ]*vtable for Base1.*vtable for Base0
FAIL: g++.dg/opt/vtgc1.C scan-assembler-dem .vtable_inherit[ ]*vtable for Base0.*0
FAIL: g++.dg/warn/Wunused-2.C (test for warnings, line 5)
FAIL: pch/system-1.C -g assembly comparison
FAIL: pch/system-1.C -O2 -g assembly comparison
FAIL: g++.bob/cond1.C (test for excess errors)
FAIL: g++.brendan/explicit1.C explicit friend (test for errors, line 4)
FAIL: g++.brendan/explicit1.C (test for excess errors)
FAIL: g++.mike/explicit1.C not allowed (test for errors, line 14)
FAIL: g++.mike/explicit1.C (test for excess errors)
FAIL: g++.mike/explicit2.C no implicit conversion from int to string (test for errors, line 14)
FAIL: g++.mike/explicit2.C no implicit conversion from int to string (test for errors, line 15)
FAIL: g++.mike/explicit2.C no implicit conversion from int to string (test for errors, line 18)
FAIL: g++.other/decl6.C only ctor decls can be explicit (test for errors, line 10)
FAIL: g++.other/decl6.C only ctor decls can be explicit (test for errors, line 11)
FAIL: g++.other/decl6.C only ctor decls can be explicit (test for errors, line 25)
FAIL: g++.other/explicit1.C no suitable constructor (test for errors, line 11)
FAIL: g++.other/explicit1.C (test for excess errors)
XPASS: g++.other/init5.C Execution test
FAIL: g++.other/typeinfo1.C (test for excess errors)
FAIL: g++.pt/auto_ptr.C (test for excess errors)
FAIL: g++.pt/conv3.C no conversion from int to A. (test for errors, line 10)
FAIL: g++.robertl/eb43.C constructor is explicit (test for errors, line 30)
=== g++ Summary ===
# of expected passes 8214
# of unexpected failures 37
# of unexpected successes 1
# of expected failures 69
# of unresolved testcases 4
# of untested testcases 22
# of unsupported tests 17
/local/gccbuild/gcc/testsuite/../g++ version 3.4 20030220 (experimental)
=== g77 tests ===
Running target unix
=== g77 Summary ===
# of expected passes 1644
# of unsupported tests 8
/local/gccbuild/gcc/testsuite/../g77 version 3.4 20030220 (experimental)
=== gcc tests ===
Running target unix
FAIL: gcc.c-torture/compile/20000922-1.c, -O2
FAIL: gcc.c-torture/compile/20000922-1.c, -O3 -fomit-frame-pointer
FAIL: gcc.c-torture/compile/20000922-1.c, -O3 -g
FAIL: gcc.c-torture/compile/20000922-1.c, -Os
FAIL: gcc.c-torture/execute/20010119-1.c compilation, -O2
UNRESOLVED: gcc.c-torture/execute/20010119-1.c execution, -O2
FAIL: gcc.c-torture/execute/20010119-1.c compilation, -O3 -fomit-frame-pointer
UNRESOLVED: gcc.c-torture/execute/20010119-1.c execution, -O3 -fomit-frame-pointer
FAIL: gcc.c-torture/execute/20010119-1.c compilation, -O3 -fomit-frame-pointer -funroll-loops
UNRESOLVED: gcc.c-torture/execute/20010119-1.c execution, -O3 -fomit-frame-pointer -funroll-loops
FAIL: gcc.c-torture/execute/20010119-1.c compilation, -O3 -fomit-frame-pointer -funroll-all-loops -finline-functions
UNRESOLVED: gcc.c-torture/execute/20010119-1.c execution, -O3 -fomit-frame-pointer -funroll-all-loops -finline-functions
FAIL: gcc.c-torture/execute/20010119-1.c compilation, -O3 -g
UNRESOLVED: gcc.c-torture/execute/20010119-1.c execution, -O3 -g
FAIL: gcc.c-torture/execute/20010119-1.c compilation, -Os
UNRESOLVED: gcc.c-torture/execute/20010119-1.c execution, -Os
FAIL: gcc.c-torture/execute/20030125-1.c execution, -O1
FAIL: gcc.c-torture/execute/20030125-1.c execution, -O2
FAIL: gcc.c-torture/execute/20030125-1.c execution, -O3 -fomit-frame-pointer
FAIL: gcc.c-torture/execute/20030125-1.c execution, -O3 -g
FAIL: gcc.c-torture/execute/20030125-1.c execution, -Os
FAIL: gcc.c-torture/execute/920908-2.c execution, -O1
FAIL: gcc.c-torture/execute/920908-2.c execution, -O2
FAIL: gcc.c-torture/execute/920908-2.c execution, -O3 -fomit-frame-pointer
FAIL: gcc.c-torture/execute/920908-2.c execution, -O3 -g
FAIL: gcc.c-torture/execute/920908-2.c execution, -Os
FAIL: gcc.c-torture/execute/930126-1.c execution, -O1
FAIL: gcc.c-torture/execute/930126-1.c execution, -O2
FAIL: gcc.c-torture/execute/930126-1.c execution, -Os
FAIL: gcc.c-torture/execute/991118-1.c execution, -O1
FAIL: gcc.c-torture/execute/991118-1.c execution, -O2
FAIL: gcc.c-torture/execute/991118-1.c execution, -Os
FAIL: gcc.c-torture/execute/bcp-1.c compilation, -O2
UNRESOLVED: gcc.c-torture/execute/bcp-1.c execution, -O2
FAIL: gcc.c-torture/execute/bcp-1.c compilation, -O3 -fomit-frame-pointer
UNRESOLVED: gcc.c-torture/execute/bcp-1.c execution, -O3 -fomit-frame-pointer
FAIL: gcc.c-torture/execute/bcp-1.c compilation, -O3 -fomit-frame-pointer -funroll-loops
UNRESOLVED: gcc.c-torture/execute/bcp-1.c execution, -O3 -fomit-frame-pointer -funroll-loops
FAIL: gcc.c-torture/execute/bcp-1.c compilation, -O3 -fomit-frame-pointer -funroll-all-loops -finline-functions
UNRESOLVED: gcc.c-torture/execute/bcp-1.c execution, -O3 -fomit-frame-pointer -funroll-all-loops -finline-functions
FAIL: gcc.c-torture/execute/bcp-1.c compilation, -O3 -g
UNRESOLVED: gcc.c-torture/execute/bcp-1.c execution, -O3 -g
FAIL: gcc.c-torture/execute/bcp-1.c compilation, -Os
UNRESOLVED: gcc.c-torture/execute/bcp-1.c execution, -Os
FAIL: gcc.c-torture/execute/bf64-1.c execution, -O1
FAIL: gcc.c-torture/execute/bf64-1.c execution, -O2
FAIL: gcc.c-torture/execute/bf64-1.c execution, -Os
FAIL: gcc.c-torture/execute/memset-1.c compilation, -O2
UNRESOLVED: gcc.c-torture/execute/memset-1.c execution, -O2
FAIL: gcc.c-torture/execute/memset-1.c compilation, -O3 -fomit-frame-pointer
UNRESOLVED: gcc.c-torture/execute/memset-1.c execution, -O3 -fomit-frame-pointer
FAIL: gcc.c-torture/execute/memset-1.c compilation, -O3 -fomit-frame-pointer -funroll-loops
UNRESOLVED: gcc.c-torture/execute/memset-1.c execution, -O3 -fomit-frame-pointer -funroll-loops
FAIL: gcc.c-torture/execute/memset-1.c compilation, -O3 -fomit-frame-pointer -funroll-all-loops -finline-functions
UNRESOLVED: gcc.c-torture/execute/memset-1.c execution, -O3 -fomit-frame-pointer -funroll-all-loops -finline-functions
FAIL: gcc.c-torture/execute/memset-1.c compilation, -O3 -g
UNRESOLVED: gcc.c-torture/execute/memset-1.c execution, -O3 -g
FAIL: gcc.dg/cpp/Wunused.c (test for excess errors)
FAIL: gcc.dg/cpp/trad/Wunused.c (test for excess errors)
FAIL: gcc.dg/duff-2.c (test for excess errors)
FAIL: gcc.dg/noreturn-1.c detect falling off end of noreturn (test for warnings, line 11)
XPASS: gcc.dg/uninit-4.c uninitialized variable warning (test for bogus messages, line 26)
FAIL: gcc.dg/uninit-C.c (test for excess errors)
FAIL: gcc.dg/warn-1.c (test for warnings, line 8)
FAIL: gcc.dg/warn-1.c (test for warnings, line 15)
FAIL: gcc.dg/pch/inline-1.c (test for excess errors)
=== gcc Summary ===
# of expected passes 21212
# of unexpected failures 48
# of unexpected successes 1
# of expected failures 68
# of unresolved testcases 17
# of untested testcases 1
# of unsupported tests 175
/local/gccbuild/gcc/xgcc version 3.4 20030220 (experimental)
=== objc tests ===
Running target unix
=== objc Summary ===
# of expected passes 1153
/local/gccbuild/gcc/xgcc version 3.4 20030220 (experimental)
=== libstdc++-v3 tests ===
Running target unix
XPASS: 20_util/auto_ptr_neg.cc (test for excess errors)
FAIL: 22_locale/codecvt/always_noconv/wchar_t/3.cc execution test
FAIL: 22_locale/codecvt/encoding/wchar_t/3.cc execution test
FAIL: 22_locale/codecvt/encoding/wchar_t/wrapped_locale.cc execution test
FAIL: 22_locale/codecvt/in/wchar_t/3.cc execution test
FAIL: 22_locale/codecvt/length/wchar_t/3.cc execution test
FAIL: 22_locale/codecvt/max_length/wchar_t/3.cc execution test
FAIL: 22_locale/codecvt/max_length/wchar_t/wrapped_locale.cc execution test
FAIL: 22_locale/codecvt/out/wchar_t/3.cc execution test
FAIL: 22_locale/codecvt/unshift/wchar_t/3.cc execution test
FAIL: 22_locale/collate/compare/char/1.cc execution test
FAIL: 22_locale/collate/compare/char/2.cc execution test
FAIL: 22_locale/collate/compare/char/wrapped_env.cc execution test
FAIL: 22_locale/collate/compare/char/wrapped_locale.cc execution test
FAIL: 22_locale/collate/compare/wchar_t/1.cc execution test
FAIL: 22_locale/collate/compare/wchar_t/2.cc execution test
FAIL: 22_locale/collate/compare/wchar_t/wrapped_env.cc execution test
FAIL: 22_locale/collate/compare/wchar_t/wrapped_locale.cc execution test
FAIL: 22_locale/collate/transform/char/2.cc execution test
FAIL: 22_locale/collate/transform/char/wrapped_env.cc execution test
FAIL: 22_locale/collate/transform/char/wrapped_locale.cc execution test
FAIL: 22_locale/collate/transform/wchar_t/2.cc execution test
FAIL: 22_locale/collate/transform/wchar_t/wrapped_env.cc execution test
FAIL: 22_locale/collate/transform/wchar_t/wrapped_locale.cc execution test
FAIL: 22_locale/collate_byname/1.cc execution test
FAIL: 22_locale/ctype/is/char/2.cc execution test
FAIL: 22_locale/ctype/is/char/wrapped_env.cc execution test
FAIL: 22_locale/ctype/is/char/wrapped_locale.cc execution test
FAIL: 22_locale/locale/operations/1.cc execution test
FAIL: 22_locale/locale/operations/2.cc execution test
FAIL: 22_locale/money_get/get/char/1.cc execution test
FAIL: 22_locale/money_get/get/char/2.cc execution test
FAIL: 22_locale/money_get/get/char/3.cc execution test
FAIL: 22_locale/money_get/get/char/4.cc execution test
FAIL: 22_locale/money_get/get/char/wrapped_env.cc execution test
FAIL: 22_locale/money_get/get/char/wrapped_locale.cc execution test
FAIL: 22_locale/money_put/put/char/1.cc execution test
FAIL: 22_locale/money_put/put/char/2.cc execution test
FAIL: 22_locale/money_put/put/char/3.cc execution test
FAIL: 22_locale/money_put/put/char/wrapped_env.cc execution test
FAIL: 22_locale/money_put/put/char/wrapped_locale.cc execution test
FAIL: 22_locale/time_get/get_date/char/2.cc execution test
FAIL: 22_locale/time_get/get_date/char/wrapped_env.cc execution test
FAIL: 22_locale/time_get/get_date/char/wrapped_locale.cc execution test
FAIL: 22_locale/time_get/get_time/char/1.cc execution test
FAIL: 22_locale/time_get/get_time/char/2.cc execution test
FAIL: 22_locale/time_get/get_time/char/wrapped_env.cc execution test
FAIL: 22_locale/time_get/get_time/char/wrapped_locale.cc execution test
=== libstdc++-v3 Summary ===
# of expected passes 998
# of unexpected failures 47
# of unexpected successes 1
# of expected failures 2
Compiler version: 3.4 20030220 (experimental)
Platform: sparc-suse-linux-gnu
configure flags: --enable-threads=posix --prefix=/opt/Pkg/Linux/sparc64/gcc34 --enable-languages=c,c++,f77,objc --disable-libgcj --with-gxx-include-dir=/opt/Pkg/Linux/sparc64/gcc34/include/g++ --with-system-zlib --enable-shared --enable-__cxa_atexit sparc-suse-linux