This is the mail archive of the
gcc-testresults@gcc.gnu.org
mailing list for the GCC project.
Results for 3.4 20030220 (experimental) testsuite on i486-suse-linux-gnu
- From: schiele at pi3 dot informatik dot uni-mannheim dot de (Robert Schiele)
- To: gcc-testresults at gcc dot gnu dot org
- Date: Fri, 21 Feb 2003 03:11:23 +0100 (CET)
- Subject: Results for 3.4 20030220 (experimental) testsuite on i486-suse-linux-gnu
LAST_UPDATED: Thu Feb 20 23:18:08 UTC 2003
Native configuration is i486-suse-linux-gnu
=== g++ tests ===
Running target unix
FAIL: g++.dg/compat/abi/vbase8-10 x_tst.o compile
FAIL: g++.dg/compat/abi/vbase8-10 y_tst.o compile
UNRESOLVED: g++.dg/compat/abi/vbase8-10 x_tst.o-y_tst.o link
UNRESOLVED: g++.dg/compat/abi/vbase8-10 x_tst.o-y_tst.o execute
FAIL: g++.dg/abi/vbase8-10.C (test for excess errors)
WARNING: g++.dg/abi/vbase8-10.C compilation failed to produce executable
FAIL: g++.dg/warn/Wunused-2.C (test for warnings, line 5)
FAIL: pch/system-1.C -g assembly comparison
FAIL: pch/system-1.C -O2 -g assembly comparison
XPASS: g++.other/init5.C Execution test
=== g++ Summary ===
# of expected passes 8297
# of unexpected failures 6
# of unexpected successes 1
# of expected failures 69
# of unresolved testcases 2
# of untested testcases 9
# of unsupported tests 3
/local/gccbuild/gcc/testsuite/../g++ version 3.4 20030220 (experimental)
=== g77 tests ===
Running target unix
=== g77 Summary ===
# of expected passes 1644
# of unsupported tests 8
/local/gccbuild/gcc/testsuite/../g77 version 3.4 20030220 (experimental)
=== gcc tests ===
Running target unix
FAIL: gcc.dg/20020531-1.c (test for excess errors)
FAIL: gcc.dg/duff-2.c (test for excess errors)
FAIL: gcc.dg/noreturn-1.c detect falling off end of noreturn (test for warnings, line 11)
FAIL: gcc.dg/uninit-C.c (test for excess errors)
FAIL: gcc.dg/warn-1.c (test for warnings, line 8)
FAIL: gcc.dg/warn-1.c (test for warnings, line 15)
FAIL: gcc.dg/pch/inline-1.c (test for excess errors)
=== gcc Summary ===
# of expected passes 21521
# of unexpected failures 7
# of expected failures 70
# of untested testcases 1
# of unsupported tests 81
/local/gccbuild/gcc/xgcc version 3.4 20030220 (experimental)
=== objc tests ===
Running target unix
=== objc Summary ===
# of expected passes 1153
/local/gccbuild/gcc/xgcc version 3.4 20030220 (experimental)
=== libstdc++-v3 tests ===
Running target unix
FAIL: 22_locale/codecvt/always_noconv/wchar_t/3.cc execution test
FAIL: 22_locale/codecvt/encoding/wchar_t/3.cc execution test
FAIL: 22_locale/codecvt/encoding/wchar_t/wrapped_locale.cc execution test
FAIL: 22_locale/codecvt/in/wchar_t/3.cc execution test
FAIL: 22_locale/codecvt/length/wchar_t/3.cc execution test
FAIL: 22_locale/codecvt/max_length/wchar_t/3.cc execution test
FAIL: 22_locale/codecvt/max_length/wchar_t/wrapped_locale.cc execution test
FAIL: 22_locale/codecvt/out/wchar_t/3.cc execution test
FAIL: 22_locale/codecvt/unshift/wchar_t/3.cc execution test
FAIL: 24_iterators/iterator.cc execution test
=== libstdc++-v3 Summary ===
# of expected passes 1035
# of unexpected failures 10
# of expected failures 3
Compiler version: 3.4 20030220 (experimental)
Platform: i486-suse-linux-gnu
configure flags: --enable-threads=posix --prefix=/opt/Pkg/Linux/i686/gcc34 --enable-languages=c,c++,f77,objc --disable-libgcj --with-gxx-include-dir=/opt/Pkg/Linux/i686/gcc34/include/g++ --with-system-zlib --enable-shared --enable-__cxa_atexit i486-suse-linux