This is the mail archive of the
gcc-testresults@gcc.gnu.org
mailing list for the GCC project.
Results for 3.5-tree-ssa20030209(experimental) testsuite on i686-pc-linux-gnu
- From: "Autocrasher" <autocrasher at devphil dot com>
- To: gcc-testresults at gcc dot gnu dot org
- Date: 20 Feb 2003 14:00:01 -0000
- Subject: Results for 3.5-tree-ssa20030209(experimental) testsuite on i686-pc-linux-gnu
The configure/build/test log and libstdc++-v3 regression plots can be
found at http://www.devphil.com/build/
Host was specified as athlon_mp-pc-linux-gnu.
This particular run used standard (previously installed) binutils.
- The Autocrasher (Phil's Builder Bot, version 1.1)
LAST_UPDATED: Thu Jan 30 11:26:43 UTC 2003
Native configuration is i686-pc-linux-gnu
=== libstdc++-v3 tests ===
Running target unix
=== libstdc++-v3 Summary ===
# of expected passes 345
# of expected failures 3
=== g++ tests ===
Running target unix
FAIL: g++.dg/parse/stack1.C -ansi -pedantic-errors -Wno-long-long (test for excess errors)
FAIL: g++.dg/warn/Wswitch-1.C -Wswitch enum e1 (test for warnings, line 24)
FAIL: g++.dg/warn/Wswitch-1.C -Wswitch enum e2 (test for warnings, line 24)
FAIL: g++.dg/warn/Wswitch-1.C -Wswitch enum e2 (test for warnings, line 32)
FAIL: g++.dg/warn/Wswitch-1.C -Wswitch excess 3 (test for warnings, line 54)
FAIL: g++.dg/warn/Wswitch-2.C -Wswitch enum e4 (test for warnings, line 20)
FAIL: g++.dg/warn/Wswitch-2.C -Wswitch enum e1 (test for warnings, line 29)
FAIL: g++.dg/warn/Wunused-2.C -Wunused -O3 (test for warnings, line 5)
FAIL: 213: expected branch percentages not found: 11
FAIL: g++.dg/gcov/gcov-1.C gcov: 0 failures in line counts, 1 in branch percentages, 0 in return percentages
XPASS: g++.other/init5.C Execution test
FAIL: g++.other/vaarg3.C promote (test for errors, line 23)
FAIL: g++.other/vaarg3.C promote (test for errors, line 26)
=== g++ Summary ===
# of expected passes 8273
# of unexpected failures 12
# of unexpected successes 1
# of expected failures 69
# of untested testcases 9
# of unsupported tests 3
/home/pme/build/build-2003-02-20-ssa/gcc/testsuite/../g++ version 3.5-tree-ssa 20030209 (experimental)
Compiler version: 3.5-tree-ssa20030209(experimental)
Platform: i686-pc-linux-gnu
configure flags: --prefix=/home/pme/build/install-2003-02-20-ssa --enable-shared --disable-nls --disable-werror --host=athlon_mp-pc-linux-gnu --enable-threads=posix --enable-__cxa_atexit --enable-languages=c++ --with-dwarf2 --enable-cxx-flags=-march=athlon-mp