This is the mail archive of the
gcc-testresults@gcc.gnu.org
mailing list for the GCC project.
Results for 3.4 20030213 (experimental) testsuite on powerpc64-unknown-linux-gnu (native)
- From: Janis Johnson <janis187 at us dot ibm dot com>
- To: gcc-testresults at gcc dot gnu dot org
- Date: Fri, 14 Feb 2003 10:23:49 -0800
- Subject: Results for 3.4 20030213 (experimental) testsuite on powerpc64-unknown-linux-gnu (native)
LAST_UPDATED: Thu Feb 13 23:51:46 UTC 2003
binutils: 2.13.90.0.4
glibc: 2.2.5
kernel: 2.4.19-ul1-ppc64-SMP
Native configuration is powerpc64-unknown-linux-gnu
=== g++ tests ===
Running target unix
FAIL: g++.dg/warn/Wunused-2.C (test for warnings, line 5)
FAIL: pch/system-1.C -g assembly comparison
FAIL: pch/system-1.C -O2 -g assembly comparison
FAIL: g++.jason/thunk2.C (test for excess errors)
FAIL: g++.law/profile1.C (test for excess errors)
FAIL: g++.mike/eh30.C (test for excess errors)
FAIL: g++.pt/instantiate4.C (test for excess errors)
FAIL: g++.pt/instantiate6.C (test for excess errors)
FAIL: g++.pt/repo1.C (test for excess errors)
FAIL: g++.pt/repo2.C (test for excess errors)
FAIL: g++.pt/repo4.C (test for excess errors)
FAIL: g++.robertl/eb106.C (test for excess errors)
=== g++ Summary ===
# of expected passes 8233
# of unexpected failures 12
# of expected failures 71
# of untested testcases 23
# of unsupported tests 18
/home/janis/nightly/gcc_mline/gcc-obj-native64/gcc/testsuite/../g++ version 3.4 20030213 (experimental)
=== g77 tests ===
Running target unix
=== g77 Summary ===
# of expected passes 1644
# of unsupported tests 8
/home/janis/nightly/gcc_mline/gcc-obj-native64/gcc/testsuite/../g77 version 3.4 20030213 (experimental)
=== gcc tests ===
Running target unix
FAIL: gcc.c-torture/compile/simd-5.c, -O0
FAIL: gcc.c-torture/compile/simd-5.c, -O1
FAIL: gcc.c-torture/compile/simd-5.c, -O2
FAIL: gcc.c-torture/compile/simd-5.c, -O3 -fomit-frame-pointer
FAIL: gcc.c-torture/compile/simd-5.c, -O3 -g
FAIL: gcc.c-torture/compile/simd-5.c, -Os
XPASS: gcc.c-torture/execute/20020227-1.c execution, -O0
XPASS: gcc.c-torture/execute/20020227-1.c execution, -O1
XPASS: gcc.c-torture/execute/20020227-1.c execution, -O2
XPASS: gcc.c-torture/execute/20020227-1.c execution, -O3 -fomit-frame-pointer
XPASS: gcc.c-torture/execute/20020227-1.c execution, -O3 -g
XPASS: gcc.c-torture/execute/20020227-1.c execution, -Os
FAIL: gcc.c-torture/execute/20030125-1.c execution, -O1
FAIL: gcc.c-torture/execute/20030125-1.c execution, -O2
FAIL: gcc.c-torture/execute/20030125-1.c execution, -O3 -fomit-frame-pointer
FAIL: gcc.c-torture/execute/20030125-1.c execution, -O3 -g
FAIL: gcc.c-torture/execute/20030125-1.c execution, -Os
WARNING: program timed out.
FAIL: gcc.c-torture/execute/991202-1.c execution, -O2
WARNING: program timed out.
FAIL: gcc.c-torture/execute/991202-1.c execution, -O3 -fomit-frame-pointer
WARNING: program timed out.
FAIL: gcc.c-torture/execute/991202-1.c execution, -O3 -fomit-frame-pointer -funroll-loops
WARNING: program timed out.
FAIL: gcc.c-torture/execute/991202-1.c execution, -O3 -g
WARNING: program timed out.
FAIL: gcc.c-torture/execute/991202-1.c execution, -Os
FAIL: gcc.c-torture/execute/builtin-bitops-1.c compilation, -O0
UNRESOLVED: gcc.c-torture/execute/builtin-bitops-1.c execution, -O0
FAIL: gcc.c-torture/execute/builtin-bitops-1.c compilation, -O1
UNRESOLVED: gcc.c-torture/execute/builtin-bitops-1.c execution, -O1
FAIL: gcc.c-torture/execute/builtin-bitops-1.c compilation, -O2
UNRESOLVED: gcc.c-torture/execute/builtin-bitops-1.c execution, -O2
FAIL: gcc.c-torture/execute/builtin-bitops-1.c compilation, -O3 -fomit-frame-pointer
UNRESOLVED: gcc.c-torture/execute/builtin-bitops-1.c execution, -O3 -fomit-frame-pointer
FAIL: gcc.c-torture/execute/builtin-bitops-1.c compilation, -O3 -fomit-frame-pointer -funroll-loops
UNRESOLVED: gcc.c-torture/execute/builtin-bitops-1.c execution, -O3 -fomit-frame-pointer -funroll-loops
FAIL: gcc.c-torture/execute/builtin-bitops-1.c compilation, -O3 -fomit-frame-pointer -funroll-all-loops -finline-functions
UNRESOLVED: gcc.c-torture/execute/builtin-bitops-1.c execution, -O3 -fomit-frame-pointer -funroll-all-loops -finline-functions
FAIL: gcc.c-torture/execute/builtin-bitops-1.c compilation, -O3 -g
UNRESOLVED: gcc.c-torture/execute/builtin-bitops-1.c execution, -O3 -g
FAIL: gcc.c-torture/execute/builtin-bitops-1.c compilation, -Os
UNRESOLVED: gcc.c-torture/execute/builtin-bitops-1.c execution, -Os
FAIL: gcc.c-torture/execute/pure-1.c compilation, -O1
UNRESOLVED: gcc.c-torture/execute/pure-1.c execution, -O1
FAIL: gcc.c-torture/execute/pure-1.c compilation, -O2
UNRESOLVED: gcc.c-torture/execute/pure-1.c execution, -O2
FAIL: gcc.c-torture/execute/pure-1.c compilation, -O3 -fomit-frame-pointer
UNRESOLVED: gcc.c-torture/execute/pure-1.c execution, -O3 -fomit-frame-pointer
FAIL: gcc.c-torture/execute/pure-1.c compilation, -O3 -g
UNRESOLVED: gcc.c-torture/execute/pure-1.c execution, -O3 -g
FAIL: gcc.c-torture/execute/pure-1.c compilation, -Os
UNRESOLVED: gcc.c-torture/execute/pure-1.c execution, -Os
FAIL: gcc.dg/debug/20020327-1.c (test for excess errors)
FAIL: gcc.dg/debug/20020327-1.c (test for excess errors)
FAIL: gcc.dg/debug/20020327-1.c (test for excess errors)
FAIL: gcc.dg/debug/20020327-1.c (test for excess errors)
FAIL: gcc.dg/debug/20020327-1.c (test for excess errors)
FAIL: gcc.dg/debug/20020327-1.c (test for excess errors)
FAIL: gcc.dg/debug/20020327-1.c (test for excess errors)
FAIL: gcc.dg/debug/20020327-1.c (test for excess errors)
FAIL: gcc.dg/debug/20020327-1.c (test for excess errors)
FAIL: gcc.dg/debug/20020327-1.c (test for excess errors)
FAIL: gcc.dg/debug/20020327-1.c (test for excess errors)
FAIL: gcc.dg/debug/20020327-1.c (test for excess errors)
FAIL: gcc.dg/debug/20020327-1.c (test for excess errors)
FAIL: gcc.dg/debug/20020327-1.c (test for excess errors)
FAIL: gcc.dg/debug/20020327-1.c (test for excess errors)
FAIL: gcc.dg/debug/20020327-1.c (test for excess errors)
FAIL: gcc.dg/debug/20020327-1.c (test for excess errors)
FAIL: gcc.dg/debug/20020327-1.c (test for excess errors)
FAIL: gcc.dg/20021014-1.c (test for excess errors)
WARNING: gcc.dg/20021014-1.c compilation failed to produce executable
FAIL: gcc.dg/duff-2.c (test for excess errors)
FAIL: gcc.dg/nest.c (test for excess errors)
WARNING: gcc.dg/nest.c compilation failed to produce executable
FAIL: gcc.dg/typespec-1.c (test for excess errors)
FAIL: gcc.dg/pch/inline-1.c (test for excess errors)
FAIL: linkage.c
=== gcc Summary ===
# of expected passes 21161
# of unexpected failures 53
# of unexpected successes 6
# of expected failures 63
# of unresolved testcases 13
# of untested testcases 1
# of unsupported tests 175
/home/janis/nightly/gcc_mline/gcc-obj-native64/gcc/xgcc version 3.4 20030213 (experimental)
=== objc tests ===
Running target unix
=== objc Summary ===
# of expected passes 1153
/home/janis/nightly/gcc_mline/gcc-obj-native64/gcc/xgcc version 3.4 20030213 (experimental)
=== libstdc++-v3 tests ===
Running target unix
FAIL: 22_locale/codecvt/always_noconv/wchar_t/3.cc execution test
FAIL: 22_locale/codecvt/encoding/wchar_t/3.cc execution test
FAIL: 22_locale/codecvt/encoding/wchar_t/wrapped_locale.cc execution test
FAIL: 22_locale/codecvt/in/wchar_t/3.cc execution test
FAIL: 22_locale/codecvt/length/wchar_t/3.cc execution test
FAIL: 22_locale/codecvt/max_length/wchar_t/3.cc execution test
FAIL: 22_locale/codecvt/max_length/wchar_t/wrapped_locale.cc execution test
FAIL: 22_locale/codecvt/out/wchar_t/3.cc execution test
FAIL: 22_locale/codecvt/unshift/wchar_t/3.cc execution test
FAIL: 22_locale/messages/members/char/1.cc execution test
FAIL: 22_locale/messages/members/char/2.cc execution test
FAIL: 22_locale/messages/members/char/wrapped_env.cc execution test
FAIL: 22_locale/messages/members/char/wrapped_locale.cc execution test
FAIL: 22_locale/messages_byname/1.cc execution test
=== libstdc++-v3 Summary ===
# of expected passes 1031
# of unexpected failures 14
# of expected failures 3
Compiler version: 3.4 20030213 (experimental)
Platform: powerpc64-unknown-linux-gnu
configure flags: --prefix=/home/janis/nightly/tools/native64-mline --build=powerpc64-linux --host=powerpc64-linux --target=powerpc64-linux --with-as=/home/janis/nightly/tools/cross-mline/powerpc64-linux/bin/as --with-ld=/home/janis/nightly/tools/cross-mline/powerpc64-linux/bin/ld --disable-nls --enable-shared --enable-threads --enable-languages=c,c++,f77,java,objc