This is the mail archive of the
gcc-testresults@gcc.gnu.org
mailing list for the GCC project.
Results for 3.4 20030208 (experimental) testsuite on powerpc-unknown-linux-gnu
- From: Mark Wielaard <mark at wildebeest dot org>
- To: gcc-testresults at gcc dot gnu dot org, mark at wildebeest dot org
- Date: Sun, 09 Feb 2003 08:43:29 +0100
- Subject: Results for 3.4 20030208 (experimental) testsuite on powerpc-unknown-linux-gnu
Debian GNU/Linux 3.0
Linux 2.4.18-powerpc
binutils Version: 2.12.90.0.15-1
glibc Version: 2.2.5-15
Test results for libjava include the results of the Mauve testsuite
(see http://sources.redhat.com/mauve/)
LAST_UPDATED: Sat Feb 8 17:22:10 UTC 2003
Native configuration is powerpc-unknown-linux-gnu
=== g++ tests ===
Running target unix
FAIL: g++.dg/compat/break/bitfield7 y_tst.o compile
UNRESOLVED: g++.dg/compat/break/bitfield7 x_tst.o-y_tst.o link
UNRESOLVED: g++.dg/compat/break/bitfield7 x_tst.o-y_tst.o execute
FAIL: g++.dg/warn/Wunused-2.C (test for warnings, line 5)
FAIL: pch/system-1.C -g assembly comparison
FAIL: pch/system-1.C -O2 -g assembly comparison
FAIL: g++.robertl/eb42.C (test for excess errors)
=== g++ Summary ===
# of expected passes 8240
# of unexpected failures 5
# of expected failures 70
# of unresolved testcases 2
# of untested testcases 23
# of unsupported tests 18
/home/mark/src/gcc34/obj/gcc/testsuite/../g++ version 3.4 20030208 (experimental)
=== gcc tests ===
Running target unix
WARNING: program timed out.
FAIL: gcc.c-torture/compile/20001226-1.c, -O3 -fomit-frame-pointer
WARNING: program timed out.
FAIL: gcc.c-torture/compile/20001226-1.c, -O3 -g
WARNING: program timed out.
FAIL: gcc.c-torture/compile/20001226-1.c, -Os
FAIL: gcc.c-torture/execute/20030125-1.c execution, -O1
FAIL: gcc.c-torture/execute/20030125-1.c execution, -O2
FAIL: gcc.c-torture/execute/20030125-1.c execution, -O3 -fomit-frame-pointer
FAIL: gcc.c-torture/execute/20030125-1.c execution, -O3 -g
FAIL: gcc.c-torture/execute/20030125-1.c execution, -Os
FAIL: gcc.dg/20020103-1.c scan-assembler-not LC
FAIL: gcc.dg/20020118-1.c execution test
FAIL: gcc.dg/altivec-5.c (test for excess errors)
FAIL: gcc.dg/duff-2.c (test for excess errors)
FAIL: gcc.dg/typespec-1.c unsigned long long int void (test for errors, line 928)
FAIL: gcc.dg/typespec-1.c unsigned long long int char (test for errors, line 929)
FAIL: gcc.dg/typespec-1.c unsigned long long int short (test for errors, line 930)
FAIL: gcc.dg/typespec-1.c unsigned long long int int (test for errors, line 931)
FAIL: gcc.dg/typespec-1.c unsigned long long int long (test for errors, line 932)
FAIL: gcc.dg/typespec-1.c unsigned long long int float (test for errors, line 933)
FAIL: gcc.dg/typespec-1.c unsigned long long int double (test for errors, line 934)
FAIL: gcc.dg/typespec-1.c unsigned long long int signed (test for errors, line 935)
FAIL: gcc.dg/typespec-1.c unsigned long long int unsigned (test for errors, line 936)
FAIL: gcc.dg/typespec-1.c unsigned long long int _Bool (test for errors, line 937)
FAIL: gcc.dg/typespec-1.c (test for excess errors)
FAIL: gcc.dg/pch/inline-1.c (test for excess errors)
=== gcc Summary ===
# of expected passes 21230
# of unexpected failures 24
# of expected failures 63
# of untested testcases 1
# of unsupported tests 160
/home/mark/src/gcc34/obj/gcc/xgcc version 3.4 20030208 (experimental)
=== libjava tests ===
Running target unix
FAIL: PR1343 compilation from bytecode
FAIL: PR1343 -O compilation from bytecode
FAIL: Array_3 -O execution - source compiled test
WARNING: program timed out.
FAIL: SyncTest execution - gij test
WARNING: program timed out.
FAIL: SyncTest execution - gij test
FAIL: Thread_Interrupt output - source compiled test
FAIL: Thread_Interrupt output - bytecode->native test
FAIL: Thread_Interrupt output - gij test
FAIL: gnu.testlet.java.io.BufferedOutputStream.interrupt: single-byte writes (number 3)
FAIL: gnu.testlet.java.io.BufferedOutputStream.interrupt: single-byte writes (number 4)
FAIL: gnu.testlet.java.io.InputStreamReader.jdk11: ready() (number 1)
FAIL: gnu.testlet.java.io.InputStreamReader.jdk11: getEncoding (number 1)
FAIL: gnu.testlet.java.io.OutputStreamWriter.jdk11: getEncoding (number 1)
FAIL: Link for gnu.testlet.java.lang.Class.ClassTest
FAIL: gnu.testlet.java.lang.Class.reflect2: getClasses (number 2)
FAIL: gnu.testlet.java.lang.Class.reflect2: uncaught exception at "getClasses" number 3: java.lang.ArrayIndexOutOfBoundsException: 0
FAIL: gnu.testlet.java.lang.Double.DoubleTest: Error: test_longValue returned wrong results CYGNUS: Float to int conversions - 1 (number 1)
FAIL: gnu.testlet.java.lang.Double.DoubleTest: Error: test_shortbyteValue failed - 5 (number 1)
FAIL: gnu.testlet.java.lang.Float.FloatTest: Error: test_shortbyteValue failed - 5 (number 1)
FAIL: gnu.testlet.java.math.BigDecimal.DiagBigDecimal: div377 (number 1)
FAIL: gnu.testlet.java.math.BigDecimal.DiagBigDecimal: mul038 (number 1)
FAIL: gnu.testlet.java.math.BigDecimal.DiagBigDecimal: sca007 (number 1)
FAIL: gnu.testlet.java.math.BigDecimal.DiagBigDecimal: ssc005 (number 1)
FAIL: gnu.testlet.java.math.BigDecimal.DiagBigDecimal: ssc006 (number 1)
FAIL: gnu.testlet.java.net.DatagramSocket.DatagramSocketTest2: Expected IOException (number 1)
FAIL: gnu.testlet.java.net.DatagramSocket.DatagramSocketTest2: uncaught exception at "invalid_send_data" number 4: java.lang.IllegalArgumentException: Invalid length: -1
FAIL: gnu.testlet.java.net.Socket.jdk13: unexpected error: Success (number 1)
FAIL: gnu.testlet.java.net.Socket.jdk14: unbound socket getLocalPort() should return -1 (number 1)
FAIL: gnu.testlet.java.security.SecureRandom.Instance: uncaught exception at number 1: java.lang.NullPointerException
FAIL: gnu.testlet.java.security.Security.property: uncaught exception at number 1: java.lang.NullPointerException
FAIL: gnu.testlet.java.util.jar.JarFile.basic: entries (number 1)
FAIL: gnu.testlet.java.util.jar.JarFile.basic: entries (number 3)
FAIL: gnu.testlet.java.util.jar.JarFile.basic: entries (number 4)
FAIL: gnu.testlet.java.util.jar.JarFile.basic: uncaught exception at "entries" number 5: java.lang.NullPointerException
FAIL: gnu.testlet.java.util.zip.InflaterInputStream.basic: compressing string (number 3)
FAIL: gnu.testlet.java.util.zip.ZipInputStream.basic: checking 0 byte read (number 3)
=== libjava Summary ===
# of expected passes 11208
# of unexpected failures 36
# of expected failures 122
# of untested testcases 15
=== libstdc++-v3 tests ===
Running target unix
FAIL: 22_locale/codecvt/always_noconv/wchar_t/3.cc execution test
FAIL: 22_locale/codecvt/encoding/wchar_t/3.cc execution test
FAIL: 22_locale/codecvt/encoding/wchar_t/wrapped_locale.cc execution test
FAIL: 22_locale/codecvt/in/wchar_t/3.cc execution test
FAIL: 22_locale/codecvt/length/wchar_t/3.cc execution test
FAIL: 22_locale/codecvt/max_length/wchar_t/3.cc execution test
FAIL: 22_locale/codecvt/max_length/wchar_t/wrapped_locale.cc execution test
FAIL: 22_locale/codecvt/out/wchar_t/3.cc execution test
FAIL: 22_locale/codecvt/unshift/wchar_t/3.cc execution test
WARNING: program timed out.
FAIL: thread/pthread4.cc execution test
=== libstdc++-v3 Summary ===
# of expected passes 1034
# of unexpected failures 10
# of expected failures 3
Compiler version: 3.4 20030208 (experimental)
Platform: powerpc-unknown-linux-gnu
configure flags: --enable-clocale=gnu --enable-shared --enable-threads=posix --enable-languages=c++,java --disable-multilib --prefix /usr/local/gcc34
time make bootstrap
real 22298.05
user 18705.75
sys 2782.27
time check
Command exited with non-zero status 2
real 29301.07
user 16409.83
sys 4282.07