This is the mail archive of the
gcc-testresults@gcc.gnu.org
mailing list for the GCC project.
Results for 3.2.2 20030203 (prerelease) testsuite on sparc-unknown-elf
- From: "Joel Sherrill <joel at OARcorp dot com>" <joel at britain>
- To: gcc-testresults at gcc dot gnu dot org
- Date: Tue, 4 Feb 2003 13:13:32 -0600
- Subject: Results for 3.2.2 20030203 (prerelease) testsuite on sparc-unknown-elf
LAST_UPDATED:
Target is sparc-unknown-elf
Host is i686-pc-linux-gnu
=== gcc tests ===
Running target sparc-sim
FAIL: gcc.c-torture/execute/20000112-1.c execution, -O1
FAIL: gcc.c-torture/execute/20000112-1.c execution, -O2
FAIL: gcc.c-torture/execute/20000112-1.c execution, -O3 -fomit-frame-pointer
FAIL: gcc.c-torture/execute/20000112-1.c execution, -O3 -fomit-frame-pointer -funroll-loops
FAIL: gcc.c-torture/execute/20000112-1.c execution, -O3 -fomit-frame-pointer -funroll-all-loops -finline-functions
FAIL: gcc.c-torture/execute/20000112-1.c execution, -O3 -g
FAIL: gcc.c-torture/execute/20000112-1.c execution, -Os
FAIL: gcc.c-torture/execute/20000822-1.c compilation, -O0
UNRESOLVED: gcc.c-torture/execute/20000822-1.c execution, -O0
FAIL: gcc.c-torture/execute/20000822-1.c compilation, -O1
UNRESOLVED: gcc.c-torture/execute/20000822-1.c execution, -O1
FAIL: gcc.c-torture/execute/20000822-1.c compilation, -O2
UNRESOLVED: gcc.c-torture/execute/20000822-1.c execution, -O2
FAIL: gcc.c-torture/execute/20000822-1.c compilation, -O3 -fomit-frame-pointer
UNRESOLVED: gcc.c-torture/execute/20000822-1.c execution, -O3 -fomit-frame-pointer
FAIL: gcc.c-torture/execute/20000822-1.c compilation, -O3 -g
UNRESOLVED: gcc.c-torture/execute/20000822-1.c execution, -O3 -g
FAIL: gcc.c-torture/execute/20000822-1.c compilation, -Os
UNRESOLVED: gcc.c-torture/execute/20000822-1.c execution, -Os
FAIL: gcc.c-torture/execute/20000910-2.c execution, -O1
FAIL: gcc.c-torture/execute/20000910-2.c execution, -O2
FAIL: gcc.c-torture/execute/20000910-2.c execution, -O3 -fomit-frame-pointer
FAIL: gcc.c-torture/execute/20000910-2.c execution, -O3 -fomit-frame-pointer -funroll-loops
FAIL: gcc.c-torture/execute/20000910-2.c execution, -O3 -fomit-frame-pointer -funroll-all-loops -finline-functions
FAIL: gcc.c-torture/execute/20000910-2.c execution, -O3 -g
FAIL: gcc.c-torture/execute/20000910-2.c execution, -Os
FAIL: gcc.c-torture/execute/20001130-2.c execution, -O1
FAIL: gcc.c-torture/execute/20001130-2.c execution, -O2
FAIL: gcc.c-torture/execute/20001130-2.c execution, -O3 -fomit-frame-pointer
FAIL: gcc.c-torture/execute/20001130-2.c execution, -O3 -g
FAIL: gcc.c-torture/execute/20001130-2.c execution, -Os
FAIL: gcc.c-torture/execute/20010325-1.c execution, -O1
FAIL: gcc.c-torture/execute/20010325-1.c execution, -O2
FAIL: gcc.c-torture/execute/20010325-1.c execution, -O3 -fomit-frame-pointer
FAIL: gcc.c-torture/execute/20010325-1.c execution, -O3 -g
FAIL: gcc.c-torture/execute/20010325-1.c execution, -Os
FAIL: gcc.c-torture/execute/20010915-1.c execution, -O1
FAIL: gcc.c-torture/execute/20010915-1.c execution, -O2
FAIL: gcc.c-torture/execute/20010915-1.c execution, -O3 -fomit-frame-pointer
FAIL: gcc.c-torture/execute/20010915-1.c execution, -O3 -fomit-frame-pointer -funroll-loops
FAIL: gcc.c-torture/execute/20010915-1.c execution, -O3 -fomit-frame-pointer -funroll-all-loops -finline-functions
FAIL: gcc.c-torture/execute/20010915-1.c execution, -O3 -g
FAIL: gcc.c-torture/execute/20010915-1.c execution, -Os
FAIL: gcc.c-torture/execute/20010924-1.c execution, -O1
FAIL: gcc.c-torture/execute/20010924-1.c execution, -O2
FAIL: gcc.c-torture/execute/20010924-1.c execution, -O3 -fomit-frame-pointer
FAIL: gcc.c-torture/execute/20010924-1.c execution, -O3 -g
FAIL: gcc.c-torture/execute/20010924-1.c execution, -Os
FAIL: gcc.c-torture/execute/20011114-1.c execution, -O1
FAIL: gcc.c-torture/execute/20011114-1.c execution, -O2
FAIL: gcc.c-torture/execute/20011114-1.c execution, -O3 -fomit-frame-pointer
FAIL: gcc.c-torture/execute/20011114-1.c execution, -O3 -g
FAIL: gcc.c-torture/execute/20011114-1.c execution, -Os
WARNING: program timed out.
FAIL: gcc.c-torture/execute/20011126-2.c execution, -O1
WARNING: program timed out.
FAIL: gcc.c-torture/execute/20011126-2.c execution, -O2
WARNING: program timed out.
FAIL: gcc.c-torture/execute/20011126-2.c execution, -O3 -fomit-frame-pointer
FAIL: gcc.c-torture/execute/20011126-2.c execution, -O3 -fomit-frame-pointer -funroll-loops
WARNING: program timed out.
FAIL: gcc.c-torture/execute/20011126-2.c execution, -O3 -fomit-frame-pointer -funroll-all-loops -finline-functions
WARNING: program timed out.
FAIL: gcc.c-torture/execute/20011126-2.c execution, -O3 -g
WARNING: program timed out.
FAIL: gcc.c-torture/execute/20011126-2.c execution, -Os
FAIL: gcc.c-torture/execute/920302-1.c execution, -O1
FAIL: gcc.c-torture/execute/920302-1.c execution, -O2
FAIL: gcc.c-torture/execute/920302-1.c execution, -O3 -fomit-frame-pointer
FAIL: gcc.c-torture/execute/920302-1.c execution, -O3 -fomit-frame-pointer -funroll-loops
FAIL: gcc.c-torture/execute/920302-1.c execution, -O3 -fomit-frame-pointer -funroll-all-loops -finline-functions
FAIL: gcc.c-torture/execute/920302-1.c execution, -O3 -g
FAIL: gcc.c-torture/execute/920302-1.c execution, -Os
FAIL: gcc.c-torture/execute/920501-6.c execution, -O1
FAIL: gcc.c-torture/execute/920501-6.c execution, -O2
FAIL: gcc.c-torture/execute/920501-6.c execution, -O3 -fomit-frame-pointer
FAIL: gcc.c-torture/execute/920501-6.c execution, -O3 -fomit-frame-pointer -funroll-loops
FAIL: gcc.c-torture/execute/920501-6.c execution, -O3 -fomit-frame-pointer -funroll-all-loops -finline-functions
FAIL: gcc.c-torture/execute/920501-6.c execution, -O3 -g
FAIL: gcc.c-torture/execute/920501-6.c execution, -Os
FAIL: gcc.c-torture/execute/920501-8.c execution, -O0
FAIL: gcc.c-torture/execute/920501-9.c execution, -O0
FAIL: gcc.c-torture/execute/921019-1.c execution, -O1
FAIL: gcc.c-torture/execute/921019-1.c execution, -O2
FAIL: gcc.c-torture/execute/921019-1.c execution, -O3 -fomit-frame-pointer
FAIL: gcc.c-torture/execute/921019-1.c execution, -O3 -g
FAIL: gcc.c-torture/execute/921019-1.c execution, -Os
FAIL: gcc.c-torture/execute/921117-1.c execution, -O1
FAIL: gcc.c-torture/execute/921117-1.c execution, -O2
FAIL: gcc.c-torture/execute/921117-1.c execution, -O3 -fomit-frame-pointer
FAIL: gcc.c-torture/execute/921117-1.c execution, -O3 -g
FAIL: gcc.c-torture/execute/921215-1.c compilation, -O0
UNRESOLVED: gcc.c-torture/execute/921215-1.c execution, -O0
FAIL: gcc.c-torture/execute/921215-1.c compilation, -O1
UNRESOLVED: gcc.c-torture/execute/921215-1.c execution, -O1
FAIL: gcc.c-torture/execute/921215-1.c compilation, -O2
UNRESOLVED: gcc.c-torture/execute/921215-1.c execution, -O2
FAIL: gcc.c-torture/execute/921215-1.c compilation, -O3 -fomit-frame-pointer
UNRESOLVED: gcc.c-torture/execute/921215-1.c execution, -O3 -fomit-frame-pointer
FAIL: gcc.c-torture/execute/921215-1.c compilation, -O3 -g
UNRESOLVED: gcc.c-torture/execute/921215-1.c execution, -O3 -g
FAIL: gcc.c-torture/execute/921215-1.c compilation, -Os
UNRESOLVED: gcc.c-torture/execute/921215-1.c execution, -Os
FAIL: gcc.c-torture/execute/930513-1.c execution, -O1
FAIL: gcc.c-torture/execute/930513-1.c execution, -O2
FAIL: gcc.c-torture/execute/930513-1.c execution, -O3 -fomit-frame-pointer
FAIL: gcc.c-torture/execute/930513-1.c execution, -O3 -g
FAIL: gcc.c-torture/execute/930513-1.c execution, -Os
FAIL: gcc.c-torture/execute/931002-1.c compilation, -O0
UNRESOLVED: gcc.c-torture/execute/931002-1.c execution, -O0
FAIL: gcc.c-torture/execute/931002-1.c compilation, -O1
UNRESOLVED: gcc.c-torture/execute/931002-1.c execution, -O1
FAIL: gcc.c-torture/execute/931002-1.c compilation, -O2
UNRESOLVED: gcc.c-torture/execute/931002-1.c execution, -O2
FAIL: gcc.c-torture/execute/931002-1.c compilation, -O3 -fomit-frame-pointer
UNRESOLVED: gcc.c-torture/execute/931002-1.c execution, -O3 -fomit-frame-pointer
FAIL: gcc.c-torture/execute/931002-1.c compilation, -O3 -g
UNRESOLVED: gcc.c-torture/execute/931002-1.c execution, -O3 -g
FAIL: gcc.c-torture/execute/931002-1.c compilation, -Os
UNRESOLVED: gcc.c-torture/execute/931002-1.c execution, -Os
FAIL: gcc.c-torture/execute/950426-1.c execution, -O1
FAIL: gcc.c-torture/execute/950426-1.c execution, -O2
FAIL: gcc.c-torture/execute/950426-1.c execution, -O3 -fomit-frame-pointer
FAIL: gcc.c-torture/execute/950426-1.c execution, -O3 -g
FAIL: gcc.c-torture/execute/950426-1.c execution, -Os
FAIL: gcc.c-torture/execute/960327-1.c execution, -O1
FAIL: gcc.c-torture/execute/960327-1.c execution, -O2
FAIL: gcc.c-torture/execute/960327-1.c execution, -O3 -fomit-frame-pointer
FAIL: gcc.c-torture/execute/960327-1.c execution, -O3 -fomit-frame-pointer -funroll-loops
FAIL: gcc.c-torture/execute/960327-1.c execution, -O3 -fomit-frame-pointer -funroll-all-loops -finline-functions
FAIL: gcc.c-torture/execute/960327-1.c execution, -O3 -g
FAIL: gcc.c-torture/execute/960327-1.c execution, -Os
WARNING: program timed out.
FAIL: gcc.c-torture/execute/960521-1.c execution, -O0
FAIL: gcc.c-torture/execute/961125-1.c execution, -O1
FAIL: gcc.c-torture/execute/961125-1.c execution, -O2
FAIL: gcc.c-torture/execute/961125-1.c execution, -O3 -fomit-frame-pointer
FAIL: gcc.c-torture/execute/961125-1.c execution, -O3 -fomit-frame-pointer -funroll-loops
FAIL: gcc.c-torture/execute/961125-1.c execution, -O3 -fomit-frame-pointer -funroll-all-loops -finline-functions
FAIL: gcc.c-torture/execute/961125-1.c execution, -O3 -g
FAIL: gcc.c-torture/execute/961125-1.c execution, -Os
FAIL: gcc.c-torture/execute/980506-3.c execution, -O1
FAIL: gcc.c-torture/execute/980506-3.c execution, -O2
FAIL: gcc.c-torture/execute/980506-3.c execution, -O3 -fomit-frame-pointer
FAIL: gcc.c-torture/execute/980506-3.c execution, -O3 -g
FAIL: gcc.c-torture/execute/980506-3.c execution, -Os
FAIL: gcc.c-torture/execute/980707-1.c execution, -O1
FAIL: gcc.c-torture/execute/980707-1.c execution, -O2
FAIL: gcc.c-torture/execute/980707-1.c execution, -O3 -fomit-frame-pointer
FAIL: gcc.c-torture/execute/980707-1.c execution, -O3 -fomit-frame-pointer -funroll-loops
FAIL: gcc.c-torture/execute/980707-1.c execution, -O3 -fomit-frame-pointer -funroll-all-loops -finline-functions
FAIL: gcc.c-torture/execute/980707-1.c execution, -O3 -g
FAIL: gcc.c-torture/execute/980707-1.c execution, -Os
FAIL: gcc.c-torture/execute/built-in-setjmp.c execution, -O1
FAIL: gcc.c-torture/execute/built-in-setjmp.c execution, -O2
FAIL: gcc.c-torture/execute/built-in-setjmp.c execution, -O3 -fomit-frame-pointer
FAIL: gcc.c-torture/execute/built-in-setjmp.c execution, -O3 -fomit-frame-pointer -funroll-loops
FAIL: gcc.c-torture/execute/built-in-setjmp.c execution, -O3 -fomit-frame-pointer -funroll-all-loops -finline-functions
FAIL: gcc.c-torture/execute/built-in-setjmp.c execution, -O3 -g
FAIL: gcc.c-torture/execute/built-in-setjmp.c execution, -Os
FAIL: gcc.c-torture/execute/nestfunc-1.c compilation, -O0
UNRESOLVED: gcc.c-torture/execute/nestfunc-1.c execution, -O0
FAIL: gcc.c-torture/execute/nestfunc-1.c compilation, -O1
UNRESOLVED: gcc.c-torture/execute/nestfunc-1.c execution, -O1
FAIL: gcc.c-torture/execute/nestfunc-1.c compilation, -O2
UNRESOLVED: gcc.c-torture/execute/nestfunc-1.c execution, -O2
FAIL: gcc.c-torture/execute/nestfunc-1.c compilation, -O3 -fomit-frame-pointer
UNRESOLVED: gcc.c-torture/execute/nestfunc-1.c execution, -O3 -fomit-frame-pointer
FAIL: gcc.c-torture/execute/nestfunc-1.c compilation, -O3 -g
UNRESOLVED: gcc.c-torture/execute/nestfunc-1.c execution, -O3 -g
FAIL: gcc.c-torture/execute/nestfunc-1.c compilation, -Os
UNRESOLVED: gcc.c-torture/execute/nestfunc-1.c execution, -Os
FAIL: gcc.c-torture/execute/nestfunc-2.c compilation, -O0
UNRESOLVED: gcc.c-torture/execute/nestfunc-2.c execution, -O0
FAIL: gcc.c-torture/execute/nestfunc-2.c compilation, -O1
UNRESOLVED: gcc.c-torture/execute/nestfunc-2.c execution, -O1
FAIL: gcc.c-torture/execute/nestfunc-2.c compilation, -O2
UNRESOLVED: gcc.c-torture/execute/nestfunc-2.c execution, -O2
FAIL: gcc.c-torture/execute/nestfunc-2.c compilation, -O3 -fomit-frame-pointer
UNRESOLVED: gcc.c-torture/execute/nestfunc-2.c execution, -O3 -fomit-frame-pointer
FAIL: gcc.c-torture/execute/nestfunc-2.c compilation, -O3 -fomit-frame-pointer -funroll-loops
UNRESOLVED: gcc.c-torture/execute/nestfunc-2.c execution, -O3 -fomit-frame-pointer -funroll-loops
FAIL: gcc.c-torture/execute/nestfunc-2.c compilation, -O3 -fomit-frame-pointer -funroll-all-loops -finline-functions
UNRESOLVED: gcc.c-torture/execute/nestfunc-2.c execution, -O3 -fomit-frame-pointer -funroll-all-loops -finline-functions
FAIL: gcc.c-torture/execute/nestfunc-2.c compilation, -O3 -g
UNRESOLVED: gcc.c-torture/execute/nestfunc-2.c execution, -O3 -g
FAIL: gcc.c-torture/execute/nestfunc-2.c compilation, -Os
UNRESOLVED: gcc.c-torture/execute/nestfunc-2.c execution, -Os
FAIL: gcc.c-torture/execute/nestfunc-3.c compilation, -O0
UNRESOLVED: gcc.c-torture/execute/nestfunc-3.c execution, -O0
FAIL: gcc.c-torture/execute/nestfunc-3.c compilation, -O1
UNRESOLVED: gcc.c-torture/execute/nestfunc-3.c execution, -O1
FAIL: gcc.c-torture/execute/nestfunc-3.c compilation, -O2
UNRESOLVED: gcc.c-torture/execute/nestfunc-3.c execution, -O2
FAIL: gcc.c-torture/execute/nestfunc-3.c compilation, -O3 -fomit-frame-pointer
UNRESOLVED: gcc.c-torture/execute/nestfunc-3.c execution, -O3 -fomit-frame-pointer
FAIL: gcc.c-torture/execute/nestfunc-3.c compilation, -O3 -fomit-frame-pointer -funroll-loops
UNRESOLVED: gcc.c-torture/execute/nestfunc-3.c execution, -O3 -fomit-frame-pointer -funroll-loops
FAIL: gcc.c-torture/execute/nestfunc-3.c compilation, -O3 -fomit-frame-pointer -funroll-all-loops -finline-functions
UNRESOLVED: gcc.c-torture/execute/nestfunc-3.c execution, -O3 -fomit-frame-pointer -funroll-all-loops -finline-functions
FAIL: gcc.c-torture/execute/nestfunc-3.c compilation, -O3 -g
UNRESOLVED: gcc.c-torture/execute/nestfunc-3.c execution, -O3 -g
FAIL: gcc.c-torture/execute/nestfunc-3.c compilation, -Os
UNRESOLVED: gcc.c-torture/execute/nestfunc-3.c execution, -Os
FAIL: gcc.c-torture/execute/string-opt-10.c execution, -O1
FAIL: gcc.c-torture/execute/string-opt-10.c execution, -O2
FAIL: gcc.c-torture/execute/string-opt-10.c execution, -O3 -fomit-frame-pointer
FAIL: gcc.c-torture/execute/string-opt-10.c execution, -O3 -g
FAIL: gcc.c-torture/execute/string-opt-10.c execution, -Os
FAIL: gcc.c-torture/execute/string-opt-13.c execution, -Os
FAIL: gcc.c-torture/execute/string-opt-2.c execution, -O1
FAIL: gcc.c-torture/execute/string-opt-2.c execution, -O2
FAIL: gcc.c-torture/execute/string-opt-2.c execution, -O3 -fomit-frame-pointer
FAIL: gcc.c-torture/execute/string-opt-2.c execution, -O3 -g
FAIL: gcc.c-torture/execute/string-opt-2.c execution, -Os
FAIL: gcc.c-torture/execute/string-opt-3.c execution, -O1
FAIL: gcc.c-torture/execute/string-opt-3.c execution, -O2
FAIL: gcc.c-torture/execute/string-opt-3.c execution, -O3 -fomit-frame-pointer
FAIL: gcc.c-torture/execute/string-opt-3.c execution, -O3 -g
FAIL: gcc.c-torture/execute/string-opt-3.c execution, -Os
FAIL: gcc.c-torture/execute/string-opt-5.c execution, -O1
FAIL: gcc.c-torture/execute/string-opt-5.c execution, -O2
FAIL: gcc.c-torture/execute/string-opt-5.c execution, -O3 -fomit-frame-pointer
FAIL: gcc.c-torture/execute/string-opt-5.c execution, -O3 -g
FAIL: gcc.c-torture/execute/string-opt-5.c execution, -Os
FAIL: gcc.c-torture/execute/string-opt-6.c execution, -O1
FAIL: gcc.c-torture/execute/string-opt-6.c execution, -O2
FAIL: gcc.c-torture/execute/string-opt-6.c execution, -O3 -fomit-frame-pointer
FAIL: gcc.c-torture/execute/string-opt-6.c execution, -O3 -g
FAIL: gcc.c-torture/execute/string-opt-6.c execution, -Os
FAIL: gcc.c-torture/execute/string-opt-7.c execution, -O1
FAIL: gcc.c-torture/execute/string-opt-7.c execution, -O2
FAIL: gcc.c-torture/execute/string-opt-7.c execution, -O3 -fomit-frame-pointer
FAIL: gcc.c-torture/execute/string-opt-7.c execution, -O3 -g
FAIL: gcc.c-torture/execute/string-opt-7.c execution, -Os
FAIL: gcc.c-torture/execute/string-opt-8.c execution, -O1
FAIL: gcc.c-torture/execute/string-opt-8.c execution, -O2
FAIL: gcc.c-torture/execute/string-opt-8.c execution, -O3 -fomit-frame-pointer
FAIL: gcc.c-torture/execute/string-opt-8.c execution, -O3 -g
FAIL: gcc.c-torture/execute/string-opt-8.c execution, -Os
FAIL: gcc.c-torture/execute/string-opt-9.c execution, -O1
FAIL: gcc.c-torture/execute/string-opt-9.c execution, -O2
FAIL: gcc.c-torture/execute/string-opt-9.c execution, -O3 -fomit-frame-pointer
FAIL: gcc.c-torture/execute/string-opt-9.c execution, -O3 -g
FAIL: gcc.c-torture/execute/string-opt-9.c execution, -Os
FAIL: gcc.c-torture/execute/va-arg-10.c execution, -O1
FAIL: gcc.c-torture/execute/va-arg-10.c execution, -O2
FAIL: gcc.c-torture/execute/va-arg-10.c execution, -O3 -fomit-frame-pointer
FAIL: gcc.c-torture/execute/va-arg-10.c execution, -O3 -fomit-frame-pointer -funroll-loops
FAIL: gcc.c-torture/execute/va-arg-10.c execution, -O3 -fomit-frame-pointer -funroll-all-loops -finline-functions
FAIL: gcc.c-torture/execute/va-arg-10.c execution, -O3 -g
FAIL: gcc.c-torture/execute/va-arg-10.c execution, -Os
FAIL: gcc.c-torture/execute/va-arg-2.c execution, -O1
FAIL: gcc.c-torture/execute/va-arg-2.c execution, -O2
FAIL: gcc.c-torture/execute/va-arg-2.c execution, -O3 -fomit-frame-pointer
FAIL: gcc.c-torture/execute/va-arg-2.c execution, -O3 -fomit-frame-pointer -funroll-loops
FAIL: gcc.c-torture/execute/va-arg-2.c execution, -O3 -fomit-frame-pointer -funroll-all-loops -finline-functions
FAIL: gcc.c-torture/execute/va-arg-2.c execution, -O3 -g
FAIL: gcc.c-torture/execute/va-arg-2.c execution, -Os
FAIL: gcc.c-torture/execute/va-arg-3.c execution, -O1
FAIL: gcc.c-torture/execute/va-arg-3.c execution, -O2
FAIL: gcc.c-torture/execute/va-arg-3.c execution, -O3 -fomit-frame-pointer
FAIL: gcc.c-torture/execute/va-arg-3.c execution, -O3 -fomit-frame-pointer -funroll-loops
FAIL: gcc.c-torture/execute/va-arg-3.c execution, -O3 -fomit-frame-pointer -funroll-all-loops -finline-functions
FAIL: gcc.c-torture/execute/va-arg-3.c execution, -O3 -g
FAIL: gcc.c-torture/execute/va-arg-3.c execution, -Os
FAIL: gcc.c-torture/execute/va-arg-9.c execution, -O1
FAIL: gcc.c-torture/execute/va-arg-9.c execution, -O2
FAIL: gcc.c-torture/execute/va-arg-9.c execution, -O3 -fomit-frame-pointer
FAIL: gcc.c-torture/execute/va-arg-9.c execution, -O3 -fomit-frame-pointer -funroll-loops
FAIL: gcc.c-torture/execute/va-arg-9.c execution, -O3 -fomit-frame-pointer -funroll-all-loops -finline-functions
FAIL: gcc.c-torture/execute/va-arg-9.c execution, -O3 -g
FAIL: gcc.c-torture/execute/va-arg-9.c execution, -Os
FAIL: gcc.c-torture/execute/ieee/920810-1.c execution, -O0
FAIL: gcc.dg/20010912-1.c execution test
FAIL: gcc.dg/20021014-1.c (test for excess errors)
WARNING: gcc.dg/20021014-1.c compilation failed to produce executable
FAIL: gcc.dg/c90-intconst-1.c (test for excess errors)
FAIL: gcc.misc-tests/bprob-1.c compilation, -g -fprofile-arcs
UNRESOLVED: gcc.misc-tests/bprob-1.c execution, -g -fprofile-arcs
UNRESOLVED: gcc.misc-tests/bprob-1.c compilation, -g -fbranch-probabilities
UNRESOLVED: gcc.misc-tests/bprob-1.c execution, -g -fbranch-probabilities
FAIL: gcc.misc-tests/bprob-1.c compilation, -O0 -fprofile-arcs
UNRESOLVED: gcc.misc-tests/bprob-1.c execution, -O0 -fprofile-arcs
UNRESOLVED: gcc.misc-tests/bprob-1.c compilation, -O0 -fbranch-probabilities
UNRESOLVED: gcc.misc-tests/bprob-1.c execution, -O0 -fbranch-probabilities
FAIL: gcc.misc-tests/bprob-1.c compilation, -O1 -fprofile-arcs
UNRESOLVED: gcc.misc-tests/bprob-1.c execution, -O1 -fprofile-arcs
UNRESOLVED: gcc.misc-tests/bprob-1.c compilation, -O1 -fbranch-probabilities
UNRESOLVED: gcc.misc-tests/bprob-1.c execution, -O1 -fbranch-probabilities
FAIL: gcc.misc-tests/bprob-1.c compilation, -O2 -DPERFTIME -fprofile-arcs
UNRESOLVED: gcc.misc-tests/bprob-1.c execution, -O2 -DPERFTIME -fprofile-arcs
UNRESOLVED: gcc.misc-tests/bprob-1.c compilation, -O2 -DPERFTIME -fbranch-probabilities
UNRESOLVED: gcc.misc-tests/bprob-1.c execution, -O2 -DPERFTIME -fbranch-probabilities
FAIL: gcc.misc-tests/bprob-1.c compilation, -O3 -DPERFTIME -fprofile-arcs
UNRESOLVED: gcc.misc-tests/bprob-1.c execution, -O3 -DPERFTIME -fprofile-arcs
UNRESOLVED: gcc.misc-tests/bprob-1.c compilation, -O3 -DPERFTIME -fbranch-probabilities
UNRESOLVED: gcc.misc-tests/bprob-1.c execution, -O3 -DPERFTIME -fbranch-probabilities
FAIL: gcc.misc-tests/bprob-1.c compilation, -O3 -g -DPERFTIME -fprofile-arcs
UNRESOLVED: gcc.misc-tests/bprob-1.c execution, -O3 -g -DPERFTIME -fprofile-arcs
UNRESOLVED: gcc.misc-tests/bprob-1.c compilation, -O3 -g -DPERFTIME -fbranch-probabilities
UNRESOLVED: gcc.misc-tests/bprob-1.c execution, -O3 -g -DPERFTIME -fbranch-probabilities
FAIL: gcc.misc-tests/bprob-1.c compilation, -Os -fprofile-arcs
UNRESOLVED: gcc.misc-tests/bprob-1.c execution, -Os -fprofile-arcs
UNRESOLVED: gcc.misc-tests/bprob-1.c compilation, -Os -fbranch-probabilities
UNRESOLVED: gcc.misc-tests/bprob-1.c execution, -Os -fbranch-probabilities
FAIL: gcc.misc-tests/bprob-2.c compilation, -g -fprofile-arcs
UNRESOLVED: gcc.misc-tests/bprob-2.c execution, -g -fprofile-arcs
UNRESOLVED: gcc.misc-tests/bprob-2.c compilation, -g -fbranch-probabilities
UNRESOLVED: gcc.misc-tests/bprob-2.c execution, -g -fbranch-probabilities
FAIL: gcc.misc-tests/bprob-2.c compilation, -O0 -fprofile-arcs
UNRESOLVED: gcc.misc-tests/bprob-2.c execution, -O0 -fprofile-arcs
UNRESOLVED: gcc.misc-tests/bprob-2.c compilation, -O0 -fbranch-probabilities
UNRESOLVED: gcc.misc-tests/bprob-2.c execution, -O0 -fbranch-probabilities
FAIL: gcc.misc-tests/bprob-2.c compilation, -O1 -fprofile-arcs
UNRESOLVED: gcc.misc-tests/bprob-2.c execution, -O1 -fprofile-arcs
UNRESOLVED: gcc.misc-tests/bprob-2.c compilation, -O1 -fbranch-probabilities
UNRESOLVED: gcc.misc-tests/bprob-2.c execution, -O1 -fbranch-probabilities
FAIL: gcc.misc-tests/bprob-2.c compilation, -O2 -DPERFTIME -fprofile-arcs
UNRESOLVED: gcc.misc-tests/bprob-2.c execution, -O2 -DPERFTIME -fprofile-arcs
UNRESOLVED: gcc.misc-tests/bprob-2.c compilation, -O2 -DPERFTIME -fbranch-probabilities
UNRESOLVED: gcc.misc-tests/bprob-2.c execution, -O2 -DPERFTIME -fbranch-probabilities
FAIL: gcc.misc-tests/bprob-2.c compilation, -O3 -DPERFTIME -fprofile-arcs
UNRESOLVED: gcc.misc-tests/bprob-2.c execution, -O3 -DPERFTIME -fprofile-arcs
UNRESOLVED: gcc.misc-tests/bprob-2.c compilation, -O3 -DPERFTIME -fbranch-probabilities
UNRESOLVED: gcc.misc-tests/bprob-2.c execution, -O3 -DPERFTIME -fbranch-probabilities
FAIL: gcc.misc-tests/bprob-2.c compilation, -O3 -g -DPERFTIME -fprofile-arcs
UNRESOLVED: gcc.misc-tests/bprob-2.c execution, -O3 -g -DPERFTIME -fprofile-arcs
UNRESOLVED: gcc.misc-tests/bprob-2.c compilation, -O3 -g -DPERFTIME -fbranch-probabilities
UNRESOLVED: gcc.misc-tests/bprob-2.c execution, -O3 -g -DPERFTIME -fbranch-probabilities
FAIL: gcc.misc-tests/bprob-2.c compilation, -Os -fprofile-arcs
UNRESOLVED: gcc.misc-tests/bprob-2.c execution, -Os -fprofile-arcs
UNRESOLVED: gcc.misc-tests/bprob-2.c compilation, -Os -fbranch-probabilities
UNRESOLVED: gcc.misc-tests/bprob-2.c execution, -Os -fbranch-probabilities
=== gcc Summary ===
# of expected passes 18142
# of unexpected failures 244
# of expected failures 66
# of unresolved testcases 82
# of unsupported tests 122
gcc version 3.2.2 20030203 (prerelease)
Host is i686-pc-linux-gnu
=== g++ tests ===
Running target sparc-sim
FAIL: g++.dg/abi/empty4.C (test for excess errors)
WARNING: g++.dg/abi/empty4.C compilation failed to produce executable
FAIL: g++.dg/abi/layout1.C (test for excess errors)
WARNING: g++.dg/abi/layout1.C compilation failed to produce executable
FAIL: g++.dg/abi/layout2.C (test for excess errors)
WARNING: g++.dg/abi/layout2.C compilation failed to produce executable
FAIL: g++.dg/abi/mangle17.C (test for excess errors)
FAIL: g++.dg/abi/mangle2.C (test for excess errors)
WARNING: g++.dg/abi/mangle2.C compilation failed to produce executable
FAIL: g++.dg/abi/vbase8-10.C (test for excess errors)
WARNING: g++.dg/abi/vbase8-10.C compilation failed to produce executable
FAIL: g++.dg/abi/vbase8-21.C (test for excess errors)
WARNING: g++.dg/abi/vbase8-21.C compilation failed to produce executable
FAIL: g++.dg/abi/vbase8-22.C (test for excess errors)
WARNING: g++.dg/abi/vbase8-22.C compilation failed to produce executable
FAIL: g++.dg/abi/vbase8-4.C (test for excess errors)
WARNING: g++.dg/abi/vbase8-4.C compilation failed to produce executable
FAIL: g++.dg/abi/vthunk1.C (test for excess errors)
FAIL: g++.dg/eh/ctor1.C (test for excess errors)
WARNING: g++.dg/eh/ctor1.C compilation failed to produce executable
FAIL: g++.dg/eh/dtor1.C (test for excess errors)
WARNING: g++.dg/eh/dtor1.C compilation failed to produce executable
FAIL: g++.dg/eh/filter1.C (test for excess errors)
WARNING: g++.dg/eh/filter1.C compilation failed to produce executable
FAIL: g++.dg/eh/filter2.C (test for excess errors)
WARNING: g++.dg/eh/filter2.C compilation failed to produce executable
FAIL: g++.dg/eh/loop1.C (test for excess errors)
WARNING: g++.dg/eh/loop1.C compilation failed to produce executable
FAIL: g++.dg/eh/omit-frame-pointer.C (test for excess errors)
WARNING: g++.dg/eh/omit-frame-pointer.C compilation failed to produce executable
FAIL: g++.dg/eh/registers1.C (test for excess errors)
WARNING: g++.dg/eh/registers1.C compilation failed to produce executable
FAIL: g++.dg/eh/template1.C (test for excess errors)
WARNING: g++.dg/eh/template1.C compilation failed to produce executable
FAIL: g++.dg/eh/unexpected1.C (test for excess errors)
WARNING: g++.dg/eh/unexpected1.C compilation failed to produce executable
FAIL: g++.dg/inherit/using1.C (test for excess errors)
FAIL: g++.dg/init/array5.C (test for excess errors)
WARNING: g++.dg/init/array5.C compilation failed to produce executable
FAIL: g++.dg/init/dtor1.C (test for excess errors)
WARNING: g++.dg/init/dtor1.C compilation failed to produce executable
FAIL: g++.dg/init/elide1.C (test for excess errors)
WARNING: g++.dg/init/elide1.C compilation failed to produce executable
FAIL: g++.dg/init/empty1.C (test for excess errors)
WARNING: g++.dg/init/empty1.C compilation failed to produce executable
FAIL: g++.dg/init/pm1.C (test for excess errors)
WARNING: g++.dg/init/pm1.C compilation failed to produce executable
FAIL: g++.dg/opt/cleanup1.C (test for excess errors)
WARNING: g++.dg/opt/cleanup1.C compilation failed to produce executable
FAIL: g++.dg/opt/const1.C (test for excess errors)
WARNING: g++.dg/opt/const1.C compilation failed to produce executable
FAIL: g++.dg/opt/cse2.C execution test
FAIL: g++.dg/opt/inline2.C (test for excess errors)
FAIL: g++.dg/opt/longbranch1.C (test for excess errors)
FAIL: g++.dg/opt/nrv1.C (test for excess errors)
WARNING: g++.dg/opt/nrv1.C compilation failed to produce executable
FAIL: g++.dg/opt/preinc1.C (test for excess errors)
WARNING: g++.dg/opt/preinc1.C compilation failed to produce executable
FAIL: g++.dg/opt/reg-stack.C (test for excess errors)
WARNING: g++.dg/opt/reg-stack.C compilation failed to produce executable
FAIL: g++.dg/opt/thunk1.C (test for excess errors)
WARNING: g++.dg/opt/thunk1.C compilation failed to produce executable
FAIL: g++.dg/other/copy1.C (test for excess errors)
WARNING: g++.dg/other/copy1.C compilation failed to produce executable
FAIL: g++.dg/other/ptrmem1.C (test for excess errors)
WARNING: g++.dg/other/ptrmem1.C compilation failed to produce executable
FAIL: g++.dg/overload/member2.C (test for excess errors)
WARNING: g++.dg/overload/member2.C compilation failed to produce executable
FAIL: g++.dg/ref1.C (test for excess errors)
FAIL: g++.dg/template/friend.C (test for excess errors)
FAIL: g++.dg/template/qualttp12.C (test for excess errors)
FAIL: g++.dg/template/qualttp16.C (test for excess errors)
WARNING: g++.dg/template/qualttp16.C compilation failed to produce executable
FAIL: g++.dg/template/union1.C (test for excess errors)
WARNING: g++.dg/template/union1.C compilation failed to produce executable
FAIL: g++.dg/template/vtable1.C (test for excess errors)
WARNING: g++.dg/template/vtable1.C compilation failed to produce executable
FAIL: conpr-1.C
FAIL: g++.dg/special/conpr-2.C (test for excess errors)
WARNING: g++.dg/special/conpr-2.C compilation failed to produce executable
FAIL: g++.dg/special/conpr-3.C (test for excess errors)
WARNING: g++.dg/special/conpr-3.C compilation failed to produce executable
FAIL: g++.dg/special/conpr-3.C (test for excess errors)
WARNING: g++.dg/special/conpr-3.C compilation failed to produce executable
FAIL: initp1.C
FAIL: g++.abi/cxa_vec.C Execution test
FAIL: g++.benjamin/bool01.C (test for excess errors)
FAIL: g++.benjamin/p12475.C (test for excess errors)
FAIL: g++.brendan/ctors1.C Execution test
FAIL: g++.brendan/ctors2.C Execution test
FAIL: g++.brendan/eh1.C Execution test
FAIL: g++.eh/badalloc1.C Execution test
FAIL: g++.eh/catch11.C Execution test
FAIL: g++.eh/catch12.C Execution test
FAIL: g++.eh/catch3.C Execution test
FAIL: g++.eh/catch3p.C Execution test
FAIL: g++.eh/catch4.C Execution test
FAIL: g++.eh/catch4p.C Execution test
FAIL: g++.eh/catch5.C Execution test
FAIL: g++.eh/catch5p.C Execution test
FAIL: g++.eh/catch6.C Execution test
FAIL: g++.eh/catch6p.C Execution test
FAIL: g++.eh/catch7.C Execution test
FAIL: g++.eh/catch7p.C Execution test
FAIL: g++.eh/catch8.C Execution test
FAIL: g++.eh/catch8p.C Execution test
FAIL: g++.eh/catch9.C Execution test
FAIL: g++.eh/catch9p.C Execution test
FAIL: g++.eh/catchptr1.C Execution test
FAIL: g++.eh/cleanup1.C Execution test
FAIL: g++.eh/cleanup2.C Execution test
FAIL: g++.eh/flow1.C Execution test
FAIL: g++.eh/fntry1.C Execution test
FAIL: g++.eh/ia64-1.C Execution test
FAIL: g++.eh/inline2.C Execution test
FAIL: g++.eh/new1.C Execution test
FAIL: g++.eh/new2.C Execution test
FAIL: g++.eh/pdel1.C Execution test
FAIL: g++.eh/pdel2.C Execution test
FAIL: g++.eh/ptr1.C Execution test
FAIL: g++.eh/ptrmem1.C Execution test
FAIL: g++.eh/rethrow1.C Execution test
FAIL: g++.eh/rethrow2.C Execution test
FAIL: g++.eh/rethrow3.C Execution test
FAIL: g++.eh/rethrow4.C Execution test
FAIL: g++.eh/rethrow5.C Execution test
FAIL: g++.eh/rethrow6.C Execution test
FAIL: g++.eh/spec1.C Execution test
FAIL: g++.eh/spec2.C Execution test
FAIL: g++.eh/spec3.C Execution test
FAIL: g++.eh/spec4.C Execution test
FAIL: g++.eh/terminate1.C Execution test
FAIL: g++.eh/terminate2.C Execution test
FAIL: g++.eh/tmpl1.C Execution test
FAIL: g++.eh/unwind1.C Execution test
FAIL: g++.eh/vbase1.C Execution test
FAIL: g++.eh/vbase2.C Execution test
FAIL: g++.eh/vbase4.C Execution test
FAIL: g++.jason/const3.C Execution test
FAIL: g++.jason/init2.C Execution test
FAIL: g++.jason/init3.C Execution test
FAIL: g++.jason/new4.C Execution test
FAIL: g++.jason/return3.C Execution test
FAIL: g++.jason/rfg10.C (test for excess errors)
FAIL: g++.jason/template11.C Execution test
FAIL: g++.law/array1.C Execution test
FAIL: g++.law/ctors2.C Execution test
FAIL: g++.law/ctors8.C Execution test
FAIL: g++.law/global-init1.C Execution test
FAIL: g++.law/init11.C Execution test
FAIL: g++.law/init14.C Execution test
FAIL: g++.martin/new1.C Execution test
FAIL: g++.mike/dyncast1.C Execution test
FAIL: g++.mike/eh10.C Execution test
FAIL: g++.mike/eh12.C Execution test
FAIL: g++.mike/eh14.C Execution test
FAIL: g++.mike/eh16.C Execution test
FAIL: g++.mike/eh17.C Execution test
FAIL: g++.mike/eh18.C Execution test
FAIL: g++.mike/eh2.C Execution test
FAIL: g++.mike/eh21.C Execution test
FAIL: g++.mike/eh23.C Execution test
FAIL: g++.mike/eh24.C Execution test
FAIL: g++.mike/eh25.C Execution test
FAIL: g++.mike/eh26.C Execution test
FAIL: g++.mike/eh27.C Execution test
FAIL: g++.mike/eh28.C Execution test
FAIL: g++.mike/eh29.C Execution test
FAIL: g++.mike/eh3.C Execution test
FAIL: g++.mike/eh31.C Execution test
FAIL: g++.mike/eh33.C Execution test
FAIL: g++.mike/eh34.C Execution test
FAIL: g++.mike/eh35.C Execution test
FAIL: g++.mike/eh36.C Execution test
FAIL: g++.mike/eh37.C Execution test
FAIL: g++.mike/eh38.C Execution test
FAIL: g++.mike/eh39.C Execution test
FAIL: g++.mike/eh40.C Execution test
FAIL: g++.mike/eh41.C Execution test
FAIL: g++.mike/eh42.C Execution test
FAIL: g++.mike/eh44.C Execution test
FAIL: g++.mike/eh47.C Execution test
FAIL: g++.mike/eh48.C Execution test
FAIL: g++.mike/eh49.C Execution test
FAIL: g++.mike/eh5.C Execution test
FAIL: g++.mike/eh50.C Execution test
FAIL: g++.mike/eh51.C Execution test
FAIL: g++.mike/eh55.C Execution test
FAIL: g++.mike/eh6.C Execution test
FAIL: g++.mike/eh8.C Execution test
FAIL: g++.mike/leak1.C Execution test
WARNING: program timed out.
FAIL: g++.mike/misc13.C Execution test
FAIL: g++.mike/net17.C Execution test
WARNING: program timed out.
FAIL: g++.mike/net26.C Execution test
WARNING: program timed out.
FAIL: g++.mike/offset1.C Execution test
FAIL: g++.mike/p10849a.C Execution test
FAIL: g++.mike/p2394.C Execution test
WARNING: program timed out.
FAIL: g++.mike/p4736a.C Execution test
FAIL: g++.mike/p6927.C Execution test
WARNING: program timed out.
FAIL: g++.mike/p789.C Execution test
FAIL: g++.mike/p7912.C Execution test
FAIL: g++.mike/p9706.C Execution test
WARNING: program timed out.
FAIL: g++.mike/pmf2.C Execution test
WARNING: program timed out.
FAIL: g++.mike/pmf8.C Execution test
FAIL: g++.mike/ref1.C Execution test
FAIL: g++.mike/temp.C Execution test
WARNING: program timed out.
FAIL: g++.mike/virt2.C Execution test
FAIL: g++.oliva/delete3.C Execution test
FAIL: g++.oliva/new1.C Execution test
FAIL: g++.other/array1.C Execution test
FAIL: g++.other/builtins2.C Execution test
FAIL: g++.other/eh3.C Execution test
FAIL: g++.other/init1.C Execution test
FAIL: g++.other/init11.C Execution test
FAIL: g++.other/init16.C Execution test
XPASS: g++.other/init5.C Execution test
FAIL: g++.other/init7.C Execution test
FAIL: g++.other/new7.C Execution test
FAIL: g++.other/rttid2.C Execution test
FAIL: g++.other/singleton.C Execution test
FAIL: g++.other/vbase2.C Execution test
FAIL: g++.pt/fntry1.C Execution test
FAIL: g++.pt/instantiate12.C Execution test
FAIL: g++.pt/static11.C Execution test
FAIL: g++.pt/static8.C Execution test
WARNING: program timed out.
FAIL: g++.pt/virtual4.C Execution test
FAIL: g++.robertl/eb31.C Execution test
FAIL: g++.robertl/eb50.C Execution test
FAIL: g++.robertl/eb66.C Execution test
FAIL: g++.robertl/eb88.C Execution test
FAIL: g++.robertl/eh990323-1.C Execution test
FAIL: g++.robertl/eh990323-2.C Execution test
FAIL: g++.robertl/eh990323-3.C Execution test
FAIL: g++.robertl/eh990323-4.C Execution test
FAIL: g++.robertl/eh990323-5.C Execution test
FAIL: g++.robertl/ice990323-2.C Execution test
=== g++ Summary ===
# of expected passes 7097
# of unexpected failures 198
# of unexpected successes 1
# of expected failures 86
# of untested testcases 28
# of unsupported tests 5
gcc version 3.2.2 20030203 (prerelease)
Compiler version: 3.2.2 20030203 (prerelease)
Platform: sparc-unknown-elf
configure flags: --target=sparc-elf --prefix=/opt/gnucross-test --with-gnu-as --with-gnu-ld --with-newlib --verbose --with-system-zlib --disable-nls --enable-version-specific-runtime-libs --enable-languages=c,c++%g