This is the mail archive of the
gcc-testresults@gcc.gnu.org
mailing list for the GCC project.
Results for 3.3 20030131 (prerelease) testsuite on sparcv9-sun-solaris2.7 (RTL check)
- From: "Kaveh R. Ghazi" <ghazi at caip dot rutgers dot edu>
- To: gcc-testresults at gcc dot gnu dot org
- Date: Sat, 1 Feb 2003 09:36:41 -0500 (EST)
- Subject: Results for 3.3 20030131 (prerelease) testsuite on sparcv9-sun-solaris2.7 (RTL check)
LAST_UPDATED:
Native configuration is sparcv9-sun-solaris2.7
=== g++ tests ===
Running target unix/-m32
FAIL: g++.dg/compat/break/bitfield7 y_tst.o compile
UNRESOLVED: g++.dg/compat/break/bitfield7 x_tst.o-y_tst.o link
UNRESOLVED: g++.dg/compat/break/bitfield7 x_tst.o-y_tst.o execute
FAIL: g++.dg/parse/stack1.C (test for excess errors)
FAIL: g++.dg/warn/Wunused-2.C (test for warnings, line 5)
=== g++ Summary for unix/-m32 ===
# of expected passes 7850
# of unexpected failures 3
# of expected failures 94
# of unresolved testcases 2
# of untested testcases 23
# of unsupported tests 15
Running target unix/-fPIC
FAIL: g++.dg/parse/stack1.C (test for excess errors)
FAIL: g++.dg/warn/Wunused-2.C (test for warnings, line 5)
=== g++ Summary for unix/-fPIC ===
# of expected passes 7852
# of unexpected failures 2
# of expected failures 95
# of untested testcases 23
# of unsupported tests 15
Running target unix/-fpic
FAIL: g++.dg/parse/stack1.C (test for excess errors)
FAIL: g++.dg/warn/Wunused-2.C (test for warnings, line 5)
=== g++ Summary for unix/-fpic ===
# of expected passes 7852
# of unexpected failures 2
# of expected failures 95
# of untested testcases 23
# of unsupported tests 15
Running target unix
FAIL: g++.dg/parse/stack1.C (test for excess errors)
FAIL: g++.dg/warn/Wunused-2.C (test for warnings, line 5)
=== g++ Summary for unix ===
# of expected passes 7852
# of unexpected failures 2
# of expected failures 95
# of untested testcases 23
# of unsupported tests 15
=== g++ Summary ===
# of expected passes 31406
# of unexpected failures 9
# of expected failures 379
# of unresolved testcases 2
# of untested testcases 92
# of unsupported tests 60
/teal/tmpdisk/ghazi/gcc-testing/v9-33/build/gcc/testsuite/../g++ version 3.3 20030131 (prerelease)
=== g77 tests ===
Running target unix/-m32
=== g77 Summary for unix/-m32 ===
# of expected passes 1644
# of unsupported tests 8
Running target unix/-fPIC
=== g77 Summary for unix/-fPIC ===
# of expected passes 1644
# of unsupported tests 8
Running target unix/-fpic
=== g77 Summary for unix/-fpic ===
# of expected passes 1644
# of unsupported tests 8
Running target unix
=== g77 Summary for unix ===
# of expected passes 1644
# of unsupported tests 8
=== g77 Summary ===
# of expected passes 6576
# of unsupported tests 32
/teal/tmpdisk/ghazi/gcc-testing/v9-33/build/gcc/testsuite/../g77 version 3.3 20030131 (prerelease)
=== gcc tests ===
Running target unix/-m32
WARNING: program timed out.
FAIL: gcc.c-torture/compile/20001226-1.c, -O3 -g
XPASS: gcc.c-torture/execute/20020227-1.c execution, -O0
XPASS: gcc.c-torture/execute/20020227-1.c execution, -O1
XPASS: gcc.c-torture/execute/20020227-1.c execution, -O2
XPASS: gcc.c-torture/execute/20020227-1.c execution, -O3 -fomit-frame-pointer
XPASS: gcc.c-torture/execute/20020227-1.c execution, -O3 -g
XPASS: gcc.c-torture/execute/20020227-1.c execution, -Os
WARNING: gcc.dg/20021014-1.c compilation failed to produce executable
FAIL: gcc.dg/duff-2.c (test for excess errors)
FAIL: gcc.dg/ultrasp2.c (test for excess errors)
FAIL: gcc.dg/ultrasp4.c (test for excess errors)
=== gcc Summary for unix/-m32 ===
# of expected passes 20618
# of unexpected failures 4
# of unexpected successes 6
# of expected failures 67
# of unsupported tests 150
Running target unix/-fPIC
WARNING: program timed out.
FAIL: gcc.c-torture/compile/20001226-1.c, -O3 -g
FAIL: gcc.c-torture/compile/simd-5.c, -O0
FAIL: gcc.c-torture/compile/simd-5.c, -O1
FAIL: gcc.c-torture/compile/simd-5.c, -O2
FAIL: gcc.c-torture/compile/simd-5.c, -O3 -fomit-frame-pointer
FAIL: gcc.c-torture/compile/simd-5.c, -O3 -g
FAIL: gcc.c-torture/compile/simd-5.c, -Os
XPASS: gcc.c-torture/execute/20020227-1.c execution, -O0
XPASS: gcc.c-torture/execute/20020227-1.c execution, -O1
FAIL: gcc.c-torture/execute/20020720-1.c compilation, -O1
UNRESOLVED: gcc.c-torture/execute/20020720-1.c execution, -O1
FAIL: gcc.c-torture/execute/20020720-1.c compilation, -O2
UNRESOLVED: gcc.c-torture/execute/20020720-1.c execution, -O2
FAIL: gcc.c-torture/execute/20020720-1.c compilation, -O3 -fomit-frame-pointer
UNRESOLVED: gcc.c-torture/execute/20020720-1.c execution, -O3 -fomit-frame-pointer
FAIL: gcc.c-torture/execute/20020720-1.c compilation, -O3 -g
UNRESOLVED: gcc.c-torture/execute/20020720-1.c execution, -O3 -g
FAIL: gcc.c-torture/execute/20020720-1.c compilation, -Os
UNRESOLVED: gcc.c-torture/execute/20020720-1.c execution, -Os
WARNING: gcc.dg/20021014-1.c compilation failed to produce executable
FAIL: gcc.dg/duff-2.c (test for excess errors)
=== gcc Summary for unix/-fPIC ===
# of expected passes 20604
# of unexpected failures 13
# of unexpected successes 2
# of expected failures 71
# of unresolved testcases 5
# of unsupported tests 150
Running target unix/-fpic
WARNING: program timed out.
FAIL: gcc.c-torture/compile/20001226-1.c, -O3 -g
FAIL: gcc.c-torture/compile/simd-5.c, -O0
FAIL: gcc.c-torture/compile/simd-5.c, -O1
FAIL: gcc.c-torture/compile/simd-5.c, -O2
FAIL: gcc.c-torture/compile/simd-5.c, -O3 -fomit-frame-pointer
FAIL: gcc.c-torture/compile/simd-5.c, -O3 -g
FAIL: gcc.c-torture/compile/simd-5.c, -Os
XPASS: gcc.c-torture/execute/20020227-1.c execution, -O0
XPASS: gcc.c-torture/execute/20020227-1.c execution, -O1
FAIL: gcc.c-torture/execute/20020720-1.c compilation, -O1
UNRESOLVED: gcc.c-torture/execute/20020720-1.c execution, -O1
FAIL: gcc.c-torture/execute/20020720-1.c compilation, -O2
UNRESOLVED: gcc.c-torture/execute/20020720-1.c execution, -O2
FAIL: gcc.c-torture/execute/20020720-1.c compilation, -O3 -fomit-frame-pointer
UNRESOLVED: gcc.c-torture/execute/20020720-1.c execution, -O3 -fomit-frame-pointer
FAIL: gcc.c-torture/execute/20020720-1.c compilation, -O3 -g
UNRESOLVED: gcc.c-torture/execute/20020720-1.c execution, -O3 -g
FAIL: gcc.c-torture/execute/20020720-1.c compilation, -Os
UNRESOLVED: gcc.c-torture/execute/20020720-1.c execution, -Os
FAIL: gcc.c-torture/execute/loop-2d.c execution, -O1
WARNING: gcc.dg/20021014-1.c compilation failed to produce executable
FAIL: gcc.dg/duff-2.c (test for excess errors)
=== gcc Summary for unix/-fpic ===
# of expected passes 20603
# of unexpected failures 14
# of unexpected successes 2
# of expected failures 71
# of unresolved testcases 5
# of unsupported tests 150
Running target unix
WARNING: program timed out.
FAIL: gcc.c-torture/compile/20001226-1.c, -O3 -g
FAIL: gcc.c-torture/compile/simd-5.c, -O0
FAIL: gcc.c-torture/compile/simd-5.c, -O1
FAIL: gcc.c-torture/compile/simd-5.c, -O2
FAIL: gcc.c-torture/compile/simd-5.c, -O3 -fomit-frame-pointer
FAIL: gcc.c-torture/compile/simd-5.c, -O3 -g
FAIL: gcc.c-torture/compile/simd-5.c, -Os
XPASS: gcc.c-torture/execute/20020227-1.c execution, -O0
XPASS: gcc.c-torture/execute/20020227-1.c execution, -O1
FAIL: gcc.c-torture/execute/930921-1.c compilation, -O3 -fomit-frame-pointer -funroll-loops
UNRESOLVED: gcc.c-torture/execute/930921-1.c execution, -O3 -fomit-frame-pointer -funroll-loops
FAIL: gcc.c-torture/execute/930921-1.c compilation, -O3 -fomit-frame-pointer -funroll-all-loops -finline-functions
UNRESOLVED: gcc.c-torture/execute/930921-1.c execution, -O3 -fomit-frame-pointer -funroll-all-loops -finline-functions
WARNING: gcc.dg/20021014-1.c compilation failed to produce executable
FAIL: gcc.dg/duff-2.c (test for excess errors)
=== gcc Summary for unix ===
# of expected passes 20610
# of unexpected failures 10
# of unexpected successes 2
# of expected failures 71
# of unresolved testcases 2
# of unsupported tests 150
=== gcc Summary ===
# of expected passes 82435
# of unexpected failures 41
# of unexpected successes 12
# of expected failures 280
# of unresolved testcases 12
# of unsupported tests 600
/teal/tmpdisk/ghazi/gcc-testing/v9-33/build/gcc/xgcc version 3.3 20030131 (prerelease)
=== objc tests ===
Running target unix/-m32
=== objc Summary for unix/-m32 ===
# of expected passes 1153
Running target unix/-fPIC
=== objc Summary for unix/-fPIC ===
# of expected passes 1153
Running target unix/-fpic
WARNING: program timed out.
FAIL: objc/execute/bf-3.m compilation, -O0
UNRESOLVED: objc/execute/bf-3.m execution, -O0
=== objc Summary for unix/-fpic ===
# of expected passes 1151
# of unexpected failures 1
# of unresolved testcases 1
Running target unix
=== objc Summary for unix ===
# of expected passes 1153
=== objc Summary ===
# of expected passes 4610
# of unexpected failures 1
# of unresolved testcases 1
/teal/tmpdisk/ghazi/gcc-testing/v9-33/build/gcc/xgcc version 3.3 20030131 (prerelease)
=== libjava tests ===
Running target unix/-m32
FAIL: PR1343 compilation from bytecode
FAIL: PR1343 -O compilation from bytecode
FAIL: linking cxxtest
FAIL: Array_3 execution - gij test
FAIL: Array_3 execution - gij test
FAIL: FileHandleGcTest execution - source compiled test
FAIL: FileHandleGcTest execution - gij test
FAIL: FileHandleGcTest execution - bytecode->native test
FAIL: FileHandleGcTest -O execution - source compiled test
FAIL: FileHandleGcTest execution - gij test
FAIL: FileHandleGcTest -O execution - bytecode->native test
FAIL: SyncTest execution - gij test
WARNING: program timed out.
FAIL: SyncTest execution - bytecode->native test
FAIL: SyncTest execution - gij test
WARNING: program timed out.
FAIL: SyncTest -O execution - bytecode->native test
FAIL: TLtest execution - gij test
FAIL: TLtest execution - gij test
FAIL: Thread_Join execution - gij test
FAIL: Thread_Join execution - gij test
FAIL: Thread_Monitor execution - gij test
FAIL: Thread_Monitor execution - gij test
FAIL: Thread_Wait_2 execution - gij test
FAIL: Thread_Wait_2 execution - gij test
FAIL: Thread_Wait_Interrupt execution - gij test
FAIL: Thread_Wait_Interrupt execution - gij test
FAIL: Throw_2 execution - source compiled test
FAIL: Throw_2 execution - gij test
FAIL: Throw_2 execution - bytecode->native test
FAIL: Throw_2 -O execution - source compiled test
FAIL: Throw_2 execution - gij test
FAIL: Throw_2 -O execution - bytecode->native test
=== libjava Summary for unix/-m32 ===
# of expected passes 2865
# of unexpected failures 31
# of expected failures 17
# of untested testcases 40
Running target unix/-fPIC
FAIL: PR1343 compilation from bytecode
FAIL: PR1343 -O compilation from bytecode
FAIL: linking cxxtest
FAIL: Array_3 execution - gij test
FAIL: Array_3 execution - gij test
FAIL: FileHandleGcTest execution - source compiled test
FAIL: FileHandleGcTest execution - gij test
FAIL: FileHandleGcTest execution - bytecode->native test
FAIL: FileHandleGcTest -O execution - source compiled test
FAIL: FileHandleGcTest execution - gij test
FAIL: FileHandleGcTest -O execution - bytecode->native test
FAIL: PR141 execution - gij test
FAIL: PR141 execution - gij test
WARNING: program timed out.
FAIL: SyncTest execution - gij test
WARNING: program timed out.
FAIL: SyncTest execution - bytecode->native test
WARNING: program timed out.
FAIL: SyncTest execution - gij test
WARNING: program timed out.
FAIL: SyncTest -O execution - bytecode->native test
FAIL: Thread_Wait_Interrupt execution - gij test
FAIL: Thread_Wait_Interrupt execution - gij test
=== libjava Summary for unix/-fPIC ===
# of expected passes 2889
# of unexpected failures 19
# of expected failures 17
# of untested testcases 28
Running target unix/-fpic
FAIL: PR1343 compilation from bytecode
FAIL: PR1343 -O compilation from bytecode
WARNING: program timed out.
FAIL: PR232B -O compilation from source
FAIL: linking cxxtest
FAIL: Array_3 execution - gij test
FAIL: Array_3 execution - gij test
FAIL: FileHandleGcTest execution - source compiled test
FAIL: FileHandleGcTest execution - gij test
FAIL: FileHandleGcTest execution - bytecode->native test
FAIL: FileHandleGcTest -O execution - source compiled test
FAIL: FileHandleGcTest execution - gij test
FAIL: FileHandleGcTest -O execution - bytecode->native test
FAIL: PR141 execution - gij test
FAIL: PR141 execution - gij test
WARNING: program timed out.
FAIL: SyncTest execution - gij test
WARNING: program timed out.
FAIL: SyncTest execution - bytecode->native test
WARNING: program timed out.
FAIL: SyncTest execution - gij test
WARNING: program timed out.
FAIL: SyncTest -O execution - bytecode->native test
FAIL: TLtest execution - gij test
FAIL: Thread_Wait_Interrupt execution - gij test
FAIL: Thread_Wait_Interrupt execution - gij test
=== libjava Summary for unix/-fpic ===
# of expected passes 2886
# of unexpected failures 21
# of expected failures 17
# of untested testcases 29
Running target unix
FAIL: PR1343 compilation from bytecode
FAIL: PR1343 -O compilation from bytecode
FAIL: linking cxxtest
FAIL: Array_3 execution - gij test
FAIL: Array_3 execution - gij test
FAIL: FileHandleGcTest execution - source compiled test
FAIL: FileHandleGcTest execution - gij test
FAIL: FileHandleGcTest execution - bytecode->native test
FAIL: FileHandleGcTest -O execution - source compiled test
FAIL: FileHandleGcTest execution - gij test
FAIL: FileHandleGcTest -O execution - bytecode->native test
FAIL: PR141 execution - gij test
FAIL: PR141 execution - gij test
WARNING: program timed out.
FAIL: SyncTest execution - gij test
WARNING: program timed out.
FAIL: SyncTest execution - bytecode->native test
WARNING: program timed out.
FAIL: SyncTest execution - gij test
WARNING: program timed out.
FAIL: SyncTest -O execution - bytecode->native test
FAIL: Thread_Wait_Interrupt execution - gij test
FAIL: Thread_Wait_Interrupt execution - gij test
=== libjava Summary for unix ===
# of expected passes 2889
# of unexpected failures 19
# of expected failures 17
# of untested testcases 28
=== libjava Summary ===
# of expected passes 11529
# of unexpected failures 90
# of expected failures 68
# of untested testcases 125
=== libstdc++-v3 tests ===
Running target unix/-m32
=== libstdc++-v3 Summary for unix/-m32 ===
# of expected passes 415
# of expected failures 18
Running target unix/-fPIC
WARNING: program timed out.
FAIL: 27_io/ios_base_storage.cc execution test
=== libstdc++-v3 Summary for unix/-fPIC ===
# of expected passes 414
# of unexpected failures 1
# of expected failures 18
Running target unix/-fpic
WARNING: program timed out.
FAIL: 27_io/ios_base_storage.cc execution test
=== libstdc++-v3 Summary for unix/-fpic ===
# of expected passes 414
# of unexpected failures 1
# of expected failures 18
Running target unix
WARNING: program timed out.
FAIL: 27_io/ios_base_storage.cc execution test
=== libstdc++-v3 Summary for unix ===
# of expected passes 414
# of unexpected failures 1
# of expected failures 18
=== libstdc++-v3 Summary ===
# of expected passes 1657
# of unexpected failures 3
# of expected failures 72
Compiler version: 3.3 20030131 (prerelease)
Platform: sparcv9-sun-solaris2.7
configure flags: --host=sparcv9-sun-solaris2.7 --verbose --enable-checking=misc,tree,rtl,gc