This is the mail archive of the
gcc-testresults@gcc.gnu.org
mailing list for the GCC project.
Results for 3.4 20030125 (experimental) testsuite on powerpc-unknown-linux-gnu
- From: Mark Wielaard <mark at wildebeest dot org>
- To: gcc-testresults at gcc dot gnu dot org, mark at wildebeest dot org
- Date: Sun, 26 Jan 2003 08:45:36 +0100
- Subject: Results for 3.4 20030125 (experimental) testsuite on powerpc-unknown-linux-gnu
Debian GNU/Linux 3.0
Linux 2.4.18-powerpc
binutils Version: 2.12.90.0.15-1
glibc Version: 2.2.5-15
Test results for libjava include the results of the Mauve testsuite
(see http://sources.redhat.com/mauve/)
LAST_UPDATED: Sat Jan 25 17:21:19 UTC 2003
Native configuration is powerpc-unknown-linux-gnu
=== g++ tests ===
Running target unix
FAIL: g++.dg/compat/break/bitfield7 y_tst.o compile
UNRESOLVED: g++.dg/compat/break/bitfield7 x_tst.o-y_tst.o link
UNRESOLVED: g++.dg/compat/break/bitfield7 x_tst.o-y_tst.o execute
FAIL: g++.dg/warn/Wunused-2.C (test for warnings, line 5)
FAIL: pch/system-1.C -g assembly comparison
FAIL: pch/system-1.C -O2 -g assembly comparison
FAIL: g++.robertl/eb42.C (test for excess errors)
=== g++ Summary ===
# of expected passes 8176
# of unexpected failures 5
# of expected failures 71
# of unresolved testcases 2
# of untested testcases 23
# of unsupported tests 18
/home/mark/src/gcc34/obj/gcc/testsuite/../g++ version 3.4 20030125 (experimental)
=== gcc tests ===
Running target unix
WARNING: program timed out.
FAIL: gcc.c-torture/compile/20001226-1.c, -O3 -g
WARNING: program timed out.
FAIL: gcc.c-torture/compile/20001226-1.c, -Os
FAIL: gcc.c-torture/execute/20030125-1.c execution, -O1
FAIL: gcc.c-torture/execute/20030125-1.c execution, -O2
FAIL: gcc.c-torture/execute/20030125-1.c execution, -O3 -fomit-frame-pointer
FAIL: gcc.c-torture/execute/20030125-1.c execution, -O3 -g
FAIL: gcc.c-torture/execute/20030125-1.c execution, -Os
XPASS: gcc.c-torture/execute/builtin-constant.c execution, -O2
XPASS: gcc.c-torture/execute/builtin-constant.c execution, -O3 -fomit-frame-pointer
XPASS: gcc.c-torture/execute/builtin-constant.c execution, -O3 -g
XPASS: gcc.c-torture/execute/builtin-constant.c execution, -Os
FAIL: gcc.dg/20020103-1.c scan-assembler-not LC
FAIL: gcc.dg/20020118-1.c execution test
FAIL: gcc.dg/altivec-5.c (test for excess errors)
FAIL: gcc.dg/duff-2.c (test for excess errors)
FAIL: gcc.dg/pch/inline-1.c (test for excess errors)
=== gcc Summary ===
# of expected passes 21160
# of unexpected failures 12
# of unexpected successes 4
# of expected failures 63
# of untested testcases 1
# of unsupported tests 157
/home/mark/src/gcc34/obj/gcc/xgcc version 3.4 20030125 (experimental)
=== libjava tests ===
Running target unix
FAIL: PR1343 compilation from bytecode
FAIL: PR1343 -O compilation from bytecode
FAIL: Array_3 -O execution - source compiled test
WARNING: program timed out.
FAIL: SyncTest execution - gij test
WARNING: program timed out.
FAIL: SyncTest execution - gij test
FAIL: Thread_Interrupt output - source compiled test
FAIL: pr8823 compilation from bytecode
FAIL: pr8823 -O compilation from bytecode
FAIL: gnu.testlet.java.io.BufferedOutputStream.interrupt: single-byte writes (number 3)
FAIL: gnu.testlet.java.io.BufferedOutputStream.interrupt: single-byte writes (number 4)
FAIL: gnu.testlet.java.io.InputStreamReader.jdk11: ready() (number 1)
FAIL: gnu.testlet.java.io.InputStreamReader.jdk11: getEncoding (number 1)
FAIL: gnu.testlet.java.io.OutputStreamWriter.jdk11: getEncoding (number 1)
FAIL: gnu.testlet.java.io.RandomAccessFile.jdk11: skipBytes() stopped before EOF (number 1)
FAIL: gnu.testlet.java.io.RandomAccessFile.jdk11: skipBytes() skipped past EOF (number 1)
FAIL: gnu.testlet.java.lang.Class.reflect2: getClasses (number 2)
FAIL: gnu.testlet.java.lang.Class.reflect2: uncaught exception at "getClasses" number 3: java.lang.ArrayIndexOutOfBoundsException: 0
FAIL: gnu.testlet.java.lang.Double.DoubleTest: Error: test_longValue returned wrong results CYGNUS: Float to int conversions - 1 (number 1)
FAIL: gnu.testlet.java.lang.Double.DoubleTest: Error: test_shortbyteValue failed - 5 (number 1)
FAIL: gnu.testlet.java.lang.Float.FloatTest: Error: test_shortbyteValue failed - 5 (number 1)
FAIL: gnu.testlet.java.math.BigDecimal.DiagBigDecimal: div377 (number 1)
FAIL: gnu.testlet.java.math.BigDecimal.DiagBigDecimal: div203 (number 1)
FAIL: gnu.testlet.java.math.BigDecimal.DiagBigDecimal: div204 (number 1)
FAIL: gnu.testlet.java.math.BigDecimal.DiagBigDecimal: mul038 (number 1)
FAIL: gnu.testlet.java.math.BigDecimal.DiagBigDecimal: has001 (number 1)
FAIL: gnu.testlet.java.math.BigDecimal.DiagBigDecimal: lov007 (number 1)
FAIL: gnu.testlet.java.math.BigDecimal.DiagBigDecimal: lov107 (number 1)
FAIL: gnu.testlet.java.math.BigDecimal.DiagBigDecimal: mpl005 (number 1)
FAIL: gnu.testlet.java.math.BigDecimal.DiagBigDecimal: mpl006 (number 1)
FAIL: gnu.testlet.java.math.BigDecimal.DiagBigDecimal: mpl007 (number 1)
FAIL: gnu.testlet.java.math.BigDecimal.DiagBigDecimal: mpr005 (number 1)
FAIL: gnu.testlet.java.math.BigDecimal.DiagBigDecimal: mpr006 (number 1)
FAIL: gnu.testlet.java.math.BigDecimal.DiagBigDecimal: mpr007 (number 1)
FAIL: gnu.testlet.java.math.BigDecimal.DiagBigDecimal: ssc005 (number 1)
FAIL: gnu.testlet.java.math.BigDecimal.DiagBigDecimal: ssc006 (number 1)
FAIL: gnu.testlet.java.math.BigDecimal.DiagBigDecimal: ssc100 (number 1)
FAIL: gnu.testlet.java.math.BigDecimal.DiagBigDecimal: ssc101 (number 1)
FAIL: gnu.testlet.java.math.BigDecimal.DiagBigDecimal: ssc102 (number 1)
FAIL: gnu.testlet.java.math.BigDecimal.DiagBigDecimal: val008 (number 1)
FAIL: gnu.testlet.java.math.BigDecimal.DiagBigDecimal: val013 (number 1)
FAIL: gnu.testlet.java.math.BigDecimal.DiagBigDecimal: val100 (number 1)
FAIL: gnu.testlet.java.net.DatagramSocket.DatagramSocketTest2: Expected IOException (number 1)
FAIL: gnu.testlet.java.net.DatagramSocket.DatagramSocketTest2: uncaught exception at "invalid_send_data" number 4: java.lang.IllegalArgumentException: Invalid length: -1
FAIL: gnu.testlet.java.security.SecureRandom.Instance: uncaught exception at number 1: java.lang.NullPointerException
FAIL: gnu.testlet.java.security.Security.property: uncaught exception at number 1: java.lang.NullPointerException
=== libjava Summary ===
# of expected passes 10805
# of unexpected failures 45
# of expected failures 52
# of untested testcases 15
=== libstdc++-v3 tests ===
Running target unix
WARNING: program timed out.
FAIL: thread/pthread4.cc execution test
=== libstdc++-v3 Summary ===
# of expected passes 965
# of unexpected failures 1
# of expected failures 3
Compiler version: 3.4 20030125 (experimental)
Platform: powerpc-unknown-linux-gnu
configure flags: --enable-clocale=gnu --enable-shared --enable-threads=posix --enable-languages=c++,java --disable-multilib --prefix /usr/local/gcc34
time make bootstrap
real 22663.70
user 19085.65
sys 2764.89
time check
Command exited with non-zero status 2
real 29108.87
user 16505.23
sys 4207.27