This is the mail archive of the
gcc-testresults@gcc.gnu.org
mailing list for the GCC project.
Results for 3.4 20030124 (experimental) testsuite on i686-pc-linux-gnu
- From: "Kaveh R. Ghazi" <ghazi at caip dot rutgers dot edu>
- To: gcc-testresults at gcc dot gnu dot org
- Date: Fri, 24 Jan 2003 20:23:43 -0500 (EST)
- Subject: Results for 3.4 20030124 (experimental) testsuite on i686-pc-linux-gnu
LAST_UPDATED:
Native configuration is i686-pc-linux-gnu
=== g77 tests ===
Running target unix/-fPIC
=== g77 Summary for unix/-fPIC ===
# of expected passes 1654
Running target unix/-fpic
=== g77 Summary for unix/-fpic ===
# of expected passes 1654
Running target unix
=== g77 Summary for unix ===
# of expected passes 1654
=== g77 Summary ===
# of expected passes 4962
/teal/caip5/ghazi/gcc-testing/x86/build/gcc/testsuite/../g77 version 3.4 20030124 (experimental)
=== gcc tests ===
Running target unix/-fPIC
FAIL: gcc.c-torture/compile/20000804-1.c, -O0
FAIL: gcc.c-torture/execute/20000603-1.c execution, -O3 -fomit-frame-pointer
FAIL: gcc.c-torture/execute/20000603-1.c execution, -O3 -g
FAIL: gcc.c-torture/execute/20020720-1.c compilation, -O1
UNRESOLVED: gcc.c-torture/execute/20020720-1.c execution, -O1
FAIL: gcc.c-torture/execute/20020720-1.c compilation, -O2
UNRESOLVED: gcc.c-torture/execute/20020720-1.c execution, -O2
FAIL: gcc.c-torture/execute/20020720-1.c compilation, -O3 -fomit-frame-pointer
UNRESOLVED: gcc.c-torture/execute/20020720-1.c execution, -O3 -fomit-frame-pointer
FAIL: gcc.c-torture/execute/20020720-1.c compilation, -O3 -g
UNRESOLVED: gcc.c-torture/execute/20020720-1.c execution, -O3 -g
FAIL: gcc.c-torture/execute/20020720-1.c compilation, -Os
UNRESOLVED: gcc.c-torture/execute/20020720-1.c execution, -Os
FAIL: gcc.c-torture/execute/920501-1.c execution, -O3 -fomit-frame-pointer
FAIL: gcc.c-torture/execute/920501-1.c execution, -O3 -g
FAIL: gcc.c-torture/execute/930106-1.c execution, -O3 -fomit-frame-pointer
FAIL: gcc.c-torture/execute/930106-1.c execution, -O3 -g
FAIL: gcc.c-torture/execute/930603-1.c execution, -O3 -fomit-frame-pointer
FAIL: gcc.c-torture/execute/930603-1.c execution, -O3 -g
FAIL: gcc.c-torture/execute/990527-1.c execution, -O3 -fomit-frame-pointer
FAIL: gcc.c-torture/execute/990527-1.c execution, -O3 -fomit-frame-pointer -funroll-loops
FAIL: gcc.c-torture/execute/990527-1.c execution, -O3 -fomit-frame-pointer -funroll-all-loops -finline-functions
FAIL: gcc.c-torture/execute/990527-1.c execution, -O3 -g
FAIL: gcc.c-torture/execute/990604-1.c execution, -O3 -fomit-frame-pointer
FAIL: gcc.c-torture/execute/990604-1.c execution, -O3 -g
FAIL: gcc.c-torture/execute/990829-1.c execution, -O3 -fomit-frame-pointer
FAIL: gcc.c-torture/execute/990829-1.c execution, -O3 -g
XPASS: gcc.c-torture/execute/builtin-constant.c execution, -O2
XPASS: gcc.c-torture/execute/builtin-constant.c execution, -O3 -fomit-frame-pointer
XPASS: gcc.c-torture/execute/builtin-constant.c execution, -O3 -g
XPASS: gcc.c-torture/execute/builtin-constant.c execution, -Os
FAIL: gcc.c-torture/execute/complex-1.c execution, -O3 -fomit-frame-pointer
FAIL: gcc.c-torture/execute/complex-1.c execution, -O3 -g
FAIL: gcc.dg/20011119-1.c (test for excess errors)
WARNING: gcc.dg/20011119-1.c compilation failed to produce executable
WARNING: program timed out.
FAIL: gcc.dg/20020616-1.c execution test
FAIL: gcc.dg/20020919-1.c (test for errors, line 132)
FAIL: gcc.dg/20020919-1.c (test for errors, line 177)
FAIL: gcc.dg/20020919-1.c (test for errors, line 231)
FAIL: gcc.dg/20020919-1.c (test for errors, line 244)
FAIL: gcc.dg/20020919-1.c (test for excess errors)
FAIL: gcc.dg/asm-names.c (test for excess errors)
FAIL: gcc.dg/clobbers.c (test for excess errors)
WARNING: gcc.dg/clobbers.c compilation failed to produce executable
FAIL: gcc.dg/duff-2.c (test for excess errors)
FAIL: gcc.dg/sibcall-6.c execution test
FAIL: gcc.dg/pch/inline-1.c (test for excess errors)
FAIL: gcc.misc-tests/bprob-1.c execution, -O3 -DPERFTIME -fbranch-probabilities
FAIL: gcc.misc-tests/bprob-1.c execution, -O3 -g -DPERFTIME -fbranch-probabilities
=== gcc Summary for unix/-fPIC ===
# of expected passes 21769
# of unexpected failures 38
# of unexpected successes 4
# of expected failures 64
# of unresolved testcases 5
# of untested testcases 1
# of unsupported tests 78
Running target unix/-fpic
FAIL: gcc.c-torture/compile/20000804-1.c, -O0
FAIL: gcc.c-torture/execute/20000603-1.c execution, -O3 -fomit-frame-pointer
FAIL: gcc.c-torture/execute/20000603-1.c execution, -O3 -g
FAIL: gcc.c-torture/execute/20020720-1.c compilation, -O1
UNRESOLVED: gcc.c-torture/execute/20020720-1.c execution, -O1
FAIL: gcc.c-torture/execute/20020720-1.c compilation, -O2
UNRESOLVED: gcc.c-torture/execute/20020720-1.c execution, -O2
FAIL: gcc.c-torture/execute/20020720-1.c compilation, -O3 -fomit-frame-pointer
UNRESOLVED: gcc.c-torture/execute/20020720-1.c execution, -O3 -fomit-frame-pointer
FAIL: gcc.c-torture/execute/20020720-1.c compilation, -O3 -g
UNRESOLVED: gcc.c-torture/execute/20020720-1.c execution, -O3 -g
FAIL: gcc.c-torture/execute/20020720-1.c compilation, -Os
UNRESOLVED: gcc.c-torture/execute/20020720-1.c execution, -Os
FAIL: gcc.c-torture/execute/920501-1.c execution, -O3 -fomit-frame-pointer
FAIL: gcc.c-torture/execute/920501-1.c execution, -O3 -g
FAIL: gcc.c-torture/execute/930106-1.c execution, -O3 -fomit-frame-pointer
FAIL: gcc.c-torture/execute/930106-1.c execution, -O3 -g
FAIL: gcc.c-torture/execute/930603-1.c execution, -O3 -fomit-frame-pointer
FAIL: gcc.c-torture/execute/930603-1.c execution, -O3 -g
FAIL: gcc.c-torture/execute/990527-1.c execution, -O3 -fomit-frame-pointer
FAIL: gcc.c-torture/execute/990527-1.c execution, -O3 -fomit-frame-pointer -funroll-loops
FAIL: gcc.c-torture/execute/990527-1.c execution, -O3 -fomit-frame-pointer -funroll-all-loops -finline-functions
FAIL: gcc.c-torture/execute/990527-1.c execution, -O3 -g
FAIL: gcc.c-torture/execute/990604-1.c execution, -O3 -fomit-frame-pointer
FAIL: gcc.c-torture/execute/990604-1.c execution, -O3 -g
FAIL: gcc.c-torture/execute/990829-1.c execution, -O3 -fomit-frame-pointer
FAIL: gcc.c-torture/execute/990829-1.c execution, -O3 -g
XPASS: gcc.c-torture/execute/builtin-constant.c execution, -O2
XPASS: gcc.c-torture/execute/builtin-constant.c execution, -O3 -fomit-frame-pointer
XPASS: gcc.c-torture/execute/builtin-constant.c execution, -O3 -g
XPASS: gcc.c-torture/execute/builtin-constant.c execution, -Os
FAIL: gcc.c-torture/execute/complex-1.c execution, -O3 -fomit-frame-pointer
FAIL: gcc.c-torture/execute/complex-1.c execution, -O3 -g
FAIL: gcc.dg/20011119-1.c (test for excess errors)
WARNING: gcc.dg/20011119-1.c compilation failed to produce executable
WARNING: program timed out.
FAIL: gcc.dg/20020616-1.c execution test
FAIL: gcc.dg/20020919-1.c (test for errors, line 132)
FAIL: gcc.dg/20020919-1.c (test for errors, line 177)
FAIL: gcc.dg/20020919-1.c (test for errors, line 231)
FAIL: gcc.dg/20020919-1.c (test for errors, line 244)
FAIL: gcc.dg/20020919-1.c (test for excess errors)
FAIL: gcc.dg/asm-names.c (test for excess errors)
FAIL: gcc.dg/clobbers.c (test for excess errors)
WARNING: gcc.dg/clobbers.c compilation failed to produce executable
FAIL: gcc.dg/duff-2.c (test for excess errors)
FAIL: gcc.dg/sibcall-6.c execution test
FAIL: gcc.dg/pch/inline-1.c (test for excess errors)
FAIL: gcc.misc-tests/bprob-1.c execution, -O3 -DPERFTIME -fbranch-probabilities
FAIL: gcc.misc-tests/bprob-1.c execution, -O3 -g -DPERFTIME -fbranch-probabilities
=== gcc Summary for unix/-fpic ===
# of expected passes 21769
# of unexpected failures 38
# of unexpected successes 4
# of expected failures 64
# of unresolved testcases 5
# of untested testcases 1
# of unsupported tests 78
Running target unix
XPASS: gcc.c-torture/execute/builtin-constant.c execution, -O2
XPASS: gcc.c-torture/execute/builtin-constant.c execution, -O3 -fomit-frame-pointer
XPASS: gcc.c-torture/execute/builtin-constant.c execution, -O3 -g
XPASS: gcc.c-torture/execute/builtin-constant.c execution, -Os
FAIL: gcc.dg/duff-2.c (test for excess errors)
FAIL: gcc.dg/pch/inline-1.c (test for excess errors)
=== gcc Summary for unix ===
# of expected passes 21812
# of unexpected failures 2
# of unexpected successes 4
# of expected failures 64
# of untested testcases 1
# of unsupported tests 78
=== gcc Summary ===
# of expected passes 65350
# of unexpected failures 78
# of unexpected successes 12
# of expected failures 192
# of unresolved testcases 10
# of untested testcases 3
# of unsupported tests 234
/teal/caip5/ghazi/gcc-testing/x86/build/gcc/xgcc version 3.4 20030124 (experimental)
=== g++ tests ===
Running target unix/-fPIC
FAIL: g++.dg/eh/omit-frame-pointer2.C execution test
FAIL: g++.dg/parse/undefined1.C (test for excess errors)
FAIL: g++.dg/warn/Wunused-2.C (test for warnings, line 5)
FAIL: pch/system-1.C -g assembly comparison
FAIL: pch/system-1.C -O2 -g assembly comparison
FAIL: g++.pt/asm1.C (test for excess errors)
FAIL: g++.pt/asm2.C (test for excess errors)
=== g++ Summary for unix/-fPIC ===
# of expected passes 8227
# of unexpected failures 7
# of expected failures 71
# of untested testcases 9
# of unsupported tests 3
Running target unix/-fpic
FAIL: g++.dg/eh/omit-frame-pointer2.C execution test
FAIL: g++.dg/parse/undefined1.C (test for excess errors)
FAIL: g++.dg/warn/Wunused-2.C (test for warnings, line 5)
FAIL: pch/system-1.C -g assembly comparison
FAIL: pch/system-1.C -O2 -g assembly comparison
FAIL: g++.pt/asm1.C (test for excess errors)
FAIL: g++.pt/asm2.C (test for excess errors)
=== g++ Summary for unix/-fpic ===
# of expected passes 8227
# of unexpected failures 7
# of expected failures 71
# of untested testcases 9
# of unsupported tests 3
Running target unix
FAIL: g++.dg/parse/undefined1.C (test for excess errors)
FAIL: g++.dg/warn/Wunused-2.C (test for warnings, line 5)
FAIL: pch/system-1.C -g assembly comparison
FAIL: pch/system-1.C -O2 -g assembly comparison
=== g++ Summary for unix ===
# of expected passes 8230
# of unexpected failures 4
# of expected failures 71
# of untested testcases 9
# of unsupported tests 3
=== g++ Summary ===
# of expected passes 24684
# of unexpected failures 18
# of expected failures 213
# of untested testcases 27
# of unsupported tests 9
/teal/caip5/ghazi/gcc-testing/x86/build/gcc/testsuite/../g++ version 3.4 20030124 (experimental)
=== objc tests ===
Running target unix/-fPIC
FAIL: objc/execute/class-12.m execution, -Os
FAIL: objc/execute/fdecl.m execution, -O2
FAIL: objc/execute/initialize.m execution, -O3 -g
FAIL: objc/execute/load-2.m execution, -O3 -fomit-frame-pointer
FAIL: objc/execute/load-2.m execution, -O3 -g
FAIL: objc/execute/load.m execution, -O3 -g
FAIL: objc/execute/no_clash.m execution, -O3 -g
=== objc Summary for unix/-fPIC ===
# of expected passes 1146
# of unexpected failures 7
Running target unix/-fpic
FAIL: objc/execute/bf-10.m execution, -O2
FAIL: objc/execute/initialize.m execution, -O1
FAIL: objc/execute/initialize.m execution, -O3 -g
FAIL: objc/execute/load-2.m execution, -O3 -fomit-frame-pointer
FAIL: objc/execute/load-2.m execution, -O3 -g
FAIL: objc/execute/load.m execution, -O3 -g
FAIL: objc/execute/static-2.m execution, -O2
=== objc Summary for unix/-fpic ===
# of expected passes 1146
# of unexpected failures 7
Running target unix
FAIL: objc/execute/bf-18.m execution, -O3 -g
FAIL: objc/execute/bf-3.m execution, -O3 -fomit-frame-pointer
FAIL: objc/execute/bycopy-1.m execution, -Os
FAIL: objc/execute/class-13.m execution, -O3 -g
FAIL: objc/execute/load.m execution, -Os
FAIL: objc/execute/selector-1.m execution, -Os
=== objc Summary for unix ===
# of expected passes 1147
# of unexpected failures 6
=== objc Summary ===
# of expected passes 3439
# of unexpected failures 20
/teal/caip5/ghazi/gcc-testing/x86/build/gcc/xgcc version 3.4 20030124 (experimental)
=== libjava tests ===
Running target unix/-fPIC
FAIL: PR1343 compilation from bytecode
FAIL: PR1343 -O compilation from bytecode
WARNING: program timed out.
FAIL: SyncTest execution - gij test
WARNING: program timed out.
FAIL: SyncTest execution - bytecode->native test
WARNING: program timed out.
FAIL: SyncTest execution - gij test
WARNING: program timed out.
FAIL: SyncTest -O execution - bytecode->native test
FAIL: pr8823 compilation from bytecode
FAIL: pr8823 -O compilation from bytecode
=== libjava Summary for unix/-fPIC ===
# of expected passes 2911
# of unexpected failures 8
# of expected failures 14
# of untested testcases 16
Running target unix/-fpic
FAIL: PR1343 compilation from bytecode
FAIL: PR1343 -O compilation from bytecode
WARNING: program timed out.
FAIL: SyncTest execution - gij test
WARNING: program timed out.
FAIL: SyncTest execution - bytecode->native test
WARNING: program timed out.
FAIL: SyncTest execution - gij test
WARNING: program timed out.
FAIL: SyncTest -O execution - bytecode->native test
FAIL: pr8823 compilation from bytecode
FAIL: pr8823 -O compilation from bytecode
=== libjava Summary for unix/-fpic ===
# of expected passes 2911
# of unexpected failures 8
# of expected failures 14
# of untested testcases 16
Running target unix
FAIL: PR1343 compilation from bytecode
FAIL: PR1343 -O compilation from bytecode
WARNING: program timed out.
FAIL: SyncTest execution - gij test
WARNING: program timed out.
FAIL: SyncTest execution - bytecode->native test
WARNING: program timed out.
FAIL: SyncTest execution - gij test
WARNING: program timed out.
FAIL: SyncTest -O execution - bytecode->native test
FAIL: pr8823 compilation from bytecode
FAIL: pr8823 -O compilation from bytecode
=== libjava Summary for unix ===
# of expected passes 2911
# of unexpected failures 8
# of expected failures 14
# of untested testcases 16
=== libjava Summary ===
# of expected passes 8733
# of unexpected failures 24
# of expected failures 42
# of untested testcases 48
=== libstdc++-v3 tests ===
Running target unix/-fPIC
FAIL: 22_locale/collate/compare/char/1.cc execution test
FAIL: 22_locale/collate/compare/char/2.cc execution test
FAIL: 22_locale/collate/compare/char/wrapped_env.cc execution test
FAIL: 22_locale/collate/compare/char/wrapped_locale.cc execution test
FAIL: 22_locale/collate/compare/wchar_t/1.cc execution test
FAIL: 22_locale/collate/compare/wchar_t/2.cc execution test
FAIL: 22_locale/collate/compare/wchar_t/wrapped_env.cc execution test
FAIL: 22_locale/collate/compare/wchar_t/wrapped_locale.cc execution test
FAIL: 22_locale/collate/transform/char/2.cc execution test
FAIL: 22_locale/collate/transform/char/wrapped_env.cc execution test
FAIL: 22_locale/collate/transform/char/wrapped_locale.cc execution test
FAIL: 22_locale/collate/transform/wchar_t/2.cc execution test
FAIL: 22_locale/collate/transform/wchar_t/wrapped_env.cc execution test
FAIL: 22_locale/collate/transform/wchar_t/wrapped_locale.cc execution test
FAIL: 22_locale/collate_byname/1.cc execution test
FAIL: 22_locale/locale/operations/1.cc execution test
FAIL: 22_locale/locale/operations/2.cc execution test
FAIL: 24_iterators/iterator.cc execution test
=== libstdc++-v3 Summary for unix/-fPIC ===
# of expected passes 948
# of unexpected failures 18
# of expected failures 3
Running target unix/-fpic
FAIL: 22_locale/collate/compare/char/1.cc execution test
FAIL: 22_locale/collate/compare/char/2.cc execution test
FAIL: 22_locale/collate/compare/char/wrapped_env.cc execution test
FAIL: 22_locale/collate/compare/char/wrapped_locale.cc execution test
FAIL: 22_locale/collate/compare/wchar_t/1.cc execution test
FAIL: 22_locale/collate/compare/wchar_t/2.cc execution test
FAIL: 22_locale/collate/compare/wchar_t/wrapped_env.cc execution test
FAIL: 22_locale/collate/compare/wchar_t/wrapped_locale.cc execution test
FAIL: 22_locale/collate/transform/char/2.cc execution test
FAIL: 22_locale/collate/transform/char/wrapped_env.cc execution test
FAIL: 22_locale/collate/transform/char/wrapped_locale.cc execution test
FAIL: 22_locale/collate/transform/wchar_t/2.cc execution test
FAIL: 22_locale/collate/transform/wchar_t/wrapped_env.cc execution test
FAIL: 22_locale/collate/transform/wchar_t/wrapped_locale.cc execution test
FAIL: 22_locale/collate_byname/1.cc execution test
FAIL: 22_locale/locale/operations/1.cc execution test
FAIL: 22_locale/locale/operations/2.cc execution test
FAIL: 22_locale/money_get/get/char/5.cc execution test
FAIL: 22_locale/money_get/get/char/wrapped_env.cc execution test
FAIL: 22_locale/num_put/put/wchar_t/4.cc execution test
FAIL: 22_locale/numpunct/members/char/wrapped_locale.cc execution test
FAIL: 24_iterators/iterator.cc execution test
=== libstdc++-v3 Summary for unix/-fpic ===
# of expected passes 944
# of unexpected failures 22
# of expected failures 3
Running target unix
FAIL: 22_locale/collate/compare/char/1.cc execution test
FAIL: 22_locale/collate/compare/char/2.cc execution test
FAIL: 22_locale/collate/compare/char/wrapped_env.cc execution test
FAIL: 22_locale/collate/compare/char/wrapped_locale.cc execution test
FAIL: 22_locale/collate/compare/wchar_t/1.cc execution test
FAIL: 22_locale/collate/compare/wchar_t/2.cc execution test
FAIL: 22_locale/collate/compare/wchar_t/wrapped_env.cc execution test
FAIL: 22_locale/collate/compare/wchar_t/wrapped_locale.cc execution test
FAIL: 22_locale/collate/transform/char/2.cc execution test
FAIL: 22_locale/collate/transform/char/wrapped_env.cc execution test
FAIL: 22_locale/collate/transform/char/wrapped_locale.cc execution test
FAIL: 22_locale/collate/transform/wchar_t/2.cc execution test
FAIL: 22_locale/collate/transform/wchar_t/wrapped_env.cc execution test
FAIL: 22_locale/collate/transform/wchar_t/wrapped_locale.cc execution test
FAIL: 22_locale/collate_byname/1.cc execution test
FAIL: 22_locale/locale/operations/1.cc execution test
FAIL: 22_locale/locale/operations/2.cc execution test
FAIL: 22_locale/money_put/put/char/wrapped_locale.cc execution test
FAIL: 24_iterators/iterator.cc execution test
=== libstdc++-v3 Summary for unix ===
# of expected passes 947
# of unexpected failures 19
# of expected failures 3
=== libstdc++-v3 Summary ===
# of expected passes 2839
# of unexpected failures 59
# of expected failures 9
Compiler version: 3.4 20030124 (experimental)
Platform: i686-pc-linux-gnu
configure flags: --verbose