This is the mail archive of the
gcc-testresults@gcc.gnu.org
mailing list for the GCC project.
Results for 3.4 20030123 (experimental) testsuite on alphaev6-unknown-linux-gnu
- From: Brad Lucier <lucier at popov dot math dot purdue dot edu>
- To: gcc-testresults at gcc dot gnu dot org
- Date: Thu, 23 Jan 2003 13:45:21 -0500
- Subject: Results for 3.4 20030123 (experimental) testsuite on alphaev6-unknown-linux-gnu
LAST_UPDATED: Thu Jan 23 15:39:57 UTC 2003
Native configuration is alphaev6-unknown-linux-gnu
=== libjava tests ===
Running target unix
FAIL: PR1343 compilation from bytecode
FAIL: PR1343 -O compilation from bytecode
FAIL: StringBuffer_1 execution - source compiled test
FAIL: StringBuffer_1 execution - gij test
FAIL: StringBuffer_1 execution - bytecode->native test
FAIL: StringBuffer_1 -O execution - source compiled test
FAIL: StringBuffer_1 execution - gij test
FAIL: StringBuffer_1 -O execution - bytecode->native test
WARNING: program timed out.
FAIL: SyncTest execution - gij test
WARNING: program timed out.
FAIL: SyncTest execution - bytecode->native test
WARNING: program timed out.
FAIL: SyncTest execution - gij test
WARNING: program timed out.
FAIL: SyncTest -O execution - bytecode->native test
FAIL: Thread_Alive execution - source compiled test
FAIL: Thread_Alive execution - gij test
FAIL: Thread_Alive execution - bytecode->native test
FAIL: Thread_Alive -O execution - source compiled test
FAIL: Thread_Alive execution - gij test
FAIL: Thread_Alive -O execution - bytecode->native test
FAIL: Thread_Interrupt output - bytecode->native test
FAIL: Thread_Interrupt output - gij test
FAIL: Thread_Interrupt -O output - bytecode->native test
FAIL: initexc execution - gij test
FAIL: initexc execution - gij test
FAIL: pr8823 compilation from bytecode
FAIL: pr8823 -O compilation from bytecode
=== libjava Summary ===
# of expected passes 2880
# of unexpected failures 25
# of expected failures 14
# of untested testcases 30
=== libstdc++-v3 tests ===
Running target unix
FAIL: 22_locale/collate/transform/char/2.cc execution test
FAIL: 22_locale/collate/transform/char/wrapped_env.cc execution test
FAIL: 22_locale/collate/transform/char/wrapped_locale.cc execution test
FAIL: 22_locale/collate/transform/wchar_t/2.cc execution test
FAIL: 22_locale/collate/transform/wchar_t/wrapped_env.cc execution test
FAIL: 22_locale/collate/transform/wchar_t/wrapped_locale.cc execution test
FAIL: 22_locale/collate_byname/1.cc execution test
FAIL: 22_locale/locale/cons/2.cc execution test
FAIL: 23_containers/bitset_members.cc execution test
FAIL: 23_containers/vector_ctor.cc execution test
FAIL: 26_numerics/fabs_inline.cc (test for excess errors)
WARNING: 26_numerics/fabs_inline.cc compilation failed to produce executable
FAIL: 27_io/ios_init.cc execution test
=== libstdc++-v3 Summary ===
# of expected passes 953
# of unexpected failures 12
# of expected failures 3
=== g77 tests ===
Running target unix
FAIL: g77.dg/bprob/g77-bprob-1.f execution: file g77-bprob-1.da does not exist, -g -fprofile-arcs
UNRESOLVED: g77.dg/bprob/g77-bprob-1.f compilation, -g -fbranch-probabilities
UNRESOLVED: g77.dg/bprob/g77-bprob-1.f execution, -g -fbranch-probabilities
FAIL: g77.dg/bprob/g77-bprob-1.f execution: file g77-bprob-1.da does not exist, -O0 -fprofile-arcs
UNRESOLVED: g77.dg/bprob/g77-bprob-1.f compilation, -O0 -fbranch-probabilities
UNRESOLVED: g77.dg/bprob/g77-bprob-1.f execution, -O0 -fbranch-probabilities
FAIL: g77.dg/bprob/g77-bprob-1.f execution: file g77-bprob-1.da does not exist, -O1 -fprofile-arcs
UNRESOLVED: g77.dg/bprob/g77-bprob-1.f compilation, -O1 -fbranch-probabilities
UNRESOLVED: g77.dg/bprob/g77-bprob-1.f execution, -O1 -fbranch-probabilities
FAIL: g77.dg/bprob/g77-bprob-1.f execution: file g77-bprob-1.da does not exist, -O2 -fprofile-arcs
UNRESOLVED: g77.dg/bprob/g77-bprob-1.f compilation, -O2 -fbranch-probabilities
UNRESOLVED: g77.dg/bprob/g77-bprob-1.f execution, -O2 -fbranch-probabilities
FAIL: g77.dg/bprob/g77-bprob-1.f execution: file g77-bprob-1.da does not exist, -O3 -fprofile-arcs
UNRESOLVED: g77.dg/bprob/g77-bprob-1.f compilation, -O3 -fbranch-probabilities
UNRESOLVED: g77.dg/bprob/g77-bprob-1.f execution, -O3 -fbranch-probabilities
FAIL: g77.dg/bprob/g77-bprob-1.f execution: file g77-bprob-1.da does not exist, -O3 -g -fprofile-arcs
UNRESOLVED: g77.dg/bprob/g77-bprob-1.f compilation, -O3 -g -fbranch-probabilities
UNRESOLVED: g77.dg/bprob/g77-bprob-1.f execution, -O3 -g -fbranch-probabilities
FAIL: g77.dg/bprob/g77-bprob-1.f execution: file g77-bprob-1.da does not exist, -Os -fprofile-arcs
UNRESOLVED: g77.dg/bprob/g77-bprob-1.f compilation, -Os -fbranch-probabilities
UNRESOLVED: g77.dg/bprob/g77-bprob-1.f execution, -Os -fbranch-probabilities
FAIL: g77.dg/f77-edit-colon-out.f (test for excess errors)
WARNING: g77.dg/f77-edit-colon-out.f compilation failed to produce executable
FAIL: g77.dg/f77-edit-h-out.f (test for excess errors)
WARNING: g77.dg/f77-edit-h-out.f compilation failed to produce executable
FAIL: g77.dg/f77-edit-i-in.f (test for excess errors)
WARNING: g77.dg/f77-edit-i-in.f compilation failed to produce executable
FAIL: g77.dg/f77-edit-t-in.f (test for excess errors)
WARNING: g77.dg/f77-edit-t-in.f compilation failed to produce executable
FAIL: g77.dg/f77-edit-t-out.f (test for excess errors)
WARNING: g77.dg/f77-edit-t-out.f compilation failed to produce executable
FAIL: g77.dg/f77-edit-t-out.f (test for excess errors)
WARNING: g77.dg/f77-edit-t-out.f compilation failed to produce executable
FAIL: g77.dg/fbackslash.f (test for excess errors)
WARNING: g77.dg/fbackslash.f compilation failed to produce executable
FAIL: g77.dg/fcase-preserve.f (test for excess errors)
WARNING: g77.dg/fcase-preserve.f compilation failed to produce executable
FAIL: g77.dg/ff90-1.f (test for excess errors)
WARNING: g77.dg/ff90-1.f compilation failed to produce executable
FAIL: g77.dg/ff90-1.f (test for excess errors)
WARNING: g77.dg/ff90-1.f compilation failed to produce executable
FAIL: g77.dg/gcov/gcov-1.f gcov failed: gcov-1.f.gcov does not exist
=== g77 Summary ===
# of expected passes 1592
# of unexpected failures 18
# of unresolved testcases 14
# of unsupported tests 8
/export/home/lucier/programs/gcc/objdir/gcc/testsuite/../g77 version 3.4 20030123 (experimental)
=== gcc tests ===
Running target unix
WARNING: program timed out.
FAIL: gcc.c-torture/compile/20001226-1.c, -O3 -g
FAIL: gcc.c-torture/compile/labels-3.c, -O0
FAIL: gcc.c-torture/compile/labels-3.c, -O1
FAIL: gcc.c-torture/compile/labels-3.c, -O2
FAIL: gcc.c-torture/compile/labels-3.c, -O3 -fomit-frame-pointer
FAIL: gcc.c-torture/compile/labels-3.c, -O3 -g
FAIL: gcc.c-torture/compile/labels-3.c, -Os
FAIL: gcc.c-torture/execute/20010124-1.c execution, -O0
FAIL: gcc.c-torture/execute/20010124-1.c execution, -O1
FAIL: gcc.c-torture/execute/20010124-1.c execution, -O2
FAIL: gcc.c-torture/execute/20010124-1.c execution, -O3 -fomit-frame-pointer
FAIL: gcc.c-torture/execute/20010124-1.c execution, -O3 -g
FAIL: gcc.c-torture/execute/20010124-1.c execution, -Os
XPASS: gcc.c-torture/execute/builtin-constant.c execution, -O2
XPASS: gcc.c-torture/execute/builtin-constant.c execution, -O3 -fomit-frame-pointer
XPASS: gcc.c-torture/execute/builtin-constant.c execution, -O3 -g
XPASS: gcc.c-torture/execute/builtin-constant.c execution, -Os
FAIL: gcc.c-torture/execute/eeprof-1.c execution, -O0
FAIL: gcc.c-torture/execute/eeprof-1.c execution, -O1
FAIL: gcc.c-torture/execute/eeprof-1.c execution, -O2
FAIL: gcc.c-torture/execute/eeprof-1.c execution, -O3 -fomit-frame-pointer
FAIL: gcc.c-torture/execute/eeprof-1.c execution, -O3 -g
FAIL: gcc.c-torture/execute/eeprof-1.c execution, -Os
FAIL: gcc.c-torture/execute/ffs-1.c execution, -O0
FAIL: gcc.c-torture/execute/ffs-1.c execution, -O1
FAIL: gcc.c-torture/execute/ffs-1.c execution, -O2
FAIL: gcc.c-torture/execute/ffs-1.c execution, -O3 -fomit-frame-pointer
FAIL: gcc.c-torture/execute/ffs-1.c execution, -O3 -g
FAIL: gcc.c-torture/execute/ffs-1.c execution, -Os
FAIL: gcc.c-torture/execute/ffs-2.c execution, -O0
FAIL: gcc.c-torture/execute/ffs-2.c execution, -O1
FAIL: gcc.c-torture/execute/ffs-2.c execution, -O2
FAIL: gcc.c-torture/execute/ffs-2.c execution, -O3 -fomit-frame-pointer
FAIL: gcc.c-torture/execute/ffs-2.c execution, -O3 -fomit-frame-pointer -funroll-loops
FAIL: gcc.c-torture/execute/ffs-2.c execution, -O3 -fomit-frame-pointer -funroll-all-loops -finline-functions
FAIL: gcc.c-torture/execute/ffs-2.c execution, -O3 -g
FAIL: gcc.c-torture/execute/ffs-2.c execution, -Os
FAIL: gcc.dg/duff-2.c (test for excess errors)
FAIL: gcc.dg/noncompile/voidparam-1.c (test for excess errors)
FAIL: gcc.dg/noncompile/voidparam-1.c (test for excess errors)
FAIL: gcc.dg/noncompile/voidparam-1.c (test for excess errors)
FAIL: gcc.dg/noncompile/voidparam-1.c (test for excess errors)
FAIL: gcc.dg/pch/inline-1.c (test for excess errors)
FAIL: gcc.misc-tests/bprob-1.c execution: file bprob-1.da does not exist, -g -fprofile-arcs
UNRESOLVED: gcc.misc-tests/bprob-1.c compilation, -g -fbranch-probabilities
UNRESOLVED: gcc.misc-tests/bprob-1.c execution, -g -fbranch-probabilities
FAIL: gcc.misc-tests/bprob-1.c execution: file bprob-1.da does not exist, -O0 -fprofile-arcs
UNRESOLVED: gcc.misc-tests/bprob-1.c compilation, -O0 -fbranch-probabilities
UNRESOLVED: gcc.misc-tests/bprob-1.c execution, -O0 -fbranch-probabilities
FAIL: gcc.misc-tests/bprob-1.c execution: file bprob-1.da does not exist, -O1 -fprofile-arcs
UNRESOLVED: gcc.misc-tests/bprob-1.c compilation, -O1 -fbranch-probabilities
UNRESOLVED: gcc.misc-tests/bprob-1.c execution, -O1 -fbranch-probabilities
FAIL: gcc.misc-tests/bprob-1.c execution: file bprob-1.da does not exist, -O2 -DPERFTIME -fprofile-arcs
UNRESOLVED: gcc.misc-tests/bprob-1.c compilation, -O2 -DPERFTIME -fbranch-probabilities
UNRESOLVED: gcc.misc-tests/bprob-1.c execution, -O2 -DPERFTIME -fbranch-probabilities
FAIL: gcc.misc-tests/bprob-1.c execution: file bprob-1.da does not exist, -O3 -DPERFTIME -fprofile-arcs
UNRESOLVED: gcc.misc-tests/bprob-1.c compilation, -O3 -DPERFTIME -fbranch-probabilities
UNRESOLVED: gcc.misc-tests/bprob-1.c execution, -O3 -DPERFTIME -fbranch-probabilities
FAIL: gcc.misc-tests/bprob-1.c execution: file bprob-1.da does not exist, -O3 -g -DPERFTIME -fprofile-arcs
UNRESOLVED: gcc.misc-tests/bprob-1.c compilation, -O3 -g -DPERFTIME -fbranch-probabilities
UNRESOLVED: gcc.misc-tests/bprob-1.c execution, -O3 -g -DPERFTIME -fbranch-probabilities
FAIL: gcc.misc-tests/bprob-1.c execution: file bprob-1.da does not exist, -Os -fprofile-arcs
UNRESOLVED: gcc.misc-tests/bprob-1.c compilation, -Os -fbranch-probabilities
UNRESOLVED: gcc.misc-tests/bprob-1.c execution, -Os -fbranch-probabilities
FAIL: gcc.misc-tests/bprob-2.c execution: file bprob-2.da does not exist, -g -fprofile-arcs
UNRESOLVED: gcc.misc-tests/bprob-2.c compilation, -g -fbranch-probabilities
UNRESOLVED: gcc.misc-tests/bprob-2.c execution, -g -fbranch-probabilities
FAIL: gcc.misc-tests/bprob-2.c execution: file bprob-2.da does not exist, -O0 -fprofile-arcs
UNRESOLVED: gcc.misc-tests/bprob-2.c compilation, -O0 -fbranch-probabilities
UNRESOLVED: gcc.misc-tests/bprob-2.c execution, -O0 -fbranch-probabilities
FAIL: gcc.misc-tests/bprob-2.c execution: file bprob-2.da does not exist, -O1 -fprofile-arcs
UNRESOLVED: gcc.misc-tests/bprob-2.c compilation, -O1 -fbranch-probabilities
UNRESOLVED: gcc.misc-tests/bprob-2.c execution, -O1 -fbranch-probabilities
FAIL: gcc.misc-tests/bprob-2.c execution: file bprob-2.da does not exist, -O2 -DPERFTIME -fprofile-arcs
UNRESOLVED: gcc.misc-tests/bprob-2.c compilation, -O2 -DPERFTIME -fbranch-probabilities
UNRESOLVED: gcc.misc-tests/bprob-2.c execution, -O2 -DPERFTIME -fbranch-probabilities
FAIL: gcc.misc-tests/bprob-2.c execution: file bprob-2.da does not exist, -O3 -DPERFTIME -fprofile-arcs
UNRESOLVED: gcc.misc-tests/bprob-2.c compilation, -O3 -DPERFTIME -fbranch-probabilities
UNRESOLVED: gcc.misc-tests/bprob-2.c execution, -O3 -DPERFTIME -fbranch-probabilities
FAIL: gcc.misc-tests/bprob-2.c execution: file bprob-2.da does not exist, -O3 -g -DPERFTIME -fprofile-arcs
UNRESOLVED: gcc.misc-tests/bprob-2.c compilation, -O3 -g -DPERFTIME -fbranch-probabilities
UNRESOLVED: gcc.misc-tests/bprob-2.c execution, -O3 -g -DPERFTIME -fbranch-probabilities
FAIL: gcc.misc-tests/bprob-2.c execution: file bprob-2.da does not exist, -Os -fprofile-arcs
UNRESOLVED: gcc.misc-tests/bprob-2.c compilation, -Os -fbranch-probabilities
UNRESOLVED: gcc.misc-tests/bprob-2.c execution, -Os -fbranch-probabilities
FAIL: gcc.misc-tests/gcov-1.c gcov failed: gcov-1.c.gcov does not exist
FAIL: gcc.misc-tests/gcov-2.c gcov failed: gcov-2.c.gcov does not exist
FAIL: gcc.misc-tests/gcov-3.c gcov failed: gcov-3.c.gcov does not exist
FAIL: gcc.misc-tests/gcov-4.c gcov failed: gcov-4.c.gcov does not exist
FAIL: gcc.misc-tests/gcov-4b.c gcov failed: gcov-4b.c.gcov does not exist
FAIL: gcc.misc-tests/gcov-5b.c gcov failed: gcov-5b.c.gcov does not exist
FAIL: gcc.misc-tests/gcov-6.c gcov failed: gcov-6.c.gcov does not exist
FAIL: gcc.misc-tests/gcov-7.c gcov failed: gcov-7.c.gcov does not exist
FAIL: gcc.misc-tests/gcov-8.c gcov failed: gcov-8.c.gcov does not exist
=== gcc Summary ===
# of expected passes 21469
# of unexpected failures 62
# of unexpected successes 4
# of expected failures 73
# of unresolved testcases 28
# of untested testcases 1
# of unsupported tests 166
/export/home/lucier/programs/gcc/objdir/gcc/xgcc version 3.4 20030123 (experimental)
=== g++ tests ===
Running target unix
FAIL: g++.dg/bprob/g++-bprob-1.C execution: file g++-bprob-1.da does not exist, -g -fprofile-arcs
UNRESOLVED: g++.dg/bprob/g++-bprob-1.C compilation, -g -fbranch-probabilities
UNRESOLVED: g++.dg/bprob/g++-bprob-1.C execution, -g -fbranch-probabilities
FAIL: g++.dg/bprob/g++-bprob-1.C execution: file g++-bprob-1.da does not exist, -O0 -fprofile-arcs
UNRESOLVED: g++.dg/bprob/g++-bprob-1.C compilation, -O0 -fbranch-probabilities
UNRESOLVED: g++.dg/bprob/g++-bprob-1.C execution, -O0 -fbranch-probabilities
FAIL: g++.dg/bprob/g++-bprob-1.C execution: file g++-bprob-1.da does not exist, -O1 -fprofile-arcs
UNRESOLVED: g++.dg/bprob/g++-bprob-1.C compilation, -O1 -fbranch-probabilities
UNRESOLVED: g++.dg/bprob/g++-bprob-1.C execution, -O1 -fbranch-probabilities
FAIL: g++.dg/bprob/g++-bprob-1.C execution: file g++-bprob-1.da does not exist, -O2 -fprofile-arcs
UNRESOLVED: g++.dg/bprob/g++-bprob-1.C compilation, -O2 -fbranch-probabilities
UNRESOLVED: g++.dg/bprob/g++-bprob-1.C execution, -O2 -fbranch-probabilities
FAIL: g++.dg/bprob/g++-bprob-1.C execution: file g++-bprob-1.da does not exist, -O3 -fprofile-arcs
UNRESOLVED: g++.dg/bprob/g++-bprob-1.C compilation, -O3 -fbranch-probabilities
UNRESOLVED: g++.dg/bprob/g++-bprob-1.C execution, -O3 -fbranch-probabilities
FAIL: g++.dg/bprob/g++-bprob-1.C execution: file g++-bprob-1.da does not exist, -O3 -g -fprofile-arcs
UNRESOLVED: g++.dg/bprob/g++-bprob-1.C compilation, -O3 -g -fbranch-probabilities
UNRESOLVED: g++.dg/bprob/g++-bprob-1.C execution, -O3 -g -fbranch-probabilities
FAIL: g++.dg/bprob/g++-bprob-1.C execution: file g++-bprob-1.da does not exist, -Os -fprofile-arcs
UNRESOLVED: g++.dg/bprob/g++-bprob-1.C compilation, -Os -fbranch-probabilities
UNRESOLVED: g++.dg/bprob/g++-bprob-1.C execution, -Os -fbranch-probabilities
FAIL: g++.dg/compat/eh/ctor1 x_tst.o-y_tst.o execute
FAIL: g++.dg/compat/eh/nrv1 x_tst.o-y_tst.o execute
FAIL: g++.dg/compat/eh/unexpected1 x_tst.o-y_tst.o execute
FAIL: g++.dg/compat/init/array5 x_tst.o-y_tst.o execute
FAIL: g++.dg/eh/ctor1.C execution test
FAIL: g++.dg/eh/unexpected1.C execution test
FAIL: g++.dg/init/array5.C execution test
FAIL: g++.dg/init/ctor1.C execution test
FAIL: g++.dg/opt/vtgc1.C scan-assembler-dem .vtable_inherit[ ]*vtable for Multivv3.*0
FAIL: g++.dg/opt/vtgc1.C scan-assembler-dem .vtable_inherit[ ]*VTT for Multivv3.*0
FAIL: g++.dg/opt/vtgc1.C scan-assembler-dem .vtable_inherit[ ]*vtable for Multiss2.*vtable for Base2
FAIL: g++.dg/opt/vtgc1.C scan-assembler-dem .vtable_inherit[ ]*vtable for Multivs1.*vtable for Base2
FAIL: g++.dg/opt/vtgc1.C scan-assembler-dem .vtable_inherit[ ]*VTT for Multivs1.*vtable for Base2
FAIL: g++.dg/opt/vtgc1.C scan-assembler-dem .vtable_inherit[ ]*vtable for Multisv0.*vtable for Side0
FAIL: g++.dg/opt/vtgc1.C scan-assembler-dem .vtable_inherit[ ]*VTT for Multisv0.*vtable for Side0
FAIL: g++.dg/opt/vtgc1.C scan-assembler-dem .vtable_inherit[ ]*vtable for Side0.*0
FAIL: g++.dg/opt/vtgc1.C scan-assembler-dem .vtable_inherit[ ]*vtable for VbasedA.*0
FAIL: g++.dg/opt/vtgc1.C scan-assembler-dem .vtable_inherit[ ]*VTT for VbasedA.*0
FAIL: g++.dg/opt/vtgc1.C scan-assembler-dem .vtable_inherit[ ]*vtable for Base2.*vtable for Base1
FAIL: g++.dg/opt/vtgc1.C scan-assembler-dem .vtable_inherit[ ]*vtable for Base1.*vtable for Base0
FAIL: g++.dg/opt/vtgc1.C scan-assembler-dem .vtable_inherit[ ]*vtable for Base0.*0
FAIL: g++.dg/parse/undefined1.C (test for excess errors)
FAIL: g++.dg/warn/Wunused-2.C (test for warnings, line 5)
FAIL: g++.dg/gcov/gcov-1.C gcov failed: gcov-1.C.gcov does not exist
FAIL: g++.dg/gcov/gcov-2.C gcov failed: gcov-2.C.gcov does not exist
FAIL: g++.dg/gcov/gcov-3.C gcov failed: gcov-3.C.gcov does not exist
FAIL: pch/system-1.C -g assembly comparison
FAIL: pch/system-1.C -O2 -g assembly comparison
FAIL: g++.eh/badalloc1.C Execution test
FAIL: g++.eh/spec2.C Execution test
FAIL: g++.eh/spec3.C Execution test
FAIL: g++.eh/vbase1.C Execution test
FAIL: g++.eh/vbase2.C Execution test
FAIL: g++.mike/eh16.C Execution test
FAIL: g++.mike/eh17.C Execution test
FAIL: g++.mike/eh33.C Execution test
FAIL: g++.mike/eh41.C Execution test
FAIL: g++.mike/eh50.C Execution test
FAIL: g++.mike/eh51.C Execution test
FAIL: g++.oliva/template1.C instantiated from here (test for errors, line 15)
FAIL: g++.other/vbase2.C Execution test
FAIL: g++.robertl/eh990323-1.C Execution test
FAIL: g++.robertl/eh990323-5.C Execution test
=== g++ Summary ===
# of expected passes 8123
# of unexpected failures 50
# of expected failures 70
# of unresolved testcases 14
# of untested testcases 22
# of unsupported tests 17
/export/home/lucier/programs/gcc/objdir/gcc/testsuite/../g++ version 3.4 20030123 (experimental)
=== objc tests ===
Running target unix
=== objc Summary ===
# of expected passes 1153
/export/home/lucier/programs/gcc/objdir/gcc/xgcc version 3.4 20030123 (experimental)
Compiler version: 3.4 20030123 (experimental)
Platform: alphaev6-unknown-linux-gnu
configure flags: --prefix=/usr/local/gcc-3.4 --disable-checking
Counting all warnings,
there are 41 warnings in stage3 of this bootstrap.
Number of warnings per file:
13 gtype-desc.c
6 gcc/crtstuff.c
5 gt-alpha.h
4 gtype-cp.h
2 lib/bison.simple
2 gcc/libgcc2.c
2 gcc/f/sta.c
1 insn-conditions.c
1 gt-varasm.h
1 gt-c-decl.h
1 gcc/varasm.c
1 gcc/java/jvspec.c
1 gcc/gcc.c
1 gcc/cp/decl.c
Number of warning types:
10 passing arg ??? of \`???' makes pointer from integer without a cast
8 comparison between pointer and integer
6 passing arg ??? of \`???' discards qualifiers from pointer target type
6 initialization from incompatible pointer type
3 string length \`???' is greater than the length \`???' ISO C89 compilers are required to support
2 \`???' might be used uninitialized in this function
2 dereferencing type-punned pointer will break strict-aliasing rules
2 \`???' defined but not used
2 comparison between signed and unsigned