This is the mail archive of the
gcc-testresults@gcc.gnu.org
mailing list for the GCC project.
Results for 3.4 20030121 (experimental) testsuite on i686-pc-linux-gnu
- From: Andrew Pinski <pinskia at physics dot uc dot edu>
- To: gcc-testresults at gcc dot gnu dot org
- Date: Tue, 21 Jan 2003 10:13:45 -0500
- Subject: Results for 3.4 20030121 (experimental) testsuite on i686-pc-linux-gnu
LAST_UPDATED: Tue Jan 21 07:00:41 UTC 2003
Native configuration is i686-pc-linux-gnu
=== g77 tests ===
Running target unix
=== g77 Summary ===
# of expected passes 1654
/home/gates/pinskia/src/gnu/gcc/src/objdir.linux/gcc/testsuite/../g77 version 3.4 20030121 (experimental)
=== gcc tests ===
Running target unix
FAIL: gcc.dg/duff-2.c (test for excess errors)
FAIL: gcc.dg/pch/inline-1.c (test for excess errors)
=== gcc Summary ===
# of expected passes 21848
# of unexpected failures 2
# of expected failures 69
# of untested testcases 1
# of unsupported tests 78
/home/gates/pinskia/src/gnu/gcc/src/objdir.linux/gcc/xgcc version 3.4 20030121 (experimental)
=== g++ tests ===
Running target unix
FAIL: g++.dg/warn/Wunused-2.C (test for warnings, line 5)
FAIL: pch/system-1.C -g assembly comparison
FAIL: pch/system-1.C -O2 -g assembly comparison
XPASS: g++.other/init5.C Execution test
=== g++ Summary ===
# of expected passes 8211
# of unexpected failures 3
# of unexpected successes 1
# of expected failures 70
# of untested testcases 9
# of unsupported tests 3
/home/gates/pinskia/src/gnu/gcc/src/objdir.linux/gcc/testsuite/../g++ version 3.4 20030121 (experimental)
=== objc tests ===
Running target unix
=== objc Summary ===
# of expected passes 1153
/home/gates/pinskia/src/gnu/gcc/src/objdir.linux/gcc/xgcc version 3.4 20030121 (experimental)
=== libjava tests ===
Running target unix
FAIL: PR1343 compilation from bytecode
FAIL: PR1343 -O compilation from bytecode
WARNING: program timed out.
FAIL: SyncTest execution - gij test
WARNING: program timed out.
FAIL: SyncTest execution - gij test
FAIL: pr8823 compilation from bytecode
FAIL: pr8823 -O compilation from bytecode
FAIL: Compile DejaGNUTestHarness.o
FAIL: Compile gnu/testlet/SimpleTestHarness.o
=== libjava Summary ===
# of expected passes 2922
# of unexpected failures 8
# of expected failures 14
# of untested testcases 14
=== libstdc++-v3 tests ===
Running target unix
XPASS: 22_locale/ctype_is_wchar_t.cc execution test
FAIL: 24_iterators/iterator.cc execution test
FAIL: 26_numerics/c99_classification_macros_c.cc (test for excess errors)
=== libstdc++-v3 Summary ===
# of expected passes 438
# of unexpected failures 2
# of unexpected successes 1
# of expected failures 26
Compiler version: 3.4 20030121 (experimental)
Platform: i686-pc-linux-gnu
configure flags: --target=i686-pc-linux-gnu --enable-__cxa_atexit --prefix=/home/gates/pinskia/linux --enable-threads=posix --enable-shared