This is the mail archive of the
gcc-testresults@gcc.gnu.org
mailing list for the GCC project.
Results for 3.3 20030120 (prerelease) testsuite on i686-pc-cygwin
- From: Tim Prince <timothyprince at sbcglobal dot net>
- To: gcc-testresults at gcc dot gnu dot org
- Date: Tue, 21 Jan 2003 05:43:17 -0800
- Subject: Results for 3.3 20030120 (prerelease) testsuite on i686-pc-cygwin
- Reply-to: tprince at computer dot org
Native configuration is i686-pc-cygwin
=== g++ tests ===
Running target unix
FAIL: g++.dg/abi/rtti1.C scan-assembler-dem-not \\ntypeinfo for A[: \\t\\n]
FAIL: g++.dg/ext/instantiate3.C scan-assembler-not
FAIL: g++.dg/opt/vt1.C scan-assembler-not section[^
WARNING: program timed out.
FAIL: g++.dg/parse/stack1.C (test for excess errors)
FAIL: g++.dg/warn/Wunused-2.C (test for warnings, line 5)
FAIL: g++.dg/special/initp1.C execution test
FAIL: g++.eh/badalloc1.C Execution test
XPASS: g++.ext/attrib5.C Execution test
XPASS: g++.jason/template18.C Execution test
FAIL: g++.law/profile1.C (test for excess errors)
=== g++ Summary ===
# of expected passes 7881
# of unexpected failures 8
# of unexpected successes 2
# of expected failures 93
# of untested testcases 15
# of unsupported tests 3
/cygdrive/c/gcc-20020930/w2k/gcc/testsuite/../g++ version 3.3 20030120
(prerelease)
=== g77 tests ===
Running target unix
=== g77 Summary ===
# of expected passes 1654
/cygdrive/c/gcc-20020930/w2k/gcc/testsuite/../g77 version 3.3 20030120
(prerelease)
=== gcc tests ===
Running target unix
FAIL: gcc.dg/20021014-1.c (test for excess errors)
WARNING: gcc.dg/20021014-1.c compilation failed to produce executable
FAIL: gcc.dg/duff-2.c (test for excess errors)
FAIL: gcc.dg/nest.c (test for excess errors)
WARNING: gcc.dg/nest.c compilation failed to produce executable
=== gcc Summary ===
# of expected passes 21165
# of unexpected failures 3
# of expected failures 68
# of unsupported tests 80
/cygdrive/c/gcc-20020930/w2k/gcc/xgcc version 3.3 20030120 (prerelease)
=== objc tests ===
Running target unix
=== objc Summary ===
# of expected passes 1153
/cygdrive/c/gcc-20020930/w2k/gcc/xgcc version 3.3 20030120 (prerelease)
=== libstdc++-v3 tests ===
Running target unix
FAIL: 23_containers/deque_ctor.cc (test for excess errors)
WARNING: 23_containers/deque_ctor.cc compilation failed to produce executable
FAIL: 26_numerics/c99_classification_macros_c.cc (test for excess errors)
FAIL: 27_io/filebuf_members.cc execution test
FAIL: 27_io/istream_extractor_arith/12.cc execution test
FAIL: 27_io/istream_seeks.cc (test for excess errors)
WARNING: 27_io/istream_seeks.cc compilation failed to produce executable
=== libstdc++-v3 Summary ===
# of expected passes 409
# of unexpected failures 5
# of expected failures 17
Compiler version: 3.3 20030120 (prerelease)
Platform: i686-pc-cygwin
configure flags: --host=i686-pc-cygwin --enable-threads=posix
--disable-shared --enable-sjlj-exceptions
--
Tim Prince